/home/khidmana/access-logs/alkhidmahnaturalcare.com.khidmanaturalcare.com
216.244.66.239 - - [30/Nov/2025:12:04:54 +0000] "GET /shop/?filter_cat=116%2C112%2C121%2C122&add-to-cart=10157&filter_campaign=51 HTTP/1.1" 404 13712 "-" "Mozilla/5.0 (compatible; DotBot/1.2; +https://opensiteexplorer.org/dotbot; help@moz.com)"
216.244.66.239 - - [30/Nov/2025:12:04:55 +0000] "GET /shop/?filter_cat=121%2C122%2C116%2C117%2C115&add-to-cart=10669&per_page=12 HTTP/1.1" 404 13698 "-" "Mozilla/5.0 (compatible; DotBot/1.2; +https://opensiteexplorer.org/dotbot; help@moz.com)"
216.244.66.239 - - [30/Nov/2025:12:06:17 +0000] "GET /shop/page/13/?filter_cat=121%2C114%2C15%2C116%2C122 HTTP/1.1" 404 13712 "-" "Mozilla/5.0 (compatible; DotBot/1.2; +https://opensiteexplorer.org/dotbot; help@moz.com)"
216.244.66.239 - - [30/Nov/2025:12:06:18 +0000] "GET /shop/page/4/?filter_cat=121%2C114%2C15%2C116%2C122 HTTP/1.1" 404 13712 "-" "Mozilla/5.0 (compatible; DotBot/1.2; +https://opensiteexplorer.org/dotbot; help@moz.com)"
157.230.20.104 - - [30/Nov/2025:12:10:45 +0000] "GET / HTTP/1.1" 200 12150 "-" "-"
157.230.20.104 - - [30/Nov/2025:12:10:45 +0000] "GET / HTTP/1.1" 200 12169 "-" "-"
157.230.20.104 - - [30/Nov/2025:12:10:46 +0000] "GET /wp-admin/install.php HTTP/1.1" 200 520 "-" "-"
157.230.20.104 - - [30/Nov/2025:12:10:46 +0000] "GET /wp-admin/install.php HTTP/1.1" 200 520 "-" "-"
157.230.20.104 - - [30/Nov/2025:12:10:47 +0000] "GET /wp-admin/setup-config.php HTTP/1.1" 409 1213 "-" "-"
157.230.20.104 - - [30/Nov/2025:12:10:47 +0000] "GET /wp-admin/setup-config.php HTTP/1.1" 409 1213 "-" "-"
43.157.147.3 - - [30/Nov/2025:12:22:12 +0000] "GET / HTTP/1.1" 301 0 "-" "Mozilla/5.0 (iPhone; CPU iPhone OS 13_2_3 like Mac OS X) AppleWebKit/605.1.15 (KHTML, like Gecko) Version/13.0.3 Mobile/15E148 Safari/604.1"
216.244.66.239 - - [30/Nov/2025:12:37:18 +0000] "GET /robots.txt HTTP/1.1" 200 146 "-" "Mozilla/5.0 (compatible; DotBot/1.2; +https://opensiteexplorer.org/dotbot; help@moz.com)"
184.154.139.41 - - [30/Nov/2025:12:39:53 +0000] "GET / HTTP/1.1" 500 1194 "http://www.google.com/url?url=alkhidmahnaturalcare.com&yahoo.com" "Mozilla/5.0 (compatible; MSIE 9.0; Windows NT 6.1; WOW64; Trident/6.0)"
184.154.139.41 - - [30/Nov/2025:12:40:03 +0000] "GET /th1s_1s_a_4o4.html HTTP/1.1" 404 24978 "http://www.google.com/url?url=alkhidmahnaturalcare.com&yahoo.com" "Mozilla/5.0 (compatible; MSIE 9.0; Windows NT 6.1; WOW64; Trident/6.0)"
184.154.139.41 - - [30/Nov/2025:12:40:20 +0000] "GET //wp-content/plugins/woocommerce/readme.txt HTTP/1.1" 200 6648 "-" "SiteLockSpider [en] (WinNT; I ;Nav)"
184.154.139.41 - - [30/Nov/2025:12:40:20 +0000] "GET //wp-content/plugins/elementor-pro/changelog.txt HTTP/1.1" 200 48426 "-" "SiteLockSpider [en] (WinNT; I ;Nav)"
184.154.139.41 - - [30/Nov/2025:12:40:21 +0000] "GET //wp-content/plugins/revslider/release_log.txt HTTP/1.1" 301 0 "-" "SiteLockSpider [en] (WinNT; I ;Nav)"
184.154.139.41 - - [30/Nov/2025:12:40:21 +0000] "GET //wp-content/plugins/elementor/readme.txt HTTP/1.1" 200 10122 "-" "SiteLockSpider [en] (WinNT; I ;Nav)"
184.154.139.41 - - [30/Nov/2025:12:40:22 +0000] "GET //wp-content/plugins/wp-file-manager/readme.txt HTTP/1.1" 301 0 "-" "SiteLockSpider [en] (WinNT; I ;Nav)"
157.66.56.202 - - [30/Nov/2025:12:45:36 +0000] "GET /sftp-config.json HTTP/1.1" 404 24979 "-" "Mozilla/5.0 (Macintosh; Intel Mac OS X 10.15; rv:77.0) Gecko/20100101 Firefox/77.0"
157.66.56.202 - - [30/Nov/2025:12:45:44 +0000] "GET /.vscode/sftp.json HTTP/1.1" 404 24982 "-" "Mozilla/5.0 (Macintosh; Intel Mac OS X 10.15; rv:77.0) Gecko/20100101 Firefox/77.0"
216.244.66.239 - - [30/Nov/2025:12:46:28 +0000] "GET /shop/?filter_cat=112,113&per_page=18 HTTP/1.1" 200 39386 "-" "Mozilla/5.0 (compatible; DotBot/1.2; +https://opensiteexplorer.org/dotbot; help@moz.com)"
107.181.234.74 - - [30/Nov/2025:12:46:34 +0000] "POST /wp-cron.php?doing_wp_cron=1764506794.5139219760894775390625 HTTP/1.1" 200 0 "-" "WordPress/6.8.3; https://alkhidmahnaturalcare.com"
216.244.66.239 - - [30/Nov/2025:12:46:33 +0000] "GET /shop/?filter_cat=112,114,121,117,116,113 HTTP/1.1" 200 36962 "-" "Mozilla/5.0 (compatible; DotBot/1.2; +https://opensiteexplorer.org/dotbot; help@moz.com)"
216.244.66.239 - - [30/Nov/2025:12:46:43 +0000] "GET /shop/?filter_cat=112%2C114%2C115%2C117&column=2 HTTP/1.1" 200 36730 "-" "Mozilla/5.0 (compatible; DotBot/1.2; +https://opensiteexplorer.org/dotbot; help@moz.com)"
216.244.66.239 - - [30/Nov/2025:12:46:46 +0000] "GET /shop/?filter_cat=113%2C117%2C122%2C112&column=5 HTTP/1.1" 200 37017 "-" "Mozilla/5.0 (compatible; DotBot/1.2; +https://opensiteexplorer.org/dotbot; help@moz.com)"
216.244.66.239 - - [30/Nov/2025:12:46:49 +0000] "GET /shop/?filter_cat=116%2C112%2C115%2C122&column=1 HTTP/1.1" 500 1194 "-" "Mozilla/5.0 (compatible; DotBot/1.2; +https://opensiteexplorer.org/dotbot; help@moz.com)"
216.244.66.239 - - [30/Nov/2025:12:46:55 +0000] "GET /shop/?filter_cat=122%2C112%2C121%2C115&column=5 HTTP/1.1" 200 36875 "-" "Mozilla/5.0 (compatible; DotBot/1.2; +https://opensiteexplorer.org/dotbot; help@moz.com)"
216.244.66.239 - - [30/Nov/2025:12:47:00 +0000] "GET /shop/?filter_cat=122%2C117%2C15%2C115&per_page=12 HTTP/1.1" 200 36684 "-" "Mozilla/5.0 (compatible; DotBot/1.2; +https://opensiteexplorer.org/dotbot; help@moz.com)"
216.244.66.239 - - [30/Nov/2025:12:47:05 +0000] "GET /shop/?filter_cat=116%2C117%2C115%2C112%2C114&column=3 HTTP/1.1" 500 1194 "-" "Mozilla/5.0 (compatible; DotBot/1.2; +https://opensiteexplorer.org/dotbot; help@moz.com)"
216.244.66.239 - - [30/Nov/2025:12:47:21 +0000] "GET /cart/?remove_item=cadc4583c983c78f9cb03ec0a7ddaf1f&_wpnonce=ccbe9d0ded HTTP/1.1" 200 48726 "-" "Mozilla/5.0 (compatible; DotBot/1.2; +https://opensiteexplorer.org/dotbot; help@moz.com)"
216.244.66.239 - - [30/Nov/2025:12:49:59 +0000] "GET /shop/page/4/?filter_cat=116%2C112%2C115%2C122 HTTP/1.1" 200 34195 "-" "Mozilla/5.0 (compatible; DotBot/1.2; +https://opensiteexplorer.org/dotbot; help@moz.com)"
216.244.66.239 - - [30/Nov/2025:12:50:44 +0000] "GET /shop/page/23/?filter_cat=15%2C122%2C116%2C117%2C115 HTTP/1.1" 404 24995 "-" "Mozilla/5.0 (compatible; DotBot/1.2; +https://opensiteexplorer.org/dotbot; help@moz.com)"
216.244.66.239 - - [30/Nov/2025:12:50:49 +0000] "GET /shop/page/3/?filter_cat=121%2C122%2C115%2C112%2C113 HTTP/1.1" 200 36336 "-" "Mozilla/5.0 (compatible; DotBot/1.2; +https://opensiteexplorer.org/dotbot; help@moz.com)"
104.236.242.93 - - [30/Nov/2025:13:09:44 +0000] "GET /.git/config HTTP/1.1" 403 1242 "-" "Mozilla/5.0 (X11; Linux x86_64) AppleWebKit/537.36 (KHTML, like Gecko) Chrome/81.0.4044.129 Safari/537.36"
107.181.234.74 - - [30/Nov/2025:13:21:33 +0000] "POST /wp-cron.php?doing_wp_cron=1764508893.6921389102935791015625 HTTP/1.1" 200 0 "-" "WordPress/6.8.3; https://alkhidmahnaturalcare.com"
216.244.66.239 - - [30/Nov/2025:13:21:32 +0000] "GET /robots.txt HTTP/1.1" 200 146 "-" "Mozilla/5.0 (compatible; DotBot/1.2; +https://opensiteexplorer.org/dotbot; help@moz.com)"
216.244.66.239 - - [30/Nov/2025:13:30:10 +0000] "GET /shop/?filter_cat=121,113,122,116,15 HTTP/1.1" 200 36924 "-" "Mozilla/5.0 (compatible; DotBot/1.2; +https://opensiteexplorer.org/dotbot; help@moz.com)"
216.244.66.239 - - [30/Nov/2025:13:30:15 +0000] "GET /shop/?filter_cat=112,115,122,114,121 HTTP/1.1" 200 36707 "-" "Mozilla/5.0 (compatible; DotBot/1.2; +https://opensiteexplorer.org/dotbot; help@moz.com)"
216.244.66.239 - - [30/Nov/2025:13:30:22 +0000] "GET /shop/?filter_cat=114,112,113,15,121,117 HTTP/1.1" 200 36892 "-" "Mozilla/5.0 (compatible; DotBot/1.2; +https://opensiteexplorer.org/dotbot; help@moz.com)"
107.181.234.74 - - [30/Nov/2025:13:30:31 +0000] "POST /wp-cron.php?doing_wp_cron=1764509431.8858718872070312500000 HTTP/1.1" 200 0 "-" "WordPress/6.8.3; https://alkhidmahnaturalcare.com"
216.244.66.239 - - [30/Nov/2025:13:30:31 +0000] "GET /shop/?filter_cat=112%2C115%2C121%2C114&per_page=12 HTTP/1.1" 200 36887 "-" "Mozilla/5.0 (compatible; DotBot/1.2; +https://opensiteexplorer.org/dotbot; help@moz.com)"
216.244.66.239 - - [30/Nov/2025:13:30:35 +0000] "GET /shop/?filter_cat=115%2C117%2C121%2C114&per_page=12 HTTP/1.1" 200 36783 "-" "Mozilla/5.0 (compatible; DotBot/1.2; +https://opensiteexplorer.org/dotbot; help@moz.com)"
216.244.66.239 - - [30/Nov/2025:13:30:38 +0000] "GET /shop/?filter_cat=116,121,15,112,115&per_page=18 HTTP/1.1" 200 39484 "-" "Mozilla/5.0 (compatible; DotBot/1.2; +https://opensiteexplorer.org/dotbot; help@moz.com)"
216.244.66.239 - - [30/Nov/2025:13:30:40 +0000] "GET /shop/?filter_cat=116,122,121,114&per_page=18 HTTP/1.1" 200 39736 "-" "Mozilla/5.0 (compatible; DotBot/1.2; +https://opensiteexplorer.org/dotbot; help@moz.com)"
216.244.66.239 - - [30/Nov/2025:13:30:43 +0000] "GET /shop/?filter_cat=122%2C112%2C121%2C115&column=3 HTTP/1.1" 500 1194 "-" "Mozilla/5.0 (compatible; DotBot/1.2; +https://opensiteexplorer.org/dotbot; help@moz.com)"
216.244.66.239 - - [30/Nov/2025:13:30:46 +0000] "GET /shop/?filter_cat=15%2C112%2C115%2C122&column=3 HTTP/1.1" 500 1194 "-" "Mozilla/5.0 (compatible; DotBot/1.2; +https://opensiteexplorer.org/dotbot; help@moz.com)"
216.244.66.239 - - [30/Nov/2025:13:30:52 +0000] "GET /shop/?filter_cat=112%2C122%2C113%2C117%2C121&per_page=24 HTTP/1.1" 500 1194 "-" "Mozilla/5.0 (compatible; DotBot/1.2; +https://opensiteexplorer.org/dotbot; help@moz.com)"
216.244.66.239 - - [30/Nov/2025:13:31:04 +0000] "GET /shop/?filter_cat=113%2C117%2C122%2C112&filter_campaign=50 HTTP/1.1" 200 36710 "-" "Mozilla/5.0 (compatible; DotBot/1.2; +https://opensiteexplorer.org/dotbot; help@moz.com)"
216.244.66.239 - - [30/Nov/2025:13:31:15 +0000] "GET /shop/?filter_cat=115%2C122%2C114%2C121&filter_campaign=50 HTTP/1.1" 200 36729 "-" "Mozilla/5.0 (compatible; DotBot/1.2; +https://opensiteexplorer.org/dotbot; help@moz.com)"
216.244.66.239 - - [30/Nov/2025:13:31:26 +0000] "GET /shop/?filter_cat=121%2C115%2C117%2C113%2C114&column=3 HTTP/1.1" 200 36914 "-" "Mozilla/5.0 (compatible; DotBot/1.2; +https://opensiteexplorer.org/dotbot; help@moz.com)"
216.244.66.239 - - [30/Nov/2025:13:31:36 +0000] "GET /shop/?filter_cat=121%2C122%2C15%2C115%2C113&column=1 HTTP/1.1" 200 36988 "-" "Mozilla/5.0 (compatible; DotBot/1.2; +https://opensiteexplorer.org/dotbot; help@moz.com)"
216.244.66.239 - - [30/Nov/2025:13:31:45 +0000] "GET /shop/?filter_cat=15%2C114%2C121%2C117%2C122&per_page=12 HTTP/1.1" 200 36920 "-" "Mozilla/5.0 (compatible; DotBot/1.2; +https://opensiteexplorer.org/dotbot; help@moz.com)"
216.244.66.239 - - [30/Nov/2025:13:31:52 +0000] "GET /shop/?filter_cat=115%2C114%2C15%2C116%2C122&filter_campaign=51 HTTP/1.1" 500 1194 "-" "Mozilla/5.0 (compatible; DotBot/1.2; +https://opensiteexplorer.org/dotbot; help@moz.com)"
216.244.66.239 - - [30/Nov/2025:13:32:54 +0000] "GET /shop/?filter_cat=113%2C122%2C114&per_page=18&filter_campaign=50 HTTP/1.1" 200 39597 "-" "Mozilla/5.0 (compatible; DotBot/1.2; +https://opensiteexplorer.org/dotbot; help@moz.com)"
107.181.234.74 - - [30/Nov/2025:13:33:35 +0000] "POST /wp-cron.php?doing_wp_cron=1764509615.1009159088134765625000 HTTP/1.1" 200 0 "-" "WordPress/6.8.3; https://alkhidmahnaturalcare.com"
216.244.66.239 - - [30/Nov/2025:13:33:34 +0000] "GET /shop/page/2/?filter_cat=112%2C114%2C117%2C122 HTTP/1.1" 200 36919 "-" "Mozilla/5.0 (compatible; DotBot/1.2; +https://opensiteexplorer.org/dotbot; help@moz.com)"
216.244.66.239 - - [30/Nov/2025:13:33:47 +0000] "GET /shop/page/3/?filter_cat=122%2C113%2C121%2C114 HTTP/1.1" 200 36426 "-" "Mozilla/5.0 (compatible; DotBot/1.2; +https://opensiteexplorer.org/dotbot; help@moz.com)"
216.244.66.239 - - [30/Nov/2025:13:34:13 +0000] "GET /shop/page/13/?filter_cat=121%2C122%2C15%2C115%2C113 HTTP/1.1" 404 24994 "-" "Mozilla/5.0 (compatible; DotBot/1.2; +https://opensiteexplorer.org/dotbot; help@moz.com)"
216.244.66.239 - - [30/Nov/2025:13:34:23 +0000] "GET /shop/page/2/?filter_cat=117%2C122%2C121%2C113%2C112 HTTP/1.1" 200 36954 "-" "Mozilla/5.0 (compatible; DotBot/1.2; +https://opensiteexplorer.org/dotbot; help@moz.com)"
216.244.66.239 - - [30/Nov/2025:13:34:33 +0000] "GET /shop/page/4/?filter_cat=122%2C113%2C15%2C121%2C117 HTTP/1.1" 200 34114 "-" "Mozilla/5.0 (compatible; DotBot/1.2; +https://opensiteexplorer.org/dotbot; help@moz.com)"
138.199.10.24 - - [30/Nov/2025:13:49:51 +0000] "GET / HTTP/1.1" 301 0 "-" "Mozilla/5.0 (Windows NT 10.0; Win64; x64) AppleWebKit/537.36 (KHTML, like Gecko) Chrome/95.0.4638.69 Safari/537.36"
216.244.66.239 - - [30/Nov/2025:14:17:49 +0000] "GET /shop/page/3/?filter_cat=117%2C114%2C116%2C15&per_page=18 HTTP/1.1" 200 34347 "-" "Mozilla/5.0 (compatible; DotBot/1.2; +https://opensiteexplorer.org/dotbot; help@moz.com)"
41.249.166.141 - - [30/Nov/2025:14:01:53 +0000] "GET /wp-json/wp/v2/posts HTTP/1.1" 200 59781 "-" "Mozilla/5.0 (Windows NT 10.0; Win64; x64) AppleWebKit/537.36 (KHTML, like Gecko) Chrome/120.0.0.0 Safari/537.36"
107.181.234.74 - - [30/Nov/2025:14:09:37 +0000] "POST /wp-cron.php?doing_wp_cron=1764511777.3484210968017578125000 HTTP/1.1" 200 0 "-" "WordPress/6.8.3; https://alkhidmahnaturalcare.com"
45.148.10.244 - - [30/Nov/2025:14:09:35 +0000] "GET / HTTP/1.1" 301 0 "-" "-"
216.244.66.239 - - [30/Nov/2025:14:13:15 +0000] "GET /class.php HTTP/1.1" 404 24968 "-" "Mozilla/5.0 (compatible; DotBot/1.2; +https://opensiteexplorer.org/dotbot; help@moz.com)"
216.244.66.239 - - [30/Nov/2025:14:15:22 +0000] "GET /shop/?filter_cat=112%2C116%2C121%2C114&per_page=9 HTTP/1.1" 200 35016 "-" "Mozilla/5.0 (compatible; DotBot/1.2; +https://opensiteexplorer.org/dotbot; help@moz.com)"
216.244.66.239 - - [30/Nov/2025:14:15:27 +0000] "GET /shop/?filter_cat=113%2C15%2C115%2C116&per_page=24 HTTP/1.1" 200 43150 "-" "Mozilla/5.0 (compatible; DotBot/1.2; +https://opensiteexplorer.org/dotbot; help@moz.com)"
107.181.234.74 - - [30/Nov/2025:14:15:31 +0000] "POST /wp-cron.php?doing_wp_cron=1764512131.6494569778442382812500 HTTP/1.1" 200 0 "-" "WordPress/6.8.3; https://alkhidmahnaturalcare.com"
216.244.66.239 - - [30/Nov/2025:14:15:31 +0000] "GET /shop/?filter_cat=116%2C112%2C115%2C122&column=4 HTTP/1.1" 200 37029 "-" "Mozilla/5.0 (compatible; DotBot/1.2; +https://opensiteexplorer.org/dotbot; help@moz.com)"
216.244.66.239 - - [30/Nov/2025:14:15:34 +0000] "GET /shop/?filter_cat=116%2C112%2C122%2C15&column=3 HTTP/1.1" 200 36880 "-" "Mozilla/5.0 (compatible; DotBot/1.2; +https://opensiteexplorer.org/dotbot; help@moz.com)"
216.244.66.239 - - [30/Nov/2025:14:15:37 +0000] "GET /shop/?filter_cat=114%2C113%2C15%2C121%2C117&per_page=12 HTTP/1.1" 500 1194 "-" "Mozilla/5.0 (compatible; DotBot/1.2; +https://opensiteexplorer.org/dotbot; help@moz.com)"
216.244.66.239 - - [30/Nov/2025:14:15:41 +0000] "GET /shop/?filter_cat=114%2C122%2C121%2C113%2C112&column=2 HTTP/1.1" 200 36971 "-" "Mozilla/5.0 (compatible; DotBot/1.2; +https://opensiteexplorer.org/dotbot; help@moz.com)"
216.244.66.239 - - [30/Nov/2025:14:15:46 +0000] "GET /shop/?filter_cat=114%2C122%2C121%2C117%2C15&column=5 HTTP/1.1" 200 36890 "-" "Mozilla/5.0 (compatible; DotBot/1.2; +https://opensiteexplorer.org/dotbot; help@moz.com)"
216.244.66.239 - - [30/Nov/2025:14:15:51 +0000] "GET /shop/?filter_cat=116%2C122%2C121%2C113%2C112&per_page=9 HTTP/1.1" 200 35220 "-" "Mozilla/5.0 (compatible; DotBot/1.2; +https://opensiteexplorer.org/dotbot; help@moz.com)"
216.244.66.239 - - [30/Nov/2025:14:15:54 +0000] "GET /shop/?filter_cat=113%2C116%2C122%2C15%2C112&filter_campaign=51 HTTP/1.1" 500 1194 "-" "Mozilla/5.0 (compatible; DotBot/1.2; +https://opensiteexplorer.org/dotbot; help@moz.com)"
216.244.66.239 - - [30/Nov/2025:14:15:59 +0000] "GET /shop/?filter_cat=114%2C113%2C15%2C121%2C117&filter_campaign=50 HTTP/1.1" 200 36883 "-" "Mozilla/5.0 (compatible; DotBot/1.2; +https://opensiteexplorer.org/dotbot; help@moz.com)"
216.244.66.239 - - [30/Nov/2025:14:16:04 +0000] "GET /shop/?filter_cat=122%2C121%2C15%2C115%2C113%2C116&per_page=9 HTTP/1.1" 500 1194 "-" "Mozilla/5.0 (compatible; DotBot/1.2; +https://opensiteexplorer.org/dotbot; help@moz.com)"
216.244.66.239 - - [30/Nov/2025:14:18:32 +0000] "GET /shop/page/23/?filter_cat=15%2C122%2C116%2C112 HTTP/1.1" 404 24993 "-" "Mozilla/5.0 (compatible; DotBot/1.2; +https://opensiteexplorer.org/dotbot; help@moz.com)"
216.244.66.239 - - [30/Nov/2025:14:19:07 +0000] "GET /shop/page/18/?filter_cat=122%2C116%2C121%2C113 HTTP/1.1" 404 24993 "-" "Mozilla/5.0 (compatible; DotBot/1.2; +https://opensiteexplorer.org/dotbot; help@moz.com)"
216.244.66.239 - - [30/Nov/2025:14:19:13 +0000] "GET /shop/page/2/?filter_cat=117%2C112%2C121%2C115 HTTP/1.1" 200 36744 "-" "Mozilla/5.0 (compatible; DotBot/1.2; +https://opensiteexplorer.org/dotbot; help@moz.com)"
216.244.66.239 - - [30/Nov/2025:14:19:18 +0000] "GET /shop/page/4/?filter_cat=114%2C112%2C115%2C122 HTTP/1.1" 500 1194 "-" "Mozilla/5.0 (compatible; DotBot/1.2; +https://opensiteexplorer.org/dotbot; help@moz.com)"
216.244.66.239 - - [30/Nov/2025:14:19:54 +0000] "GET /shop/page/22/?filter_cat=114%2C116%2C122%2C15%2C112 HTTP/1.1" 404 24996 "-" "Mozilla/5.0 (compatible; DotBot/1.2; +https://opensiteexplorer.org/dotbot; help@moz.com)"
216.244.66.239 - - [30/Nov/2025:14:20:03 +0000] "GET /shop/page/23/?filter_cat=115%2C116%2C122%2C15%2C112 HTTP/1.1" 404 24995 "-" "Mozilla/5.0 (compatible; DotBot/1.2; +https://opensiteexplorer.org/dotbot; help@moz.com)"
216.244.66.239 - - [30/Nov/2025:14:50:08 +0000] "GET /robots.txt HTTP/1.1" 200 146 "-" "Mozilla/5.0 (compatible; DotBot/1.2; +https://opensiteexplorer.org/dotbot; help@moz.com)"
66.249.70.162 - - [30/Nov/2025:14:51:43 +0000] "GET /a4933233 HTTP/1.1" 404 24971 "-" "Mozilla/5.0 (Linux; Android 6.0.1; Nexus 5X Build/MMB29P) AppleWebKit/537.36 (KHTML, like Gecko) Chrome/141.0.7390.122 Mobile Safari/537.36 (compatible; Googlebot/2.1; +http://www.google.com/bot.html)"
216.244.66.239 - - [30/Nov/2025:14:58:58 +0000] "GET /shop/?filter_cat=116,15,112,115,122 HTTP/1.1" 200 37007 "-" "Mozilla/5.0 (compatible; DotBot/1.2; +https://opensiteexplorer.org/dotbot; help@moz.com)"
216.244.66.239 - - [30/Nov/2025:14:59:04 +0000] "GET /shop/?filter_cat=116,112,114,115,117 HTTP/1.1" 200 36928 "-" "Mozilla/5.0 (compatible; DotBot/1.2; +https://opensiteexplorer.org/dotbot; help@moz.com)"
216.244.66.239 - - [30/Nov/2025:14:59:16 +0000] "GET /shop/?filter_cat=112,115,114,15,116,122 HTTP/1.1" 200 36717 "-" "Mozilla/5.0 (compatible; DotBot/1.2; +https://opensiteexplorer.org/dotbot; help@moz.com)"
216.244.66.239 - - [30/Nov/2025:14:59:20 +0000] "GET /shop/?filter_cat=117,121,115,15,113,122 HTTP/1.1" 200 36890 "-" "Mozilla/5.0 (compatible; DotBot/1.2; +https://opensiteexplorer.org/dotbot; help@moz.com)"
216.244.66.239 - - [30/Nov/2025:14:59:26 +0000] "GET /shop/?filter_cat=121,113,112,15,117&per_page=9 HTTP/1.1" 200 35045 "-" "Mozilla/5.0 (compatible; DotBot/1.2; +https://opensiteexplorer.org/dotbot; help@moz.com)"
216.244.66.239 - - [30/Nov/2025:14:59:29 +0000] "GET /shop/?filter_cat=122,113,112,15,117&per_page=18 HTTP/1.1" 200 39478 "-" "Mozilla/5.0 (compatible; DotBot/1.2; +https://opensiteexplorer.org/dotbot; help@moz.com)"
216.244.66.239 - - [30/Nov/2025:14:59:31 +0000] "GET /shop/?filter_cat=122,113,112,15,117&per_page=24 HTTP/1.1" 500 1194 "-" "Mozilla/5.0 (compatible; DotBot/1.2; +https://opensiteexplorer.org/dotbot; help@moz.com)"
216.244.66.239 - - [30/Nov/2025:14:59:38 +0000] "GET /shop/?filter_cat=114%2C113%2C15%2C121%2C117&column=3 HTTP/1.1" 200 36906 "-" "Mozilla/5.0 (compatible; DotBot/1.2; +https://opensiteexplorer.org/dotbot; help@moz.com)"
216.244.66.239 - - [30/Nov/2025:14:59:42 +0000] "GET /shop/?filter_cat=114%2C121%2C117%2C116%2C113&column=2 HTTP/1.1" 200 36994 "-" "Mozilla/5.0 (compatible; DotBot/1.2; +https://opensiteexplorer.org/dotbot; help@moz.com)"
216.244.66.239 - - [30/Nov/2025:14:59:45 +0000] "GET /shop/?filter_cat=117%2C114%2C122%2C116%2C115&per_page=12 HTTP/1.1" 500 1194 "-" "Mozilla/5.0 (compatible; DotBot/1.2; +https://opensiteexplorer.org/dotbot; help@moz.com)"
216.244.66.239 - - [30/Nov/2025:14:59:56 +0000] "GET /shop/?filter_cat=114%2C113%2C15%2C121%2C117&filter_campaign=51 HTTP/1.1" 200 37007 "-" "Mozilla/5.0 (compatible; DotBot/1.2; +https://opensiteexplorer.org/dotbot; help@moz.com)"
216.244.66.239 - - [30/Nov/2025:15:02:02 +0000] "GET /shop/?filter_cat=112%2C116%2C117&per_page=18&column=2 HTTP/1.1" 200 39677 "-" "Mozilla/5.0 (compatible; DotBot/1.2; +https://opensiteexplorer.org/dotbot; help@moz.com)"
216.244.66.239 - - [30/Nov/2025:15:02:06 +0000] "GET /shop/page/7/?filter_cat=115%2C117%2C112 HTTP/1.1" 404 24989 "-" "Mozilla/5.0 (compatible; DotBot/1.2; +https://opensiteexplorer.org/dotbot; help@moz.com)"
216.244.66.239 - - [30/Nov/2025:15:02:54 +0000] "GET /shop/page/17/?filter_cat=113%2C122%2C116%2C15 HTTP/1.1" 404 24993 "-" "Mozilla/5.0 (compatible; DotBot/1.2; +https://opensiteexplorer.org/dotbot; help@moz.com)"
216.244.66.239 - - [30/Nov/2025:15:03:25 +0000] "GET /shop/page/17/?filter_cat=122%2C116%2C121%2C113 HTTP/1.1" 404 24993 "-" "Mozilla/5.0 (compatible; DotBot/1.2; +https://opensiteexplorer.org/dotbot; help@moz.com)"
107.181.234.74 - - [30/Nov/2025:15:04:47 +0000] "POST /wp-cron.php?doing_wp_cron=1764515087.3812580108642578125000 HTTP/1.1" 200 0 "-" "WordPress/6.8.3; https://alkhidmahnaturalcare.com"
216.244.66.239 - - [30/Nov/2025:15:04:46 +0000] "GET /shop/page/3/?filter_cat=117%2C114%2C122%2C116%2C115 HTTP/1.1" 200 36300 "-" "Mozilla/5.0 (compatible; DotBot/1.2; +https://opensiteexplorer.org/dotbot; help@moz.com)"
107.181.234.74 - - [30/Nov/2025:15:25:34 +0000] "POST /wp-cron.php?doing_wp_cron=1764516334.8760280609130859375000 HTTP/1.1" 200 0 "-" "WordPress/6.8.3; https://alkhidmahnaturalcare.com"
162.142.125.212 - - [30/Nov/2025:15:25:34 +0000] "GET / HTTP/1.1" 301 0 "-" "Mozilla/5.0 (compatible; CensysInspect/1.1; +https://about.censys.io/)"
193.26.115.165 - - [30/Nov/2025:15:29:54 +0000] "GET / HTTP/1.1" 301 0 "-" "-"
170.106.82.209 - - [30/Nov/2025:15:33:17 +0000] "GET / HTTP/1.1" 301 0 "-" "Mozilla/5.0 (iPhone; CPU iPhone OS 13_2_3 like Mac OS X) AppleWebKit/605.1.15 (KHTML, like Gecko) Version/13.0.3 Mobile/15E148 Safari/604.1"
216.244.66.239 - - [30/Nov/2025:15:41:18 +0000] "GET /File_dm.php HTTP/1.1" 404 24972 "-" "Mozilla/5.0 (compatible; DotBot/1.2; +https://opensiteexplorer.org/dotbot; help@moz.com)"
216.244.66.239 - - [30/Nov/2025:15:43:08 +0000] "GET /shop/?filter_cat=114,117,15,115,112,116 HTTP/1.1" 200 36956 "-" "Mozilla/5.0 (compatible; DotBot/1.2; +https://opensiteexplorer.org/dotbot; help@moz.com)"
216.244.66.239 - - [30/Nov/2025:15:43:13 +0000] "GET /shop/?filter_cat=116,114,122,121,113,112 HTTP/1.1" 200 36895 "-" "Mozilla/5.0 (compatible; DotBot/1.2; +https://opensiteexplorer.org/dotbot; help@moz.com)"
216.244.66.239 - - [30/Nov/2025:15:43:23 +0000] "GET /shop/?filter_cat=114,113,112,15,117&per_page=12 HTTP/1.1" 200 36709 "-" "Mozilla/5.0 (compatible; DotBot/1.2; +https://opensiteexplorer.org/dotbot; help@moz.com)"
216.244.66.239 - - [30/Nov/2025:15:43:27 +0000] "GET /shop/?filter_cat=117,121,15,112,115&per_page=18 HTTP/1.1" 200 39661 "-" "Mozilla/5.0 (compatible; DotBot/1.2; +https://opensiteexplorer.org/dotbot; help@moz.com)"
216.244.66.239 - - [30/Nov/2025:15:43:29 +0000] "GET /shop/?filter_cat=122%2C117%2C15%2C115&per_page=18 HTTP/1.1" 500 1194 "-" "Mozilla/5.0 (compatible; DotBot/1.2; +https://opensiteexplorer.org/dotbot; help@moz.com)"
216.244.66.239 - - [30/Nov/2025:15:43:34 +0000] "GET /shop/?filter_cat=122,113,112,15,117&per_page=9 HTTP/1.1" 200 35224 "-" "Mozilla/5.0 (compatible; DotBot/1.2; +https://opensiteexplorer.org/dotbot; help@moz.com)"
216.244.66.239 - - [30/Nov/2025:15:43:38 +0000] "GET /shop/?filter_cat=112%2C122%2C113%2C117%2C121&column=4 HTTP/1.1" 200 36985 "-" "Mozilla/5.0 (compatible; DotBot/1.2; +https://opensiteexplorer.org/dotbot; help@moz.com)"
216.244.66.239 - - [30/Nov/2025:15:43:42 +0000] "GET /shop/?filter_cat=15%2C114%2C121%2C117%2C122&column=2 HTTP/1.1" 500 1194 "-" "Mozilla/5.0 (compatible; DotBot/1.2; +https://opensiteexplorer.org/dotbot; help@moz.com)"
216.244.66.239 - - [30/Nov/2025:15:43:48 +0000] "GET /shop/?filter_cat=112%2C113%2C15%2C121%2C117&filter_campaign=51 HTTP/1.1" 200 37007 "-" "Mozilla/5.0 (compatible; DotBot/1.2; +https://opensiteexplorer.org/dotbot; help@moz.com)"
216.244.66.239 - - [30/Nov/2025:15:44:03 +0000] "GET /cart/?remove_item=f376b8ae6217d18ca5ebcc8b402b63a1&_wpnonce=43d449d008 HTTP/1.1" 200 48965 "-" "Mozilla/5.0 (compatible; DotBot/1.2; +https://opensiteexplorer.org/dotbot; help@moz.com)"
107.181.234.74 - - [30/Nov/2025:15:46:37 +0000] "POST /wp-cron.php?doing_wp_cron=1764517597.1396830081939697265625 HTTP/1.1" 200 0 "-" "WordPress/6.8.3; https://alkhidmahnaturalcare.com"
216.244.66.239 - - [30/Nov/2025:15:46:36 +0000] "GET /shop/?filter_cat=117%2C114%2C116%2C15&per_page=18&filter_campaign=51 HTTP/1.1" 200 39492 "-" "Mozilla/5.0 (compatible; DotBot/1.2; +https://opensiteexplorer.org/dotbot; help@moz.com)"
216.244.66.239 - - [30/Nov/2025:15:47:11 +0000] "GET /shop/page/18/?filter_cat=122%2C117%2C15%2C115 HTTP/1.1" 404 24993 "-" "Mozilla/5.0 (compatible; DotBot/1.2; +https://opensiteexplorer.org/dotbot; help@moz.com)"
216.244.66.239 - - [30/Nov/2025:15:47:42 +0000] "GET /shop/page/4/?filter_cat=114%2C112%2C115%2C113 HTTP/1.1" 500 1194 "-" "Mozilla/5.0 (compatible; DotBot/1.2; +https://opensiteexplorer.org/dotbot; help@moz.com)"
216.244.66.239 - - [30/Nov/2025:15:49:14 +0000] "GET /shop/page/2/?filter_cat=15%2C122%2C116%2C117%2C115 HTTP/1.1" 200 37002 "-" "Mozilla/5.0 (compatible; DotBot/1.2; +https://opensiteexplorer.org/dotbot; help@moz.com)"
216.244.66.239 - - [30/Nov/2025:15:49:20 +0000] "GET /shop/page/27/?filter_cat=116%2C117%2C115%2C112%2C114 HTTP/1.1" 500 1194 "-" "Mozilla/5.0 (compatible; DotBot/1.2; +https://opensiteexplorer.org/dotbot; help@moz.com)"
107.181.234.74 - - [30/Nov/2025:15:49:31 +0000] "POST /wp-cron.php?doing_wp_cron=1764517770.9804370403289794921875 HTTP/1.1" 200 0 "-" "WordPress/6.8.3; https://alkhidmahnaturalcare.com"
216.244.66.239 - - [30/Nov/2025:15:49:30 +0000] "GET /shop/page/37/?filter_cat=117%2C122%2C121%2C113%2C112 HTTP/1.1" 404 24996 "-" "Mozilla/5.0 (compatible; DotBot/1.2; +https://opensiteexplorer.org/dotbot; help@moz.com)"
107.181.234.74 - - [30/Nov/2025:15:57:20 +0000] "POST /wp-cron.php?doing_wp_cron=1764518240.6988139152526855468750 HTTP/1.1" 200 0 "-" "WordPress/6.8.3; https://alkhidmahnaturalcare.com"
66.249.70.162 - - [30/Nov/2025:15:57:19 +0000] "GET / HTTP/1.1" 301 0 "-" "Mozilla/5.0 (Linux; Android 6.0.1; Nexus 5X Build/MMB29P) AppleWebKit/537.36 (KHTML, like Gecko) Chrome/141.0.7390.122 Mobile Safari/537.36 (compatible; Googlebot/2.1; +http://www.google.com/bot.html)"
31.220.103.147 - - [30/Nov/2025:16:01:35 +0000] "GET / HTTP/1.1" 301 0 "-" "Mozilla/5.0 (Linux; Android 7.0; Moto G (4)) AppleWebKit/537.36 (KHTML, like Gecko) Chrome/94.0.4590.2 Mobile Safari/537.36 Chrome-Lighthouse"
107.181.234.74 - - [30/Nov/2025:16:04:05 +0000] "POST /wp-cron.php?doing_wp_cron=1764518645.1362729072570800781250 HTTP/1.1" 200 0 "-" "WordPress/6.8.3; https://alkhidmahnaturalcare.com"
196.119.218.6 - - [30/Nov/2025:16:04:04 +0000] "GET /.env HTTP/1.1" 404 24967 "-" "Mozilla/5.0 (Macintosh; Intel Mac OS X 10.15; rv:77.0) Gecko/20100101 Firefox/77.0"
107.181.234.74 - - [30/Nov/2025:16:18:14 +0000] "POST /wp-cron.php?doing_wp_cron=1764519494.0620310306549072265625 HTTP/1.1" 200 0 "-" "WordPress/6.8.3; https://alkhidmahnaturalcare.com"
216.244.66.239 - - [30/Nov/2025:16:18:13 +0000] "GET /robots.txt HTTP/1.1" 200 146 "-" "Mozilla/5.0 (compatible; DotBot/1.2; +https://opensiteexplorer.org/dotbot; help@moz.com)"
216.244.66.239 - - [30/Nov/2025:16:27:23 +0000] "GET /shop/?filter_cat=115,113,117,122 HTTP/1.1" 200 36896 "-" "Mozilla/5.0 (compatible; DotBot/1.2; +https://opensiteexplorer.org/dotbot; help@moz.com)"
216.244.66.239 - - [30/Nov/2025:16:27:29 +0000] "GET /shop/?filter_cat=117,15,112,115,122 HTTP/1.1" 200 36860 "-" "Mozilla/5.0 (compatible; DotBot/1.2; +https://opensiteexplorer.org/dotbot; help@moz.com)"
107.181.234.74 - - [30/Nov/2025:16:27:34 +0000] "POST /wp-cron.php?doing_wp_cron=1764520054.2377130985260009765625 HTTP/1.1" 200 0 "-" "WordPress/6.8.3; https://alkhidmahnaturalcare.com"
216.244.66.239 - - [30/Nov/2025:16:27:33 +0000] "GET /shop/?filter_cat=122,15,115,121,114 HTTP/1.1" 200 36830 "-" "Mozilla/5.0 (compatible; DotBot/1.2; +https://opensiteexplorer.org/dotbot; help@moz.com)"
216.244.66.239 - - [30/Nov/2025:16:27:37 +0000] "GET /shop/?filter_cat=114,116,112,115,122 HTTP/1.1" 200 36880 "-" "Mozilla/5.0 (compatible; DotBot/1.2; +https://opensiteexplorer.org/dotbot; help@moz.com)"
216.244.66.239 - - [30/Nov/2025:16:27:49 +0000] "GET /shop/?filter_cat=113,116,117,115,112,114 HTTP/1.1" 200 36870 "-" "Mozilla/5.0 (compatible; DotBot/1.2; +https://opensiteexplorer.org/dotbot; help@moz.com)"
216.244.66.239 - - [30/Nov/2025:16:27:59 +0000] "GET /shop/?filter_cat=112%2C114%2C115%2C117&column=5 HTTP/1.1" 500 1194 "-" "Mozilla/5.0 (compatible; DotBot/1.2; +https://opensiteexplorer.org/dotbot; help@moz.com)"
107.181.234.74 - - [30/Nov/2025:16:28:04 +0000] "POST /wp-cron.php?doing_wp_cron=1764520084.1521921157836914062500 HTTP/1.1" 200 0 "-" "WordPress/6.8.3; https://alkhidmahnaturalcare.com"
216.244.66.239 - - [30/Nov/2025:16:28:03 +0000] "GET /shop/?filter_cat=113%2C117%2C122%2C112&column=1 HTTP/1.1" 200 36964 "-" "Mozilla/5.0 (compatible; DotBot/1.2; +https://opensiteexplorer.org/dotbot; help@moz.com)"
216.244.66.239 - - [30/Nov/2025:16:28:08 +0000] "GET /shop/?filter_cat=116%2C112%2C115%2C122&per_page=12 HTTP/1.1" 200 36953 "-" "Mozilla/5.0 (compatible; DotBot/1.2; +https://opensiteexplorer.org/dotbot; help@moz.com)"
216.244.66.239 - - [30/Nov/2025:16:28:11 +0000] "GET /shop/?filter_cat=117%2C115%2C121%2C114&per_page=24 HTTP/1.1" 500 1194 "-" "Mozilla/5.0 (compatible; DotBot/1.2; +https://opensiteexplorer.org/dotbot; help@moz.com)"
216.244.66.239 - - [30/Nov/2025:16:28:17 +0000] "GET /shop/?filter_cat=122%2C117%2C15%2C115&per_page=24 HTTP/1.1" 200 43198 "-" "Mozilla/5.0 (compatible; DotBot/1.2; +https://opensiteexplorer.org/dotbot; help@moz.com)"
216.244.66.239 - - [30/Nov/2025:16:28:23 +0000] "GET /shop/?filter_cat=15%2C112%2C115%2C122&column=1 HTTP/1.1" 200 36787 "-" "Mozilla/5.0 (compatible; DotBot/1.2; +https://opensiteexplorer.org/dotbot; help@moz.com)"
216.244.66.239 - - [30/Nov/2025:16:28:28 +0000] "GET /shop/?filter_cat=15%2C112%2C115%2C122&column=5 HTTP/1.1" 500 1194 "-" "Mozilla/5.0 (compatible; DotBot/1.2; +https://opensiteexplorer.org/dotbot; help@moz.com)"
107.181.234.74 - - [30/Nov/2025:16:28:37 +0000] "POST /wp-cron.php?doing_wp_cron=1764520117.5257320404052734375000 HTTP/1.1" 200 0 "-" "WordPress/6.8.3; https://alkhidmahnaturalcare.com"
216.244.66.239 - - [30/Nov/2025:16:28:37 +0000] "GET /shop/?filter_cat=15%2C115%2C121%2C114&per_page=12 HTTP/1.1" 200 36778 "-" "Mozilla/5.0 (compatible; DotBot/1.2; +https://opensiteexplorer.org/dotbot; help@moz.com)"
216.244.66.239 - - [30/Nov/2025:16:28:45 +0000] "GET /shop/?filter_cat=114%2C116%2C112%2C121%2C122&per_page=24 HTTP/1.1" 200 43048 "-" "Mozilla/5.0 (compatible; DotBot/1.2; +https://opensiteexplorer.org/dotbot; help@moz.com)"
216.244.66.239 - - [30/Nov/2025:16:28:52 +0000] "GET /shop/?filter_cat=117%2C122%2C121%2C113%2C112&per_page=12 HTTP/1.1" 200 36834 "-" "Mozilla/5.0 (compatible; DotBot/1.2; +https://opensiteexplorer.org/dotbot; help@moz.com)"
216.244.66.239 - - [30/Nov/2025:16:28:58 +0000] "GET /shop/?filter_cat=121%2C112%2C114%2C15%2C116&per_page=12 HTTP/1.1" 200 36841 "-" "Mozilla/5.0 (compatible; DotBot/1.2; +https://opensiteexplorer.org/dotbot; help@moz.com)"
216.244.66.239 - - [30/Nov/2025:16:29:03 +0000] "GET /shop/?filter_cat=121%2C114%2C15%2C116%2C122&per_page=18 HTTP/1.1" 500 1194 "-" "Mozilla/5.0 (compatible; DotBot/1.2; +https://opensiteexplorer.org/dotbot; help@moz.com)"
216.244.66.239 - - [30/Nov/2025:16:29:13 +0000] "GET /shop/?filter_cat=121%2C115%2C15%2C113%2C122&column=3 HTTP/1.1" 200 36973 "-" "Mozilla/5.0 (compatible; DotBot/1.2; +https://opensiteexplorer.org/dotbot; help@moz.com)"
216.244.66.239 - - [30/Nov/2025:16:29:21 +0000] "GET /shop/?filter_cat=122%2C113%2C15%2C121%2C117&per_page=24 HTTP/1.1" 200 43016 "-" "Mozilla/5.0 (compatible; DotBot/1.2; +https://opensiteexplorer.org/dotbot; help@moz.com)"
216.244.66.239 - - [30/Nov/2025:16:29:29 +0000] "GET /shop/?filter_cat=122%2C121%2C15%2C115%2C113%2C116&column=5 HTTP/1.1" 500 1194 "-" "Mozilla/5.0 (compatible; DotBot/1.2; +https://opensiteexplorer.org/dotbot; help@moz.com)"
107.181.234.74 - - [30/Nov/2025:16:29:44 +0000] "POST /wp-cron.php?doing_wp_cron=1764520183.9863688945770263671875 HTTP/1.1" 200 0 "-" "WordPress/6.8.3; https://alkhidmahnaturalcare.com"
216.244.66.239 - - [30/Nov/2025:16:29:43 +0000] "GET /shop/?filter_cat=122%2C15%2C115%2C112%2C116&column=5 HTTP/1.1" 200 36776 "-" "Mozilla/5.0 (compatible; DotBot/1.2; +https://opensiteexplorer.org/dotbot; help@moz.com)"
216.244.66.239 - - [30/Nov/2025:16:29:57 +0000] "GET /shop/?filter_cat=112%2C114%2C15%2C116%2C122&filter_campaign=51 HTTP/1.1" 200 36855 "-" "Mozilla/5.0 (compatible; DotBot/1.2; +https://opensiteexplorer.org/dotbot; help@moz.com)"
216.244.66.239 - - [30/Nov/2025:16:32:01 +0000] "GET /shop/page/2/?filter_cat=122%2C113%2C121%2C114 HTTP/1.1" 200 37034 "-" "Mozilla/5.0 (compatible; DotBot/1.2; +https://opensiteexplorer.org/dotbot; help@moz.com)"
216.244.66.239 - - [30/Nov/2025:16:32:13 +0000] "GET /shop/page/3/?filter_cat=122%2C116%2C121%2C113 HTTP/1.1" 500 1194 "-" "Mozilla/5.0 (compatible; DotBot/1.2; +https://opensiteexplorer.org/dotbot; help@moz.com)"
87.121.79.247 - - [30/Nov/2025:16:41:03 +0000] "GET /.git/HEAD HTTP/1.1" 403 1242 "-" "Mozilla/5.0 (Windows NT 10.0; Win64; x64) AppleWebKit/537.36 (KHTML, like Gecko) Chrome/120.0.0.0 Safari/537.36"
107.181.234.74 - - [30/Nov/2025:16:52:42 +0000] "POST /wp-cron.php?doing_wp_cron=1764521562.8399119377136230468750 HTTP/1.1" 200 0 "-" "WordPress/6.8.3; https://alkhidmahnaturalcare.com"
4.189.168.36 - - [30/Nov/2025:16:52:42 +0000] "GET /.well-known/gecko-litespeed.php HTTP/1.1" 404 24986 "-" "-"
4.189.168.36 - - [30/Nov/2025:16:52:43 +0000] "GET /.well-known/admin.php HTTP/1.1" 404 24979 "-" "-"
4.189.168.36 - - [30/Nov/2025:16:52:45 +0000] "GET /.well-known/ HTTP/1.1" 404 24974 "-" "-"
216.244.66.239 - - [30/Nov/2025:17:02:22 +0000] "GET /robots.txt HTTP/1.1" 200 146 "-" "Mozilla/5.0 (compatible; DotBot/1.2; +https://opensiteexplorer.org/dotbot; help@moz.com)"
107.181.234.74 - - [30/Nov/2025:17:11:59 +0000] "POST /wp-cron.php?doing_wp_cron=1764522719.1048989295959472656250 HTTP/1.1" 200 0 "-" "WordPress/6.8.3; https://alkhidmahnaturalcare.com"
216.244.66.239 - - [30/Nov/2025:17:11:58 +0000] "GET /shop/?filter_cat=117,114,122,116,112 HTTP/1.1" 200 36922 "-" "Mozilla/5.0 (compatible; DotBot/1.2; +https://opensiteexplorer.org/dotbot; help@moz.com)"
216.244.66.239 - - [30/Nov/2025:17:12:13 +0000] "GET /shop/?filter_cat=113,121,112,114,15,116 HTTP/1.1" 200 36868 "-" "Mozilla/5.0 (compatible; DotBot/1.2; +https://opensiteexplorer.org/dotbot; help@moz.com)"
216.244.66.239 - - [30/Nov/2025:17:12:17 +0000] "GET /shop/?filter_cat=15,121,122,115,112,113 HTTP/1.1" 200 36829 "-" "Mozilla/5.0 (compatible; DotBot/1.2; +https://opensiteexplorer.org/dotbot; help@moz.com)"
216.244.66.239 - - [30/Nov/2025:17:12:24 +0000] "GET /shop/?filter_cat=116%2C112%2C122%2C15&per_page=9 HTTP/1.1" 200 35174 "-" "Mozilla/5.0 (compatible; DotBot/1.2; +https://opensiteexplorer.org/dotbot; help@moz.com)"
216.244.66.239 - - [30/Nov/2025:17:12:27 +0000] "GET /shop/?filter_cat=116,113,112,15,117&per_page=9 HTTP/1.1" 500 1194 "-" "Mozilla/5.0 (compatible; DotBot/1.2; +https://opensiteexplorer.org/dotbot; help@moz.com)"
107.181.234.74 - - [30/Nov/2025:17:12:36 +0000] "POST /wp-cron.php?doing_wp_cron=1764522756.0240929126739501953125 HTTP/1.1" 200 0 "-" "WordPress/6.8.3; https://alkhidmahnaturalcare.com"
216.244.66.239 - - [30/Nov/2025:17:12:35 +0000] "GET /shop/?filter_cat=114%2C121%2C117%2C116%2C113&column=4 HTTP/1.1" 200 36887 "-" "Mozilla/5.0 (compatible; DotBot/1.2; +https://opensiteexplorer.org/dotbot; help@moz.com)"
216.244.66.239 - - [30/Nov/2025:17:12:40 +0000] "GET /shop/?filter_cat=121%2C122%2C115%2C112%2C113&column=5 HTTP/1.1" 200 36991 "-" "Mozilla/5.0 (compatible; DotBot/1.2; +https://opensiteexplorer.org/dotbot; help@moz.com)"
216.244.66.239 - - [30/Nov/2025:17:15:03 +0000] "GET /shop/?filter_cat=121%2C15%2C112%2C115&per_page=18&column=2 HTTP/1.1" 200 39732 "-" "Mozilla/5.0 (compatible; DotBot/1.2; +https://opensiteexplorer.org/dotbot; help@moz.com)"
216.244.66.239 - - [30/Nov/2025:17:15:24 +0000] "GET /shop/?filter_cat=112%2C116%2C117&per_page=18&filter_campaign=51 HTTP/1.1" 200 39362 "-" "Mozilla/5.0 (compatible; DotBot/1.2; +https://opensiteexplorer.org/dotbot; help@moz.com)"
107.181.234.74 - - [30/Nov/2025:17:16:36 +0000] "POST /wp-cron.php?doing_wp_cron=1764522996.3275759220123291015625 HTTP/1.1" 200 0 "-" "WordPress/6.8.3; https://alkhidmahnaturalcare.com"
216.244.66.239 - - [30/Nov/2025:17:16:35 +0000] "GET /shop/page/19/?filter_cat=122%2C116%2C121%2C113 HTTP/1.1" 404 24993 "-" "Mozilla/5.0 (compatible; DotBot/1.2; +https://opensiteexplorer.org/dotbot; help@moz.com)"
216.244.66.239 - - [30/Nov/2025:17:16:42 +0000] "GET /shop/page/35/?filter_cat=113%2C117%2C122%2C112 HTTP/1.1" 404 24993 "-" "Mozilla/5.0 (compatible; DotBot/1.2; +https://opensiteexplorer.org/dotbot; help@moz.com)"
60.188.57.0 - - [30/Nov/2025:17:41:23 +0000] "GET / HTTP/1.1" 301 0 "-" "Mozilla/5.0 (iPhone; CPU iPhone OS 13_2_3 like Mac OS X) AppleWebKit/605.1.15 (KHTML, like Gecko) Version/13.0.3 Mobile/15E148 Safari/604.1"
216.244.66.239 - - [30/Nov/2025:17:56:09 +0000] "GET /shop/?filter_cat=114,117,115,15,113,122 HTTP/1.1" 500 1194 "-" "Mozilla/5.0 (compatible; DotBot/1.2; +https://opensiteexplorer.org/dotbot; help@moz.com)"
216.244.66.239 - - [30/Nov/2025:17:56:19 +0000] "GET /shop/?filter_cat=116,121,122,115,112,113 HTTP/1.1" 200 36891 "-" "Mozilla/5.0 (compatible; DotBot/1.2; +https://opensiteexplorer.org/dotbot; help@moz.com)"
216.244.66.239 - - [30/Nov/2025:17:56:29 +0000] "GET /shop/?filter_cat=121,112,114,15,116,122 HTTP/1.1" 200 36757 "-" "Mozilla/5.0 (compatible; DotBot/1.2; +https://opensiteexplorer.org/dotbot; help@moz.com)"
216.244.66.239 - - [30/Nov/2025:17:56:38 +0000] "GET /shop/?filter_cat=115,113,112,15,117&per_page=9 HTTP/1.1" 500 1194 "-" "Mozilla/5.0 (compatible; DotBot/1.2; +https://opensiteexplorer.org/dotbot; help@moz.com)"
216.244.66.239 - - [30/Nov/2025:17:56:54 +0000] "GET /shop/?filter_cat=115,122,121,114&per_page=18 HTTP/1.1" 200 39763 "-" "Mozilla/5.0 (compatible; DotBot/1.2; +https://opensiteexplorer.org/dotbot; help@moz.com)"
216.244.66.239 - - [30/Nov/2025:17:57:10 +0000] "GET /shop/?filter_cat=122%2C112%2C121%2C115&column=1 HTTP/1.1" 500 1194 "-" "Mozilla/5.0 (compatible; DotBot/1.2; +https://opensiteexplorer.org/dotbot; help@moz.com)"
216.244.66.239 - - [30/Nov/2025:17:57:40 +0000] "GET /shop/?filter_cat=122%2C113%2C121%2C114&column=4 HTTP/1.1" 200 36745 "-" "Mozilla/5.0 (compatible; DotBot/1.2; +https://opensiteexplorer.org/dotbot; help@moz.com)"
216.244.66.239 - - [30/Nov/2025:17:58:11 +0000] "GET /shop/?filter_cat=122%2C113%2C15%2C121%2C117&per_page=12 HTTP/1.1" 200 36832 "-" "Mozilla/5.0 (compatible; DotBot/1.2; +https://opensiteexplorer.org/dotbot; help@moz.com)"
216.244.66.239 - - [30/Nov/2025:17:58:39 +0000] "GET /cart/?remove_item=8be8d5f3dc20062b39732858ab504e2b&_wpnonce=0a45647438 HTTP/1.1" 500 1194 "-" "Mozilla/5.0 (compatible; DotBot/1.2; +https://opensiteexplorer.org/dotbot; help@moz.com)"
216.244.66.239 - - [30/Nov/2025:17:59:07 +0000] "GET /shop/page/3/?filter_cat=15%2C114%2C121%2C116&per_page=18 HTTP/1.1" 200 34216 "-" "Mozilla/5.0 (compatible; DotBot/1.2; +https://opensiteexplorer.org/dotbot; help@moz.com)"
104.236.242.93 - - [30/Nov/2025:17:59:37 +0000] "GET /.git/config HTTP/1.1" 403 1242 "-" "Mozilla/5.0 (X11; Linux x86_64) AppleWebKit/537.36 (KHTML, like Gecko) Chrome/81.0.4044.129 Safari/537.36"
216.244.66.239 - - [30/Nov/2025:17:59:37 +0000] "GET /?add_to_wishlist=582&_wpnonce=1c61e0fab1 HTTP/1.1" 301 0 "-" "Mozilla/5.0 (compatible; DotBot/1.2; +https://opensiteexplorer.org/dotbot; help@moz.com)"
216.244.66.239 - - [30/Nov/2025:18:00:06 +0000] "GET /shop/page/15/?filter_cat=113%2C122%2C116%2C15 HTTP/1.1" 404 24993 "-" "Mozilla/5.0 (compatible; DotBot/1.2; +https://opensiteexplorer.org/dotbot; help@moz.com)"
107.181.234.74 - - [30/Nov/2025:18:00:35 +0000] "POST /wp-cron.php?doing_wp_cron=1764525635.1488709449768066406250 HTTP/1.1" 200 0 "-" "WordPress/6.8.3; https://alkhidmahnaturalcare.com"
216.244.66.239 - - [30/Nov/2025:18:00:34 +0000] "GET /shop/page/4/?filter_cat=113%2C15%2C115%2C116 HTTP/1.1" 200 34295 "-" "Mozilla/5.0 (compatible; DotBot/1.2; +https://opensiteexplorer.org/dotbot; help@moz.com)"
216.244.66.239 - - [30/Nov/2025:18:01:24 +0000] "GET /shop/page/2/?filter_cat=117%2C116%2C112%2C121%2C122 HTTP/1.1" 200 36939 "-" "Mozilla/5.0 (compatible; DotBot/1.2; +https://opensiteexplorer.org/dotbot; help@moz.com)"
216.244.66.239 - - [30/Nov/2025:18:01:50 +0000] "GET /shop/page/2/?filter_cat=122%2C15%2C115%2C112%2C116 HTTP/1.1" 200 36859 "-" "Mozilla/5.0 (compatible; DotBot/1.2; +https://opensiteexplorer.org/dotbot; help@moz.com)"
216.244.66.239 - - [30/Nov/2025:18:02:15 +0000] "GET /shop/page/22/?filter_cat=15%2C114%2C121%2C117%2C122 HTTP/1.1" 404 24941 "-" "Mozilla/5.0 (compatible; DotBot/1.2; +https://opensiteexplorer.org/dotbot; help@moz.com)"
107.181.234.74 - - [30/Nov/2025:18:02:39 +0000] "POST /wp-cron.php?doing_wp_cron=1764525759.5092980861663818359375 HTTP/1.1" 200 0 "-" "WordPress/6.8.3; https://alkhidmahnaturalcare.com"
216.244.66.239 - - [30/Nov/2025:18:02:39 +0000] "GET /shop/page/4/?filter_cat=122%2C15%2C115%2C112%2C116 HTTP/1.1" 200 34198 "-" "Mozilla/5.0 (compatible; DotBot/1.2; +https://opensiteexplorer.org/dotbot; help@moz.com)"
203.146.76.42 - - [30/Nov/2025:18:21:02 +0000] "GET / HTTP/1.1" 301 0 "-" "Mozilla/5.0 (Windows NT 10.0; Win64; x64) AppleWebKit/537.36 (KHTML, like Gecko) Chrome/76.0.3809.132 Safari/537.36"
216.244.66.239 - - [30/Nov/2025:18:40:50 +0000] "GET /shop/?filter_cat=115,113,116,122,15,112 HTTP/1.1" 200 36936 "-" "Mozilla/5.0 (compatible; DotBot/1.2; +https://opensiteexplorer.org/dotbot; help@moz.com)"
216.244.66.239 - - [30/Nov/2025:18:40:57 +0000] "GET /shop/?filter_cat=117,114,116&per_page=18 HTTP/1.1" 200 39529 "-" "Mozilla/5.0 (compatible; DotBot/1.2; +https://opensiteexplorer.org/dotbot; help@moz.com)"
216.244.66.239 - - [30/Nov/2025:18:41:01 +0000] "GET /shop/?filter_cat=112%2C114%2C115%2C117&column=4 HTTP/1.1" 200 36882 "-" "Mozilla/5.0 (compatible; DotBot/1.2; +https://opensiteexplorer.org/dotbot; help@moz.com)"
216.244.66.239 - - [30/Nov/2025:18:41:08 +0000] "GET /shop/?filter_cat=114%2C112%2C115%2C122&column=5 HTTP/1.1" 200 36935 "-" "Mozilla/5.0 (compatible; DotBot/1.2; +https://opensiteexplorer.org/dotbot; help@moz.com)"
216.244.66.239 - - [30/Nov/2025:18:41:14 +0000] "GET /shop/?filter_cat=112%2C113%2C15%2C121%2C117&per_page=18 HTTP/1.1" 200 39561 "-" "Mozilla/5.0 (compatible; DotBot/1.2; +https://opensiteexplorer.org/dotbot; help@moz.com)"
216.244.66.239 - - [30/Nov/2025:18:41:20 +0000] "GET /shop/?filter_cat=112%2C114%2C15%2C116%2C122&column=1 HTTP/1.1" 500 1188 "-" "Mozilla/5.0 (compatible; DotBot/1.2; +https://opensiteexplorer.org/dotbot; help@moz.com)"
216.244.66.239 - - [30/Nov/2025:18:41:27 +0000] "GET /shop/?filter_cat=117%2C112%2C121%2C115&filter_campaign=50 HTTP/1.1" 200 36686 "-" "Mozilla/5.0 (compatible; DotBot/1.2; +https://opensiteexplorer.org/dotbot; help@moz.com)"
107.181.234.74 - - [30/Nov/2025:18:41:38 +0000] "POST /wp-cron.php?doing_wp_cron=1764528098.0484840869903564453125 HTTP/1.1" 200 0 "-" "WordPress/6.8.3; https://alkhidmahnaturalcare.com"
216.244.66.239 - - [30/Nov/2025:18:41:36 +0000] "GET /shop/?filter_cat=122%2C113%2C15%2C121%2C117&per_page=18 HTTP/1.1" 200 39517 "-" "Mozilla/5.0 (compatible; DotBot/1.2; +https://opensiteexplorer.org/dotbot; help@moz.com)"
216.244.66.239 - - [30/Nov/2025:18:44:00 +0000] "GET /shop/?filter_cat=113%2C112%2C15%2C117&per_page=9&column=1 HTTP/1.1" 500 1194 "-" "Mozilla/5.0 (compatible; DotBot/1.2; +https://opensiteexplorer.org/dotbot; help@moz.com)"
216.244.66.239 - - [30/Nov/2025:18:44:39 +0000] "GET /?add_to_wishlist=385&_wpnonce=1c61e0fab1 HTTP/1.1" 301 0 "-" "Mozilla/5.0 (compatible; DotBot/1.2; +https://opensiteexplorer.org/dotbot; help@moz.com)"
216.244.66.239 - - [30/Nov/2025:18:45:16 +0000] "GET /shop/page/2/?filter_cat=15%2C115%2C121%2C114 HTTP/1.1" 200 37031 "-" "Mozilla/5.0 (compatible; DotBot/1.2; +https://opensiteexplorer.org/dotbot; help@moz.com)"
216.244.66.239 - - [30/Nov/2025:18:46:00 +0000] "GET /shop/page/34/?filter_cat=116%2C117%2C122%2C112 HTTP/1.1" 404 24993 "-" "Mozilla/5.0 (compatible; DotBot/1.2; +https://opensiteexplorer.org/dotbot; help@moz.com)"
216.244.66.239 - - [30/Nov/2025:18:46:20 +0000] "GET /shop/page/4/?filter_cat=112%2C115%2C121%2C114 HTTP/1.1" 200 34391 "-" "Mozilla/5.0 (compatible; DotBot/1.2; +https://opensiteexplorer.org/dotbot; help@moz.com)"
216.244.66.239 - - [30/Nov/2025:18:48:15 +0000] "GET /shop/page/19/?filter_cat=121%2C115%2C117%2C113%2C114 HTTP/1.1" 500 1194 "-" "Mozilla/5.0 (compatible; DotBot/1.2; +https://opensiteexplorer.org/dotbot; help@moz.com)"
40.77.167.93 - - [30/Nov/2025:18:51:56 +0000] "GET /robots.txt HTTP/1.1" 301 0 "-" "Mozilla/5.0 AppleWebKit/537.36 (KHTML, like Gecko; compatible; bingbot/2.0; +http://www.bing.com/bingbot.htm) Chrome/116.0.1938.76 Safari/537.36"
40.77.167.47 - - [30/Nov/2025:18:52:05 +0000] "GET /a10001_17_205cc HTTP/1.1" 301 0 "-" "Mozilla/5.0 AppleWebKit/537.36 (KHTML, like Gecko; compatible; bingbot/2.0; +http://www.bing.com/bingbot.htm) Chrome/116.0.1938.76 Safari/537.36"
2a09:bac1:7680:780::5e:3b - - [30/Nov/2025:18:57:13 +0000] "GET /style.php HTTP/1.1" 404 24969 "-" "Go-http-client/1.1"
2a09:bac1:7680:780::5e:3b - - [30/Nov/2025:18:57:14 +0000] "GET /wp-content/style.php HTTP/1.1" 404 24969 "-" "Go-http-client/1.1"
2a09:bac1:7680:780::5e:3b - - [30/Nov/2025:18:57:15 +0000] "GET /wp-content/themes/style.php HTTP/1.1" 500 1194 "-" "Go-http-client/1.1"
2a09:bac1:7680:780::5e:3b - - [30/Nov/2025:18:57:15 +0000] "GET /wp-admin/style.php HTTP/1.1" 404 24976 "-" "Go-http-client/1.1"
2a09:bac1:7680:780::5e:3b - - [30/Nov/2025:18:57:16 +0000] "GET /wp-includes/style.php HTTP/1.1" 404 24973 "-" "Go-http-client/1.1"
2a09:bac1:7680:780::5e:3b - - [30/Nov/2025:18:57:17 +0000] "GET /chosen.php?p= HTTP/1.1" 500 1194 "-" "Go-http-client/1.1"
2a09:bac1:7680:780::5e:3b - - [30/Nov/2025:18:57:18 +0000] "GET /file.php HTTP/1.1" 404 24969 "-" "Go-http-client/1.1"
2a09:bac1:7680:780::5e:3b - - [30/Nov/2025:18:57:19 +0000] "GET /flower.php HTTP/1.1" 404 24971 "-" "Go-http-client/1.1"
2a09:bac1:7680:780::5e:3b - - [30/Nov/2025:18:57:20 +0000] "GET /gifclass.php HTTP/1.1" 404 24971 "-" "Go-http-client/1.1"
2a09:bac1:7680:780::5e:3b - - [30/Nov/2025:18:57:21 +0000] "GET /bless.php HTTP/1.1" 404 24968 "-" "Go-http-client/1.1"
2a09:bac1:7680:780::5e:3b - - [30/Nov/2025:18:57:23 +0000] "GET /class-t.api.php HTTP/1.1" 404 24973 "-" "Go-http-client/1.1"
2a09:bac1:7680:780::5e:3b - - [30/Nov/2025:18:57:24 +0000] "GET /blurbs.php HTTP/1.1" 500 1194 "-" "Go-http-client/1.1"
2a09:bac1:7680:780::5e:3b - - [30/Nov/2025:18:57:24 +0000] "GET /akcc.php HTTP/1.1" 404 24970 "-" "Go-http-client/1.1"
2a09:bac1:7680:780::5e:3b - - [30/Nov/2025:18:57:25 +0000] "GET /abcd.php HTTP/1.1" 404 24970 "-" "Go-http-client/1.1"
2a09:bac1:7680:780::5e:3b - - [30/Nov/2025:18:57:26 +0000] "GET /shelp.php HTTP/1.1" 500 1194 "-" "Go-http-client/1.1"
2a09:bac1:7680:780::5e:3b - - [30/Nov/2025:18:57:27 +0000] "GET /cord.php HTTP/1.1" 404 24969 "-" "Go-http-client/1.1"
2a09:bac1:7680:780::5e:3b - - [30/Nov/2025:18:57:28 +0000] "GET /dex.php HTTP/1.1" 404 24969 "-" "Go-http-client/1.1"
2a09:bac1:7680:780::5e:3b - - [30/Nov/2025:18:57:29 +0000] "GET /wp-admin/admin-ajax.php HTTP/1.1" 500 160 "-" "Go-http-client/1.1"
107.181.234.74 - - [30/Nov/2025:18:57:30 +0000] "POST /wp-cron.php?doing_wp_cron=1764529050.6749649047851562500000 HTTP/1.1" 200 0 "-" "WordPress/6.8.3; https://alkhidmahnaturalcare.com"
2a09:bac1:7680:780::5e:3b - - [30/Nov/2025:18:57:29 +0000] "GET /file2.php HTTP/1.1" 404 24969 "-" "Go-http-client/1.1"
2a09:bac1:7680:780::5e:3b - - [30/Nov/2025:18:57:31 +0000] "GET //zwso.php HTTP/1.1" 301 0 "-" "Go-http-client/1.1"
2a09:bac1:7680:780::5e:3b - - [30/Nov/2025:18:57:32 +0000] "GET /zwso.php HTTP/1.1" 404 24969 "http://alkhidmahnaturalcare.com//zwso.php" "Go-http-client/1.1"
2a09:bac1:7680:780::5e:3b - - [30/Nov/2025:18:57:36 +0000] "GET /wp-admin/zwso.php HTTP/1.1" 500 1194 "-" "Go-http-client/1.1"
2a09:bac1:7680:780::5e:3b - - [30/Nov/2025:18:57:37 +0000] "GET /wp-content/plugins/hellopress/wp_mna.php HTTP/1.1" 404 24984 "-" "Go-http-client/1.1"
2a09:bac1:7680:780::5e:3b - - [30/Nov/2025:18:57:40 +0000] "GET /bolt.php HTTP/1.1" 404 24969 "-" "Go-http-client/1.1"
2a09:bac1:7680:780::5e:3b - - [30/Nov/2025:18:57:41 +0000] "GET /shlo.php HTTP/1.1" 404 24969 "-" "Go-http-client/1.1"
2a09:bac1:7680:780::5e:3b - - [30/Nov/2025:18:57:42 +0000] "GET /133.php HTTP/1.1" 500 1194 "-" "Go-http-client/1.1"
2a09:bac1:7680:780::5e:3b - - [30/Nov/2025:18:57:42 +0000] "GET /ahax.php HTTP/1.1" 404 24970 "-" "Go-http-client/1.1"
2a09:bac1:7680:780::5e:3b - - [30/Nov/2025:18:57:43 +0000] "GET /php8.php HTTP/1.1" 404 24970 "-" "Go-http-client/1.1"
2a09:bac1:7680:780::5e:3b - - [30/Nov/2025:18:57:44 +0000] "GET /lufix1.php HTTP/1.1" 500 1194 "-" "Go-http-client/1.1"
2a09:bac1:7680:780::5e:3b - - [30/Nov/2025:18:57:44 +0000] "GET /witmm.php HTTP/1.1" 404 24970 "-" "Go-http-client/1.1"
2a09:bac1:7680:780::5e:3b - - [30/Nov/2025:18:57:45 +0000] "GET /wp-admin/css/index.php HTTP/1.1" 301 0 "-" "Go-http-client/1.1"
2a09:bac1:7680:780::5e:3b - - [30/Nov/2025:18:57:46 +0000] "GET /wp-admin/css/ HTTP/1.1" 200 3897 "http://alkhidmahnaturalcare.com/wp-admin/css/index.php" "Go-http-client/1.1"
2a09:bac1:7680:780::5e:3b - - [30/Nov/2025:18:57:46 +0000] "GET /wp-content/plugins/index.php HTTP/1.1" 200 0 "-" "Go-http-client/1.1"
