66.249.70.162 - - [30/Nov/2025:12:59:57 +0000] "GET /shop/?column=4&filter_cat=116%2C114%2C113%2C121&per_page=9&filter_brand=41%2C35&add-to-cart=10137&filter_campaign=50 HTTP/2" 200 30441 "-" "Mozilla/5.0 (Linux; Android 6.0.1; Nexus 5X Build/MMB29P) AppleWebKit/537.36 (KHTML, like Gecko) Chrome/141.0.7390.122 Mobile Safari/537.36 (compatible; Googlebot/2.1; +http://www.google.com/bot.html)"
66.249.70.162 - - [30/Nov/2025:12:59:57 +0000] "GET /shop/?column=2&filter_campaign=50&add-to-cart=10157&filter_cat=117%2C114%2C121%2C113%2C112%2C15&filter_brand=42%2C37%2C38%2C41&per_page=12 HTTP/2" 500 1021 "-" "Mozilla/5.0 (Linux; Android 6.0.1; Nexus 5X Build/MMB29P) AppleWebKit/537.36 (KHTML, like Gecko) Chrome/141.0.7390.122 Mobile Safari/537.36 (compatible; Googlebot/2.1; +http://www.google.com/bot.html)"
66.249.70.162 - - [30/Nov/2025:12:59:58 +0000] "POST /?wc-ajax=get_refreshed_fragments HTTP/2" 200 538 "https://alkhidmahnaturalcare.com/shop/?column=5&filter_cat=116%2C15%2C117%2C113%2C112%2C114%2C122&filter_brand=41%2C40%2C42&add-to-cart=10156&per_page=18" "Mozilla/5.0 AppleWebKit/537.36 (KHTML, like Gecko; compatible; Googlebot/2.1; +http://www.google.com/bot.html) Chrome/141.0.7390.122 Safari/537.36"
66.249.70.162 - - [30/Nov/2025:12:59:59 +0000] "POST /?wc-ajax=get_refreshed_fragments HTTP/2" 200 538 "https://alkhidmahnaturalcare.com/shop/?column=5&filter_cat=116%2C15%2C117%2C113%2C112%2C114%2C122&filter_brand=41%2C40%2C42&add-to-cart=10156&per_page=18" "Mozilla/5.0 AppleWebKit/537.36 (KHTML, like Gecko; compatible; Googlebot/2.1; +http://www.google.com/bot.html) Chrome/141.0.7390.122 Safari/537.36"
217.113.194.114 - - [30/Nov/2025:13:00:09 +0000] "GET /shop/?filter_cat=117,122,15,121&per_page=24&filter_brand=40%2C41&filter_campaign=50 HTTP/2" 200 35543 "-" "Mozilla/5.0 (compatible; Barkrowler/0.9; +https://babbar.tech/crawler)"
217.113.194.112 - - [30/Nov/2025:13:00:25 +0000] "GET /shop/?filter_cat=117,112,113,116&per_page=12&filter_brand=39%2C41&column=4 HTTP/2" 200 31576 "-" "Mozilla/5.0 (compatible; Barkrowler/0.9; +https://babbar.tech/crawler)"
107.181.234.74 - - [30/Nov/2025:13:00:41 +0000] "POST /wp-cron.php?doing_wp_cron=1764507641.4739780426025390625000 HTTP/2" 200 0 "-" "WordPress/6.8.3; https://alkhidmahnaturalcare.com"
217.113.194.116 - - [30/Nov/2025:13:00:41 +0000] "GET /shop/?filter_cat=116%2C112%2C15%2C122%2C117&column=4&per_page=24&filter_campaign=50 HTTP/2" 200 35654 "-" "Mozilla/5.0 (compatible; Barkrowler/0.9; +https://babbar.tech/crawler)"
66.249.70.164 - - [30/Nov/2025:13:00:51 +0000] "GET /?_g=1182836 HTTP/2" 200 34282 "-" "Mozilla/5.0 (Linux; Android 6.0.1; Nexus 5X Build/MMB29P) AppleWebKit/537.36 (KHTML, like Gecko) Chrome/141.0.7390.122 Mobile Safari/537.36 (compatible; Googlebot/2.1; +http://www.google.com/bot.html)"
66.249.70.163 - - [30/Nov/2025:13:00:52 +0000] "GET /wp-login.php?redirect_to=https%3A%2F%2Falkhidmahnaturalcare.com%2F%3F_g%3D1249959 HTTP/2" 200 1912 "-" "Mozilla/5.0 (Linux; Android 6.0.1; Nexus 5X Build/MMB29P) AppleWebKit/537.36 (KHTML, like Gecko) Chrome/141.0.7390.122 Mobile Safari/537.36 (compatible; Googlebot/2.1; +http://www.google.com/bot.html)"
217.113.194.225 - - [30/Nov/2025:13:00:57 +0000] "GET /shop/?filter_cat=116%2C115%2C114%2C15%2C122&filter_brand=38%2C36&per_page=24 HTTP/2" 200 35547 "-" "Mozilla/5.0 (compatible; Barkrowler/0.9; +https://babbar.tech/crawler)"
217.113.194.116 - - [30/Nov/2025:13:01:13 +0000] "GET /shop/?filter_cat=116%2C114%2C115%2C15%2C113%2C112&column=4&filter_campaign=50 HTTP/2" 200 31457 "-" "Mozilla/5.0 (compatible; Barkrowler/0.9; +https://babbar.tech/crawler)"
15.235.96.188 - - [30/Nov/2025:13:01:16 +0000] "GET /shop/?per_page=9&filter_brand=35 HTTP/2" 200 30590 "-" "Mozilla/5.0 (compatible; AhrefsBot/7.0; +http://ahrefs.com/robot/)"
217.113.194.225 - - [30/Nov/2025:13:01:29 +0000] "GET /shop/?filter_cat=117%2C113%2C112&column=1&filter_brand=38%2C42&filter_campaign=50 HTTP/2" 200 31460 "-" "Mozilla/5.0 (compatible; Barkrowler/0.9; +https://babbar.tech/crawler)"
107.181.234.74 - - [30/Nov/2025:13:01:47 +0000] "POST /wp-cron.php?doing_wp_cron=1764507707.0286860466003417968750 HTTP/2" 200 0 "-" "WordPress/6.8.3; https://alkhidmahnaturalcare.com"
217.113.194.120 - - [30/Nov/2025:13:01:46 +0000] "GET /shop/?filter_cat=117%2C113%2C116&per_page=12&filter_brand=35%2C42&filter_campaign=51 HTTP/2" 200 31489 "-" "Mozilla/5.0 (compatible; Barkrowler/0.9; +https://babbar.tech/crawler)"
217.113.194.113 - - [30/Nov/2025:13:02:02 +0000] "GET /shop/?filter_cat=117%2C113%2C114&per_page=24&filter_brand=39%2C41&filter_campaign=50 HTTP/2" 200 35609 "-" "Mozilla/5.0 (compatible; Barkrowler/0.9; +https://babbar.tech/crawler)"
66.249.70.162 - - [30/Nov/2025:13:02:04 +0000] "GET /wp-login.php?redirect_to=https%3A%2F%2Falkhidmahnaturalcare.com%2F%3F_g%3D2008685 HTTP/2" 200 1912 "-" "Mozilla/5.0 (Linux; Android 6.0.1; Nexus 5X Build/MMB29P) AppleWebKit/537.36 (KHTML, like Gecko) Chrome/141.0.7390.122 Mobile Safari/537.36 (compatible; Googlebot/2.1; +http://www.google.com/bot.html)"
217.113.194.117 - - [30/Nov/2025:13:02:18 +0000] "GET /shop/?filter_cat=117%2C113%2C15&per_page=18&filter_brand=39%2C42&filter_campaign=50 HTTP/2" 200 33456 "-" "Mozilla/5.0 (compatible; Barkrowler/0.9; +https://babbar.tech/crawler)"
107.181.234.74 - - [30/Nov/2025:13:02:35 +0000] "POST /wp-cron.php?doing_wp_cron=1764507755.2122778892517089843750 HTTP/2" 200 0 "-" "WordPress/6.8.3; https://alkhidmahnaturalcare.com"
217.113.194.226 - - [30/Nov/2025:13:02:34 +0000] "GET /shop/?filter_cat=117%2C113%2C15&column=4&filter_brand=42%2C39&filter_campaign=51 HTTP/2" 200 31601 "-" "Mozilla/5.0 (compatible; Barkrowler/0.9; +https://babbar.tech/crawler)"
217.113.194.115 - - [30/Nov/2025:13:02:51 +0000] "GET /shop/?filter_cat=117%2C113%2C15&column=4&filter_brand=37%2C39&filter_campaign=51 HTTP/2" 200 31523 "-" "Mozilla/5.0 (compatible; Barkrowler/0.9; +https://babbar.tech/crawler)"
217.113.194.116 - - [30/Nov/2025:13:03:07 +0000] "GET /shop/?filter_cat=117%2C114%2C15%2C115&filter_brand=40%2C35&column=3&per_page=24 HTTP/2" 200 35600 "-" "Mozilla/5.0 (compatible; Barkrowler/0.9; +https://babbar.tech/crawler)"
66.249.70.164 - - [30/Nov/2025:13:03:17 +0000] "GET /wp-login.php?redirect_to=https%3A%2F%2Falkhidmahnaturalcare.com%2F%3F_g%3D2422850 HTTP/2" 200 1911 "-" "Mozilla/5.0 (Linux; Android 6.0.1; Nexus 5X Build/MMB29P) AppleWebKit/537.36 (KHTML, like Gecko) Chrome/141.0.7390.122 Mobile Safari/537.36 (compatible; Googlebot/2.1; +http://www.google.com/bot.html)"
217.113.194.115 - - [30/Nov/2025:13:03:23 +0000] "GET /shop/?filter_cat=117%2C122%2C121%2C116%2C15&filter_brand=40%2C38%2C39&column=1 HTTP/2" 200 31620 "-" "Mozilla/5.0 (compatible; Barkrowler/0.9; +https://babbar.tech/crawler)"
81.0.247.147 - - [30/Nov/2025:13:03:27 +0000] "POST /xmlrpc.php HTTP/2" 200 205 "-" "Mozilla/5.0 (Macintosh; Intel Mac OS X 10_13_2) AppleWebKit/537.36 (KHTML, like Gecko) Chrome/65.0.3298.3 Safari/537.36"
107.181.234.74 - - [30/Nov/2025:13:03:39 +0000] "POST /wp-cron.php?doing_wp_cron=1764507819.3552238941192626953125 HTTP/2" 200 0 "-" "WordPress/6.8.3; https://alkhidmahnaturalcare.com"
217.113.194.117 - - [30/Nov/2025:13:03:38 +0000] "GET /shop/?filter_cat=116,121,113,112&per_page=24&filter_brand=39%2C35&column=4 HTTP/2" 200 35571 "-" "Mozilla/5.0 (compatible; Barkrowler/0.9; +https://babbar.tech/crawler)"
217.113.194.117 - - [30/Nov/2025:13:03:55 +0000] "GET /shop/?filter_cat=115%2C117%2C121%2C114%2C116&per_page=24&filter_brand=42&column=1 HTTP/2" 200 35626 "-" "Mozilla/5.0 (compatible; Barkrowler/0.9; +https://babbar.tech/crawler)"
217.113.194.120 - - [30/Nov/2025:13:04:11 +0000] "GET /shop/?filter_cat=115%2C112%2C114%2C117%2C116%2C113&per_page=24&filter_campaign=50 HTTP/2" 200 35541 "-" "Mozilla/5.0 (compatible; Barkrowler/0.9; +https://babbar.tech/crawler)"
66.249.70.163 - - [30/Nov/2025:13:04:17 +0000] "POST /?wc-ajax=get_refreshed_fragments HTTP/2" 200 538 "https://alkhidmahnaturalcare.com/shop/?column=4&filter_cat=116%2C114%2C113%2C121&per_page=9&filter_brand=41%2C35&add-to-cart=10137&filter_campaign=50" "Mozilla/5.0 (Linux; Android 6.0.1; Nexus 5X Build/MMB29P) AppleWebKit/537.36 (KHTML, like Gecko) Chrome/141.0.7390.122 Mobile Safari/537.36 (compatible; Googlebot/2.1; +http://www.google.com/bot.html)"
217.113.194.225 - - [30/Nov/2025:13:04:27 +0000] "GET /shop/?filter_cat=115%2C114%2C112%2C15&filter_brand=39%2C38%2C37%2C41&per_page=18 HTTP/2" 200 33389 "-" "Mozilla/5.0 (compatible; Barkrowler/0.9; +https://babbar.tech/crawler)"
107.181.234.74 - - [30/Nov/2025:13:04:31 +0000] "POST /wp-cron.php?doing_wp_cron=1764507871.3653879165649414062500 HTTP/2" 200 0 "-" "WordPress/6.8.3; https://alkhidmahnaturalcare.com"
66.249.70.163 - - [30/Nov/2025:13:04:30 +0000] "GET /wp-login.php?redirect_to=https%3A%2F%2Falkhidmahnaturalcare.com%2F%3F_g%3D1827250 HTTP/2" 200 1911 "-" "Mozilla/5.0 (Linux; Android 6.0.1; Nexus 5X Build/MMB29P) AppleWebKit/537.36 (KHTML, like Gecko) Chrome/141.0.7390.122 Mobile Safari/537.36 (compatible; Googlebot/2.1; +http://www.google.com/bot.html)"
217.113.194.114 - - [30/Nov/2025:13:04:43 +0000] "GET /shop/?filter_cat=115%2C114%2C122%2C113%2C15&column=3&filter_brand=42%2C35 HTTP/2" 200 31641 "-" "Mozilla/5.0 (compatible; Barkrowler/0.9; +https://babbar.tech/crawler)"
66.249.70.162 - - [30/Nov/2025:13:04:44 +0000] "GET /wp-login.php?redirect_to=https%3A%2F%2Falkhidmahnaturalcare.com%2F%3F_g%3D1127715 HTTP/2" 200 1911 "-" "Mozilla/5.0 (Linux; Android 6.0.1; Nexus 5X Build/MMB29P) AppleWebKit/537.36 (KHTML, like Gecko) Chrome/141.0.7390.122 Mobile Safari/537.36 (compatible; Googlebot/2.1; +http://www.google.com/bot.html)"
154.54.249.204 - - [30/Nov/2025:13:04:59 +0000] "GET /shop/?filter_cat=115%2C121%2C116%2C15&filter_brand=40%2C38%2C36&filter_campaign=51 HTTP/2" 200 31474 "-" "Mozilla/5.0 (compatible; Barkrowler/0.9; +https://babbar.tech/crawler)"
154.54.249.204 - - [30/Nov/2025:13:05:15 +0000] "GET /shop/?filter_cat=115%2C122&filter_brand=41%2C36%2C42&per_page=9&filter_campaign=51 HTTP/2" 200 30411 "-" "Mozilla/5.0 (compatible; Barkrowler/0.9; +https://babbar.tech/crawler)"
107.181.234.74 - - [30/Nov/2025:13:05:33 +0000] "POST /wp-cron.php?doing_wp_cron=1764507932.9549019336700439453125 HTTP/2" 200 0 "-" "WordPress/6.8.3; https://alkhidmahnaturalcare.com"
217.113.194.113 - - [30/Nov/2025:13:05:32 +0000] "GET /shop/?filter_cat=115%2C122%2C15&filter_brand=40%2C39%2C36&column=1&per_page=9 HTTP/2" 200 30380 "-" "Mozilla/5.0 (compatible; Barkrowler/0.9; +https://babbar.tech/crawler)"
66.249.70.162 - - [30/Nov/2025:13:05:44 +0000] "GET /wp-login.php?redirect_to=https%3A%2F%2Falkhidmahnaturalcare.com%2F%3F_g%3D552741 HTTP/2" 200 1910 "-" "Mozilla/5.0 (Linux; Android 6.0.1; Nexus 5X Build/MMB29P) AppleWebKit/537.36 (KHTML, like Gecko) Chrome/141.0.7390.122 Mobile Safari/537.36 (compatible; Googlebot/2.1; +http://www.google.com/bot.html)"
217.113.194.115 - - [30/Nov/2025:13:05:48 +0000] "GET /shop/?filter_cat=115%2C122%2C114%2C121&column=4&filter_campaign=51%2C50&per_page=9 HTTP/2" 200 30398 "-" "Mozilla/5.0 (compatible; Barkrowler/0.9; +https://babbar.tech/crawler)"
217.113.194.116 - - [30/Nov/2025:13:06:04 +0000] "GET /shop/?filter_cat=115%2C15%2C121%2C117%2C112%2C113&per_page=12&filter_campaign=50 HTTP/2" 200 31584 "-" "Mozilla/5.0 (compatible; Barkrowler/0.9; +https://babbar.tech/crawler)"
217.113.194.226 - - [30/Nov/2025:13:06:20 +0000] "GET /shop/?filter_cat=112%2C117%2C115%2C121&per_page=18&filter_brand=42&filter_campaign=50 HTTP/2" 200 33554 "-" "Mozilla/5.0 (compatible; Barkrowler/0.9; +https://babbar.tech/crawler)"
49.51.36.179 - - [30/Nov/2025:13:06:24 +0000] "GET /xmlrpc.php?rsd HTTP/2" 200 301 "-" "Mozilla/5.0 (iPhone; CPU iPhone OS 13_2_3 like Mac OS X) AppleWebKit/605.1.15 (KHTML, like Gecko) Version/13.0.3 Mobile/15E148 Safari/604.1"
107.181.234.74 - - [30/Nov/2025:13:06:37 +0000] "POST /wp-cron.php?doing_wp_cron=1764507997.7793149948120117187500 HTTP/2" 200 0 "-" "WordPress/6.8.3; https://alkhidmahnaturalcare.com"
217.113.194.117 - - [30/Nov/2025:13:06:37 +0000] "GET /shop/?filter_cat=112%2C113%2C117&per_page=18&filter_brand=36%2C42&column=3 HTTP/2" 200 33410 "-" "Mozilla/5.0 (compatible; Barkrowler/0.9; +https://babbar.tech/crawler)"
217.113.194.119 - - [30/Nov/2025:13:06:53 +0000] "GET /shop/?filter_cat=112%2C113%2C117&per_page=12&filter_brand=37%2C41&column=4 HTTP/2" 200 31607 "-" "Mozilla/5.0 (compatible; Barkrowler/0.9; +https://babbar.tech/crawler)"
66.249.70.163 - - [30/Nov/2025:13:06:57 +0000] "GET /wp-login.php?redirect_to=https%3A%2F%2Falkhidmahnaturalcare.com%2F%3F_g%3D2124100 HTTP/2" 200 1911 "-" "Mozilla/5.0 (Linux; Android 6.0.1; Nexus 5X Build/MMB29P) AppleWebKit/537.36 (KHTML, like Gecko) Chrome/141.0.7390.122 Mobile Safari/537.36 (compatible; Googlebot/2.1; +http://www.google.com/bot.html)"
154.54.249.204 - - [30/Nov/2025:13:07:09 +0000] "GET /shop/?filter_cat=112%2C113%2C115&per_page=24&filter_brand=40%2C42&filter_campaign=51 HTTP/2" 200 35683 "-" "Mozilla/5.0 (compatible; Barkrowler/0.9; +https://babbar.tech/crawler)"
217.113.194.226 - - [30/Nov/2025:13:07:25 +0000] "GET /shop/?filter_cat=112%2C113%2C115&per_page=12&filter_brand=35%2C41&filter_campaign=51 HTTP/2" 200 31666 "-" "Mozilla/5.0 (compatible; Barkrowler/0.9; +https://babbar.tech/crawler)"
107.181.234.74 - - [30/Nov/2025:13:07:42 +0000] "POST /wp-cron.php?doing_wp_cron=1764508062.1704719066619873046875 HTTP/2" 200 0 "-" "WordPress/6.8.3; https://alkhidmahnaturalcare.com"
217.113.194.116 - - [30/Nov/2025:13:07:41 +0000] "GET /shop/?filter_cat=112%2C113%2C116&per_page=12&filter_brand=37%2C41&column=1 HTTP/2" 200 31540 "-" "Mozilla/5.0 (compatible; Barkrowler/0.9; +https://babbar.tech/crawler)"
217.113.194.120 - - [30/Nov/2025:13:07:58 +0000] "GET /shop/?filter_cat=112%2C113%2C114&per_page=12&filter_brand=39%2C41&column=2 HTTP/2" 200 31648 "-" "Mozilla/5.0 (compatible; Barkrowler/0.9; +https://babbar.tech/crawler)"
217.113.194.114 - - [30/Nov/2025:13:08:15 +0000] "GET /shop/?filter_cat=112%2C113%2C114&per_page=12&filter_brand=38%2C42&filter_campaign=50 HTTP/2" 200 31552 "-" "Mozilla/5.0 (compatible; Barkrowler/0.9; +https://babbar.tech/crawler)"
66.249.70.163 - - [30/Nov/2025:13:08:19 +0000] "GET /shop/?column=2&filter_cat=113,112,114,115&filter_brand=38%2C36%2C41%2C35%2C37&per_page=24&filter_campaign=50%2C51&add-to-cart=10156 HTTP/2" 200 35696 "-" "Mozilla/5.0 (Linux; Android 6.0.1; Nexus 5X Build/MMB29P) AppleWebKit/537.36 (KHTML, like Gecko) Chrome/141.0.7390.122 Mobile Safari/537.36 (compatible; Googlebot/2.1; +http://www.google.com/bot.html)"
66.249.70.162 - - [30/Nov/2025:13:08:20 +0000] "GET /wp-login.php?redirect_to=https%3A%2F%2Falkhidmahnaturalcare.com%2F%3F_g%3D1703815 HTTP/2" 200 1911 "-" "Mozilla/5.0 (Linux; Android 6.0.1; Nexus 5X Build/MMB29P) AppleWebKit/537.36 (KHTML, like Gecko) Chrome/141.0.7390.122 Mobile Safari/537.36 (compatible; Googlebot/2.1; +http://www.google.com/bot.html)"
107.181.234.74 - - [30/Nov/2025:13:08:32 +0000] "POST /wp-cron.php?doing_wp_cron=1764508112.2896189689636230468750 HTTP/2" 200 0 "-" "WordPress/6.8.3; https://alkhidmahnaturalcare.com"
217.113.194.112 - - [30/Nov/2025:13:08:31 +0000] "GET /shop/?filter_cat=112%2C113%2C122&per_page=18&filter_brand=38%2C40&column=1 HTTP/2" 200 33520 "-" "Mozilla/5.0 (compatible; Barkrowler/0.9; +https://babbar.tech/crawler)"
217.113.194.112 - - [30/Nov/2025:13:08:47 +0000] "GET /shop/?filter_cat=112%2C113%2C122&per_page=12&filter_brand=40%2C41&column=5 HTTP/2" 200 31492 "-" "Mozilla/5.0 (compatible; Barkrowler/0.9; +https://babbar.tech/crawler)"
159.65.132.48 - - [30/Nov/2025:13:08:59 +0000] "GET / HTTP/2" 200 34312 "-" "Mozilla/5.0 (Linux; Android 5.1.1; SM-J111F)"
217.113.194.115 - - [30/Nov/2025:13:09:03 +0000] "GET /shop/?filter_cat=112%2C113%2C122&per_page=12&filter_brand=40%2C42&column=2 HTTP/2" 200 31458 "-" "Mozilla/5.0 (compatible; Barkrowler/0.9; +https://babbar.tech/crawler)"
217.113.194.118 - - [30/Nov/2025:13:09:19 +0000] "GET /shop/?filter_cat=112%2C113%2C15%2C122&filter_brand=39%2C38%2C35&column=3 HTTP/2" 200 31550 "-" "Mozilla/5.0 (compatible; Barkrowler/0.9; +https://babbar.tech/crawler)"
66.249.70.163 - - [30/Nov/2025:13:09:23 +0000] "GET /wp-login.php?redirect_to=https%3A%2F%2Falkhidmahnaturalcare.com%2F%3F_g%3D1793421 HTTP/2" 200 1911 "-" "Mozilla/5.0 (Linux; Android 6.0.1; Nexus 5X Build/MMB29P) AppleWebKit/537.36 (KHTML, like Gecko) Chrome/141.0.7390.122 Mobile Safari/537.36 (compatible; Googlebot/2.1; +http://www.google.com/bot.html)"
107.181.234.74 - - [30/Nov/2025:13:09:36 +0000] "POST /wp-cron.php?doing_wp_cron=1764508176.5738399028778076171875 HTTP/2" 200 0 "-" "WordPress/6.8.3; https://alkhidmahnaturalcare.com"
217.113.194.225 - - [30/Nov/2025:13:09:36 +0000] "GET /shop/?filter_cat=112%2C113%2C15&column=3&filter_brand=37%2C40&filter_campaign=51 HTTP/2" 200 31598 "-" "Mozilla/5.0 (compatible; Barkrowler/0.9; +https://babbar.tech/crawler)"
104.236.242.93 - - [30/Nov/2025:13:09:47 +0000] "GET /.git/config HTTP/2" 403 1242 "-" "Mozilla/5.0 (X11; Linux x86_64) AppleWebKit/537.36 (KHTML, like Gecko) Chrome/81.0.4044.129 Safari/537.36"
217.113.194.120 - - [30/Nov/2025:13:09:52 +0000] "GET /shop/?filter_cat=112%2C115%2C122%2C15&filter_brand=42%2C38%2C37&filter_campaign=51 HTTP/2" 200 31623 "-" "Mozilla/5.0 (compatible; Barkrowler/0.9; +https://babbar.tech/crawler)"
217.113.194.117 - - [30/Nov/2025:13:10:08 +0000] "GET /shop/?filter_cat=112%2C115%2C122%2C15&filter_brand=40%2C35%2C38&filter_campaign=50 HTTP/2" 200 31532 "-" "Mozilla/5.0 (compatible; Barkrowler/0.9; +https://babbar.tech/crawler)"
217.113.194.119 - - [30/Nov/2025:13:10:24 +0000] "GET /shop/?filter_cat=112%2C115%2C122%2C15&filter_brand=38%2C35%2C41&filter_campaign=50 HTTP/2" 200 31511 "-" "Mozilla/5.0 (compatible; Barkrowler/0.9; +https://babbar.tech/crawler)"
107.181.234.74 - - [30/Nov/2025:13:10:37 +0000] "POST /wp-cron.php?doing_wp_cron=1764508237.2893629074096679687500 HTTP/2" 200 0 "-" "WordPress/6.8.3; https://alkhidmahnaturalcare.com"
66.249.70.162 - - [30/Nov/2025:13:10:36 +0000] "GET /shop/?column=5&filter_cat=112%2C115%2C122&add-to-cart=10138&filter_brand=41%2C39 HTTP/2" 200 31836 "-" "Mozilla/5.0 (Linux; Android 6.0.1; Nexus 5X Build/MMB29P) AppleWebKit/537.36 (KHTML, like Gecko) Chrome/141.0.7390.122 Mobile Safari/537.36 (compatible; Googlebot/2.1; +http://www.google.com/bot.html)"
217.113.194.119 - - [30/Nov/2025:13:10:40 +0000] "GET /shop/?filter_cat=112%2C114%2C117&per_page=24&filter_brand=40%2C41&filter_campaign=50 HTTP/2" 200 35545 "-" "Mozilla/5.0 (compatible; Barkrowler/0.9; +https://babbar.tech/crawler)"
66.249.70.162 - - [30/Nov/2025:13:10:50 +0000] "POST /?wc-ajax=get_refreshed_fragments HTTP/2" 200 538 "https://alkhidmahnaturalcare.com/shop/?column=5&filter_cat=112%2C115%2C122&add-to-cart=10138&filter_brand=41%2C39" "Mozilla/5.0 (Linux; Android 6.0.1; Nexus 5X Build/MMB29P) AppleWebKit/537.36 (KHTML, like Gecko) Chrome/141.0.7390.122 Mobile Safari/537.36 (compatible; Googlebot/2.1; +http://www.google.com/bot.html)"
159.203.30.69 - - [30/Nov/2025:13:10:55 +0000] "GET /wp-content/themes/streamtube/style.css HTTP/2" 404 21831 "-" "Mozilla/5.0 (Windows NT 10.0; Win64; x64) AppleWebKit/537.36 (KHTML, like Gecko) Chrome/120.0.0.0 Safari/537.36"
217.113.194.116 - - [30/Nov/2025:13:10:56 +0000] "GET /shop/?filter_cat=112%2C114%2C116&per_page=18&filter_brand=37%2C40&column=4 HTTP/2" 200 33414 "-" "Mozilla/5.0 (compatible; Barkrowler/0.9; +https://babbar.tech/crawler)"
217.113.194.119 - - [30/Nov/2025:13:11:12 +0000] "GET /shop/?filter_cat=112%2C114%2C113&per_page=12&filter_brand=39%2C40&column=4 HTTP/2" 200 31618 "-" "Mozilla/5.0 (compatible; Barkrowler/0.9; +https://babbar.tech/crawler)"
154.54.249.204 - - [30/Nov/2025:13:11:28 +0000] "GET /shop/?filter_cat=112%2C114%2C122&per_page=24&filter_brand=37%2C41&filter_campaign=51 HTTP/2" 200 35743 "-" "Mozilla/5.0 (compatible; Barkrowler/0.9; +https://babbar.tech/crawler)"
107.181.234.74 - - [30/Nov/2025:13:11:46 +0000] "POST /wp-cron.php?doing_wp_cron=1764508306.0983860492706298828125 HTTP/2" 200 0 "-" "WordPress/6.8.3; https://alkhidmahnaturalcare.com"
217.113.194.226 - - [30/Nov/2025:13:11:45 +0000] "GET /shop/?filter_cat=112%2C114%2C122&per_page=12&filter_brand=36%2C42&column=4 HTTP/2" 200 31506 "-" "Mozilla/5.0 (compatible; Barkrowler/0.9; +https://babbar.tech/crawler)"
66.249.70.162 - - [30/Nov/2025:13:11:51 +0000] "GET /shop/?column=4&filter_cat=116,114,122&filter_brand=41%2C40%2C35%2C42&add-to-cart=10158&per_page=18&filter_campaign=50 HTTP/2" 200 33545 "-" "Mozilla/5.0 (Linux; Android 6.0.1; Nexus 5X Build/MMB29P) AppleWebKit/537.36 (KHTML, like Gecko) Chrome/141.0.7390.122 Mobile Safari/537.36 (compatible; Googlebot/2.1; +http://www.google.com/bot.html)"
217.113.194.119 - - [30/Nov/2025:13:12:01 +0000] "GET /shop/?filter_cat=112%2C114%2C121&per_page=18&filter_brand=37%2C40&column=1 HTTP/2" 200 33515 "-" "Mozilla/5.0 (compatible; Barkrowler/0.9; +https://babbar.tech/crawler)"
217.113.194.112 - - [30/Nov/2025:13:12:17 +0000] "GET /shop/?filter_cat=112%2C114%2C15%2C113&per_page=18&filter_brand=38&filter_campaign=50 HTTP/2" 200 33565 "-" "Mozilla/5.0 (compatible; Barkrowler/0.9; +https://babbar.tech/crawler)"
107.181.234.74 - - [30/Nov/2025:13:12:35 +0000] "POST /wp-cron.php?doing_wp_cron=1764508355.5198740959167480468750 HTTP/2" 200 0 "-" "WordPress/6.8.3; https://alkhidmahnaturalcare.com"
217.113.194.119 - - [30/Nov/2025:13:12:35 +0000] "GET /shop/?filter_cat=112%2C122%2C114%2C117%2C121%2C116&column=4&filter_campaign=51 HTTP/2" 200 31626 "-" "Mozilla/5.0 (compatible; Barkrowler/0.9; +https://babbar.tech/crawler)"
217.113.194.115 - - [30/Nov/2025:13:12:51 +0000] "GET /shop/?filter_cat=113%2C112%2C117%2C121%2C122%2C116%2C114&column=4&per_page=18 HTTP/2" 200 33655 "-" "Mozilla/5.0 (compatible; Barkrowler/0.9; +https://babbar.tech/crawler)"
217.113.194.114 - - [30/Nov/2025:13:13:07 +0000] "GET /shop/?filter_cat=113%2C115%2C114%2C116%2C117%2C112&column=3&filter_campaign=51 HTTP/2" 200 31569 "-" "Mozilla/5.0 (compatible; Barkrowler/0.9; +https://babbar.tech/crawler)"
217.113.194.114 - - [30/Nov/2025:13:13:23 +0000] "GET /shop/?filter_cat=113%2C122%2C117%2C116%2C15&column=4&filter_brand=37&per_page=18 HTTP/2" 200 33504 "-" "Mozilla/5.0 (compatible; Barkrowler/0.9; +https://babbar.tech/crawler)"
66.249.64.97 - - [30/Nov/2025:13:13:24 +0000] "GET /?_g=1946765 HTTP/2" 301 0 "-" "Mozilla/5.0 (Linux; Android 6.0.1; Nexus 5X Build/MMB29P) AppleWebKit/537.36 (KHTML, like Gecko) Chrome/141.0.7390.122 Mobile Safari/537.36 (compatible; Googlebot/2.1; +http://www.google.com/bot.html)"
66.249.70.163 - - [30/Nov/2025:13:13:25 +0000] "GET /?_g=1946765 HTTP/2" 200 34281 "-" "Mozilla/5.0 (Linux; Android 6.0.1; Nexus 5X Build/MMB29P) AppleWebKit/537.36 (KHTML, like Gecko) Chrome/141.0.7390.122 Mobile Safari/537.36 (compatible; Googlebot/2.1; +http://www.google.com/bot.html)"
66.249.70.163 - - [30/Nov/2025:13:13:32 +0000] "POST /?wc-ajax=get_refreshed_fragments HTTP/2" 500 1021 "https://alkhidmahnaturalcare.com/?_g=1946765" "Mozilla/5.0 (Linux; Android 6.0.1; Nexus 5X Build/MMB29P) AppleWebKit/537.36 (KHTML, like Gecko) Chrome/141.0.7390.122 Mobile Safari/537.36 (compatible; Googlebot/2.1; +http://www.google.com/bot.html)"
107.181.234.74 - - [30/Nov/2025:13:13:39 +0000] "POST /wp-cron.php?doing_wp_cron=1764508419.6841800212860107421875 HTTP/2" 200 0 "-" "WordPress/6.8.3; https://alkhidmahnaturalcare.com"
217.113.194.117 - - [30/Nov/2025:13:13:39 +0000] "GET /shop/?filter_cat=113%2C122%2C117%2C116%2C15&filter_brand=39%2C38%2C40&column=4 HTTP/2" 200 31574 "-" "Mozilla/5.0 (compatible; Barkrowler/0.9; +https://babbar.tech/crawler)"
154.54.249.204 - - [30/Nov/2025:13:13:55 +0000] "GET /shop/?filter_cat=113%2C122%2C115%2C121%2C15&per_page=24&filter_brand=42&column=2 HTTP/2" 200 35774 "-" "Mozilla/5.0 (compatible; Barkrowler/0.9; +https://babbar.tech/crawler)"
217.113.194.225 - - [30/Nov/2025:13:14:11 +0000] "GET /shop/?filter_cat=114%2C112%2C113%2C15&per_page=24&filter_brand=41%2C38&column=1 HTTP/2" 200 35610 "-" "Mozilla/5.0 (compatible; Barkrowler/0.9; +https://babbar.tech/crawler)"
66.249.64.99 - - [30/Nov/2025:13:14:19 +0000] "GET /?_g=2247327 HTTP/2" 301 0 "-" "Mozilla/5.0 (Linux; Android 6.0.1; Nexus 5X Build/MMB29P) AppleWebKit/537.36 (KHTML, like Gecko) Chrome/141.0.7390.122 Mobile Safari/537.36 (compatible; Googlebot/2.1; +http://www.google.com/bot.html)"
66.249.70.163 - - [30/Nov/2025:13:14:20 +0000] "GET /?_g=2247327 HTTP/2" 200 34296 "-" "Mozilla/5.0 (Linux; Android 6.0.1; Nexus 5X Build/MMB29P) AppleWebKit/537.36 (KHTML, like Gecko) Chrome/141.0.7390.122 Mobile Safari/537.36 (compatible; Googlebot/2.1; +http://www.google.com/bot.html)"
66.249.70.163 - - [30/Nov/2025:13:14:20 +0000] "GET /shop/?column=2&filter_cat=15%2C113%2C115%2C121&filter_brand=36%2C38%2C39&add-to-cart=10669&per_page=24 HTTP/2" 200 35610 "-" "Mozilla/5.0 (Linux; Android 6.0.1; Nexus 5X Build/MMB29P) AppleWebKit/537.36 (KHTML, like Gecko) Chrome/141.0.7390.122 Mobile Safari/537.36 (compatible; Googlebot/2.1; +http://www.google.com/bot.html)"
217.113.194.116 - - [30/Nov/2025:13:14:28 +0000] "GET /shop/?filter_cat=114%2C15%2C113&filter_brand=35%2C36%2C40&column=4&per_page=24 HTTP/2" 500 1021 "-" "Mozilla/5.0 (compatible; Barkrowler/0.9; +https://babbar.tech/crawler)"
107.181.234.74 - - [30/Nov/2025:13:14:43 +0000] "POST /wp-cron.php?doing_wp_cron=1764508483.8921959400177001953125 HTTP/2" 200 0 "-" "WordPress/6.8.3; https://alkhidmahnaturalcare.com"
217.113.194.113 - - [30/Nov/2025:13:14:43 +0000] "GET /shop/?filter_cat=114%2C117%2C113%2C15&column=1&filter_brand=39%2C36&per_page=9 HTTP/2" 200 30408 "-" "Mozilla/5.0 (compatible; Barkrowler/0.9; +https://babbar.tech/crawler)"
154.54.249.204 - - [30/Nov/2025:13:14:59 +0000] "GET /shop/?filter_cat=114%2C117%2C15%2C122&filter_brand=41%2C35%2C37&per_page=24 HTTP/2" 200 35508 "-" "Mozilla/5.0 (compatible; Barkrowler/0.9; +https://babbar.tech/crawler)"
66.249.64.98 - - [30/Nov/2025:13:15:14 +0000] "GET /?_g=691408 HTTP/2" 301 0 "-" "Mozilla/5.0 (Linux; Android 6.0.1; Nexus 5X Build/MMB29P) AppleWebKit/537.36 (KHTML, like Gecko) Chrome/141.0.7390.122 Mobile Safari/537.36 (compatible; Googlebot/2.1; +http://www.google.com/bot.html)"
66.249.70.164 - - [30/Nov/2025:13:15:15 +0000] "GET /?_g=691408 HTTP/2" 200 34371 "-" "Mozilla/5.0 (Linux; Android 6.0.1; Nexus 5X Build/MMB29P) AppleWebKit/537.36 (KHTML, like Gecko) Chrome/141.0.7390.122 Mobile Safari/537.36 (compatible; Googlebot/2.1; +http://www.google.com/bot.html)"
217.113.194.116 - - [30/Nov/2025:13:15:16 +0000] "GET /shop/?filter_cat=114%2C115%2C113%2C122%2C112&column=5&filter_campaign=51&per_page=12 HTTP/2" 200 31470 "-" "Mozilla/5.0 (compatible; Barkrowler/0.9; +https://babbar.tech/crawler)"
107.181.234.74 - - [30/Nov/2025:13:15:32 +0000] "POST /wp-cron.php?doing_wp_cron=1764508532.7906179428100585937500 HTTP/2" 200 0 "-" "WordPress/6.8.3; https://alkhidmahnaturalcare.com"
217.113.194.116 - - [30/Nov/2025:13:15:32 +0000] "GET /shop/?filter_cat=114%2C115%2C116%2C112%2C15&per_page=24&filter_brand=37&column=2 HTTP/2" 200 35538 "-" "Mozilla/5.0 (compatible; Barkrowler/0.9; +https://babbar.tech/crawler)"
217.113.194.116 - - [30/Nov/2025:13:15:48 +0000] "GET /shop/?filter_cat=114%2C115%2C116%2C122%2C117%2C113&column=4&filter_campaign=50 HTTP/2" 200 31570 "-" "Mozilla/5.0 (compatible; Barkrowler/0.9; +https://babbar.tech/crawler)"
217.113.194.115 - - [30/Nov/2025:13:16:05 +0000] "GET /shop/?filter_cat=114%2C115%2C121%2C122%2C112%2C113&per_page=12&filter_campaign=50 HTTP/2" 200 31484 "-" "Mozilla/5.0 (compatible; Barkrowler/0.9; +https://babbar.tech/crawler)"
66.249.70.171 - - [30/Nov/2025:13:16:09 +0000] "GET /shop/?column=5&filter_cat=121&per_page=18&filter_brand=38%2C40%2C42 HTTP/2" 200 33597 "-" "Mozilla/5.0 (Linux; Android 6.0.1; Nexus 5X Build/MMB29P) AppleWebKit/537.36 (KHTML, like Gecko) Chrome/141.0.7390.122 Mobile Safari/537.36 (compatible; Googlebot/2.1; +http://www.google.com/bot.html)"
217.113.194.116 - - [30/Nov/2025:13:16:21 +0000] "GET /shop/?filter_cat=114%2C115%2C121%2C117%2C113%2C116&per_page=24&filter_campaign=51 HTTP/2" 200 35771 "-" "Mozilla/5.0 (compatible; Barkrowler/0.9; +https://babbar.tech/crawler)"
107.181.234.74 - - [30/Nov/2025:13:16:38 +0000] "POST /wp-cron.php?doing_wp_cron=1764508598.6858479976654052734375 HTTP/2" 200 0 "-" "WordPress/6.8.3; https://alkhidmahnaturalcare.com"
217.113.194.119 - - [30/Nov/2025:13:16:38 +0000] "GET /shop/?filter_cat=114%2C115%2C15%2C122&filter_brand=41%2C35%2C37&column=2 HTTP/2" 200 31567 "-" "Mozilla/5.0 (compatible; Barkrowler/0.9; +https://babbar.tech/crawler)"
217.113.194.118 - - [30/Nov/2025:13:16:54 +0000] "GET /shop/?filter_cat=114%2C115%2C15%2C122%2C117%2C121&per_page=9&filter_campaign=50 HTTP/2" 200 30410 "-" "Mozilla/5.0 (compatible; Barkrowler/0.9; +https://babbar.tech/crawler)"
66.249.70.170 - - [30/Nov/2025:13:17:03 +0000] "GET /shop/?column=5&filter_cat=112,121,116,114&add-to-cart=10157&filter_brand=42%2C41%2C39&per_page=9 HTTP/2" 200 30462 "-" "Mozilla/5.0 (Linux; Android 6.0.1; Nexus 5X Build/MMB29P) AppleWebKit/537.36 (KHTML, like Gecko) Chrome/141.0.7390.122 Mobile Safari/537.36 (compatible; Googlebot/2.1; +http://www.google.com/bot.html)"
66.249.64.97 - - [30/Nov/2025:13:17:04 +0000] "GET /?l=81842231656602 HTTP/2" 301 0 "-" "Mozilla/5.0 (Linux; Android 6.0.1; Nexus 5X Build/MMB29P) AppleWebKit/537.36 (KHTML, like Gecko) Chrome/141.0.7390.122 Mobile Safari/537.36 (compatible; Googlebot/2.1; +http://www.google.com/bot.html)"
66.249.70.169 - - [30/Nov/2025:13:17:04 +0000] "GET /?l=81842231656602 HTTP/2" 200 34358 "-" "Mozilla/5.0 (Linux; Android 6.0.1; Nexus 5X Build/MMB29P) AppleWebKit/537.36 (KHTML, like Gecko) Chrome/141.0.7390.122 Mobile Safari/537.36 (compatible; Googlebot/2.1; +http://www.google.com/bot.html)"
66.249.70.171 - - [30/Nov/2025:13:17:06 +0000] "GET /wp-includes/js/jquery/ui/slider.min.js?ver=1.13.3 HTTP/2" 200 3010 "https://alkhidmahnaturalcare.com/shop/?column=5&filter_cat=112,121,116,114&add-to-cart=10157&filter_brand=42%2C41%2C39&per_page=9" "Mozilla/5.0 (Linux; Android 6.0.1; Nexus 5X Build/MMB29P) AppleWebKit/537.36 (KHTML, like Gecko) Chrome/141.0.7390.122 Mobile Safari/537.36 (compatible; Googlebot/2.1; +http://www.google.com/bot.html)"
217.113.194.112 - - [30/Nov/2025:13:17:10 +0000] "GET /shop/?filter_cat=114%2C113%2C112%2C122%2C115%2C116&column=5&filter_campaign=50 HTTP/2" 500 1021 "-" "Mozilla/5.0 (compatible; Barkrowler/0.9; +https://babbar.tech/crawler)"
217.113.194.115 - - [30/Nov/2025:13:17:26 +0000] "GET /shop/?filter_cat=114%2C121%2C117%2C122%2C115&filter_brand=41&column=2&filter_campaign=50 HTTP/2" 200 31552 "-" "Mozilla/5.0 (compatible; Barkrowler/0.9; +https://babbar.tech/crawler)"
107.181.234.74 - - [30/Nov/2025:13:17:42 +0000] "POST /wp-cron.php?doing_wp_cron=1764508662.6571350097656250000000 HTTP/2" 200 0 "-" "WordPress/6.8.3; https://alkhidmahnaturalcare.com"
217.113.194.115 - - [30/Nov/2025:13:17:42 +0000] "GET /shop/?column=1&filter_brand=39&filter_cat=115%2C114%2C15%2C116&per_page=24 HTTP/2" 200 35537 "-" "Mozilla/5.0 (compatible; Barkrowler/0.9; +https://babbar.tech/crawler)"
66.249.70.169 - - [30/Nov/2025:13:17:58 +0000] "GET /wp-login.php?redirect_to=https%3A%2F%2Falkhidmahnaturalcare.com%2F%3F_g%3D1821430 HTTP/2" 200 1911 "-" "Mozilla/5.0 (Linux; Android 6.0.1; Nexus 5X Build/MMB29P) AppleWebKit/537.36 (KHTML, like Gecko) Chrome/141.0.7390.122 Mobile Safari/537.36 (compatible; Googlebot/2.1; +http://www.google.com/bot.html)"
217.113.194.114 - - [30/Nov/2025:13:17:58 +0000] "GET /shop/?column=1&filter_brand=39&filter_cat=122%2C114%2C115%2C121&per_page=12 HTTP/2" 200 31584 "-" "Mozilla/5.0 (compatible; Barkrowler/0.9; +https://babbar.tech/crawler)"
66.249.70.169 - - [30/Nov/2025:13:17:59 +0000] "GET /?_g=470934 HTTP/2" 200 34387 "-" "Mozilla/5.0 (Linux; Android 6.0.1; Nexus 5X Build/MMB29P) AppleWebKit/537.36 (KHTML, like Gecko) Chrome/141.0.7390.122 Mobile Safari/537.36 (compatible; Googlebot/2.1; +http://www.google.com/bot.html)"
66.249.70.169 - - [30/Nov/2025:13:18:01 +0000] "GET /shop/?column=1&filter_cat=116,112&add-to-cart=10156&per_page=12&filter_brand=40%2C38 HTTP/2" 200 31637 "-" "Mozilla/5.0 (Linux; Android 6.0.1; Nexus 5X Build/MMB29P) AppleWebKit/537.36 (KHTML, like Gecko) Chrome/141.0.7390.122 Mobile Safari/537.36 (compatible; Googlebot/2.1; +http://www.google.com/bot.html)"
66.249.70.169 - - [30/Nov/2025:13:18:02 +0000] "GET /shop/?column=5&filter_brand=39&filter_campaign=51&filter_cat=15%2C117%2C112%2C114%2C115&per_page=18&add-to-cart=10147 HTTP/2" 500 1021 "-" "Mozilla/5.0 (Linux; Android 6.0.1; Nexus 5X Build/MMB29P) AppleWebKit/537.36 (KHTML, like Gecko) Chrome/141.0.7390.122 Mobile Safari/537.36 (compatible; Googlebot/2.1; +http://www.google.com/bot.html)"
66.249.70.169 - - [30/Nov/2025:13:18:02 +0000] "GET /shop/?column=1&filter_cat=115%2C114%2C113%2C121&per_page=9&filter_brand=39%2C41%2C38&filter_campaign=51 HTTP/2" 200 30528 "-" "Mozilla/5.0 (Linux; Android 6.0.1; Nexus 5X Build/MMB29P) AppleWebKit/537.36 (KHTML, like Gecko) Chrome/141.0.7390.122 Mobile Safari/537.36 (compatible; Googlebot/2.1; +http://www.google.com/bot.html)"
66.249.70.169 - - [30/Nov/2025:13:18:04 +0000] "POST /?wc-ajax=get_refreshed_fragments HTTP/2" 200 538 "https://alkhidmahnaturalcare.com/shop/?column=1&filter_cat=116,112&add-to-cart=10156&per_page=12&filter_brand=40%2C38" "Mozilla/5.0 (Linux; Android 6.0.1; Nexus 5X Build/MMB29P) AppleWebKit/537.36 (KHTML, like Gecko) Chrome/141.0.7390.122 Mobile Safari/537.36 (compatible; Googlebot/2.1; +http://www.google.com/bot.html)"
66.249.70.169 - - [30/Nov/2025:13:18:06 +0000] "POST /?wc-ajax=get_refreshed_fragments HTTP/2" 200 538 "https://alkhidmahnaturalcare.com/shop/?column=1&filter_cat=115%2C114%2C113%2C121&per_page=9&filter_brand=39%2C41%2C38&filter_campaign=51" "Mozilla/5.0 (Linux; Android 6.0.1; Nexus 5X Build/MMB29P) AppleWebKit/537.36 (KHTML, like Gecko) Chrome/141.0.7390.122 Mobile Safari/537.36 (compatible; Googlebot/2.1; +http://www.google.com/bot.html)"
217.113.194.118 - - [30/Nov/2025:13:18:16 +0000] "GET /shop/?column=1&filter_brand=39&filter_cat=113%2C115%2C117&filter_campaign=51 HTTP/2" 200 31618 "-" "Mozilla/5.0 (compatible; Barkrowler/0.9; +https://babbar.tech/crawler)"
107.181.234.74 - - [30/Nov/2025:13:18:33 +0000] "POST /wp-cron.php?doing_wp_cron=1764508713.4049561023712158203125 HTTP/2" 200 0 "-" "WordPress/6.8.3; https://alkhidmahnaturalcare.com"
217.113.194.115 - - [30/Nov/2025:13:18:32 +0000] "GET /shop/?column=1&filter_brand=39&filter_cat=116%2C113%2C115%2C122&per_page=9 HTTP/2" 200 30405 "-" "Mozilla/5.0 (compatible; Barkrowler/0.9; +https://babbar.tech/crawler)"
217.113.194.120 - - [30/Nov/2025:13:18:49 +0000] "GET /shop/?column=1&filter_brand=41&filter_cat=115%2C15%2C122%2C114&per_page=24 HTTP/2" 200 35657 "-" "Mozilla/5.0 (compatible; Barkrowler/0.9; +https://babbar.tech/crawler)"
217.113.194.114 - - [30/Nov/2025:13:19:05 +0000] "GET /shop/?column=1&filter_brand=41&filter_cat=114%2C116%2C122%2C113&per_page=24 HTTP/2" 200 35569 "-" "Mozilla/5.0 (compatible; Barkrowler/0.9; +https://babbar.tech/crawler)"
66.249.70.171 - - [30/Nov/2025:13:19:09 +0000] "GET /shop/?column=1&filter_cat=112%2C15%2C114&filter_brand=39%2C41%2C42&add-to-cart=10147&filter_campaign=51&per_page=24 HTTP/2" 200 35616 "-" "Mozilla/5.0 (Linux; Android 6.0.1; Nexus 5X Build/MMB29P) AppleWebKit/537.36 (KHTML, like Gecko) Chrome/141.0.7390.122 Mobile Safari/537.36 (compatible; Googlebot/2.1; +http://www.google.com/bot.html)"
217.113.194.118 - - [30/Nov/2025:13:19:21 +0000] "GET /shop/?column=1&filter_brand=41&filter_cat=117%2C15%2C114%2C122&per_page=12 HTTP/2" 200 31603 "-" "Mozilla/5.0 (compatible; Barkrowler/0.9; +https://babbar.tech/crawler)"
107.181.234.74 - - [30/Nov/2025:13:19:38 +0000] "POST /wp-cron.php?doing_wp_cron=1764508778.4590680599212646484375 HTTP/2" 200 0 "-" "WordPress/6.8.3; https://alkhidmahnaturalcare.com"
217.113.194.119 - - [30/Nov/2025:13:19:37 +0000] "GET /shop/?column=1&filter_brand=41%2C35&filter_cat=115%2C112%2C116&per_page=9 HTTP/2" 200 30551 "-" "Mozilla/5.0 (compatible; Barkrowler/0.9; +https://babbar.tech/crawler)"
217.113.194.113 - - [30/Nov/2025:13:19:54 +0000] "GET /shop/?column=1&filter_brand=41%2C38&filter_cat=121%2C117%2C15&per_page=18 HTTP/2" 200 33526 "-" "Mozilla/5.0 (compatible; Barkrowler/0.9; +https://babbar.tech/crawler)"
217.113.194.118 - - [30/Nov/2025:13:20:10 +0000] "GET /shop/?column=1&filter_brand=41%2C38&filter_cat=113%2C121%2C115&per_page=9 HTTP/2" 200 30496 "-" "Mozilla/5.0 (compatible; Barkrowler/0.9; +https://babbar.tech/crawler)"
66.249.70.171 - - [30/Nov/2025:13:20:22 +0000] "GET /shop/?column=1&filter_cat=112%2C116%2C115%2C114%2C113&per_page=24&filter_brand=37%2C39%2C41&add-to-cart=10669 HTTP/2" 200 35691 "-" "Mozilla/5.0 (Linux; Android 6.0.1; Nexus 5X Build/MMB29P) AppleWebKit/537.36 (KHTML, like Gecko) Chrome/141.0.7390.122 Mobile Safari/537.36 (compatible; Googlebot/2.1; +http://www.google.com/bot.html)"
217.113.194.113 - - [30/Nov/2025:13:20:26 +0000] "GET /shop/?column=1&filter_brand=38%2C35&filter_cat=113%2C15%2C116&per_page=24 HTTP/2" 200 35593 "-" "Mozilla/5.0 (compatible; Barkrowler/0.9; +https://babbar.tech/crawler)"
107.181.234.74 - - [30/Nov/2025:13:20:43 +0000] "POST /wp-cron.php?doing_wp_cron=1764508843.4288260936737060546875 HTTP/2" 200 0 "-" "WordPress/6.8.3; https://alkhidmahnaturalcare.com"
217.113.194.113 - - [30/Nov/2025:13:20:42 +0000] "GET /shop/?column=1&filter_brand=38%2C35&filter_cat=116%2C114%2C112&per_page=18 HTTP/2" 200 33499 "-" "Mozilla/5.0 (compatible; Barkrowler/0.9; +https://babbar.tech/crawler)"
217.113.194.113 - - [30/Nov/2025:13:21:00 +0000] "GET /shop/?column=1&filter_brand=36%2C35&filter_cat=114%2C122%2C115&per_page=24 HTTP/2" 200 35384 "-" "Mozilla/5.0 (compatible; Barkrowler/0.9; +https://babbar.tech/crawler)"
217.113.194.116 - - [30/Nov/2025:13:21:16 +0000] "GET /shop/?column=1&filter_brand=36%2C38&filter_cat=113%2C112%2C115&per_page=9 HTTP/2" 200 30463 "-" "Mozilla/5.0 (compatible; Barkrowler/0.9; +https://babbar.tech/crawler)"
217.113.194.118 - - [30/Nov/2025:13:21:32 +0000] "GET /shop/?column=1&filter_brand=36%2C38&filter_cat=113,116,112,115&per_page=9 HTTP/2" 200 30540 "-" "Mozilla/5.0 (compatible; Barkrowler/0.9; +https://babbar.tech/crawler)"
66.249.70.169 - - [30/Nov/2025:13:21:35 +0000] "GET /shop/?column=3&filter_cat=113%2C115%2C15%2C114%2C122&filter_brand=40%2C42&add-to-cart=10145&per_page=18 HTTP/2" 200 33528 "-" "Mozilla/5.0 (Linux; Android 6.0.1; Nexus 5X Build/MMB29P) AppleWebKit/537.36 (KHTML, like Gecko) Chrome/141.0.7390.122 Mobile Safari/537.36 (compatible; Googlebot/2.1; +http://www.google.com/bot.html)"
185.222.163.90 - - [30/Nov/2025:13:21:39 +0000] "POST /xmlrpc.php HTTP/2" 200 205 "-" "Mozilla/5.0 (Windows NT 6.1; WOW64; Trident/7.0; EIE11;ENUSMSN; rv:11.0) like Gecko"
154.54.249.204 - - [30/Nov/2025:13:21:49 +0000] "GET /shop/?column=1&filter_brand=40%2C35&filter_cat=116%2C113%2C115&per_page=12 HTTP/2" 200 31602 "-" "Mozilla/5.0 (compatible; Barkrowler/0.9; +https://babbar.tech/crawler)"
217.113.194.118 - - [30/Nov/2025:13:22:05 +0000] "GET /shop/?column=1&filter_brand=40%2C38&filter_cat=112%2C114%2C121&per_page=18 HTTP/2" 200 33403 "-" "Mozilla/5.0 (compatible; Barkrowler/0.9; +https://babbar.tech/crawler)"
217.113.194.114 - - [30/Nov/2025:13:22:21 +0000] "GET /shop/?column=1&filter_brand=40%2C38&filter_cat=122%2C114%2C121&per_page=12 HTTP/2" 200 31667 "-" "Mozilla/5.0 (compatible; Barkrowler/0.9; +https://babbar.tech/crawler)"
107.181.234.74 - - [30/Nov/2025:13:22:37 +0000] "POST /wp-cron.php?doing_wp_cron=1764508957.7002100944519042968750 HTTP/2" 200 0 "-" "WordPress/6.8.3; https://alkhidmahnaturalcare.com"
217.113.194.115 - - [30/Nov/2025:13:22:37 +0000] "GET /shop/?column=1&filter_brand=35&filter_cat=122%2C15%2C115%2C116&per_page=9 HTTP/2" 200 30488 "-" "Mozilla/5.0 (compatible; Barkrowler/0.9; +https://babbar.tech/crawler)"
66.249.70.170 - - [30/Nov/2025:13:22:48 +0000] "GET /shop/?column=3&filter_cat=122,121&per_page=24&filter_brand=42%2C39&add-to-cart=10156&filter_campaign=51 HTTP/2" 200 35567 "-" "Mozilla/5.0 (Linux; Android 6.0.1; Nexus 5X Build/MMB29P) AppleWebKit/537.36 (KHTML, like Gecko) Chrome/141.0.7390.122 Mobile Safari/537.36 (compatible; Googlebot/2.1; +http://www.google.com/bot.html)"
66.249.70.171 - - [30/Nov/2025:13:22:51 +0000] "POST /?wc-ajax=get_refreshed_fragments HTTP/2" 200 538 "https://alkhidmahnaturalcare.com/shop/?column=3&filter_cat=122,121&per_page=24&filter_brand=42%2C39&add-to-cart=10156&filter_campaign=51" "Mozilla/5.0 (Linux; Android 6.0.1; Nexus 5X Build/MMB29P) AppleWebKit/537.36 (KHTML, like Gecko) Chrome/141.0.7390.122 Mobile Safari/537.36 (compatible; Googlebot/2.1; +http://www.google.com/bot.html)"
217.113.194.117 - - [30/Nov/2025:13:22:53 +0000] "GET /shop/?column=1&filter_brand=35&filter_cat=15%2C114%2C112%2C121&per_page=24 HTTP/2" 200 35526 "-" "Mozilla/5.0 (compatible; Barkrowler/0.9; +https://babbar.tech/crawler)"
217.113.194.226 - - [30/Nov/2025:13:23:09 +0000] "GET /shop/?column=1&filter_brand=35&filter_cat=113%2C114%2C112&filter_campaign=51 HTTP/2" 200 31501 "-" "Mozilla/5.0 (compatible; Barkrowler/0.9; +https://babbar.tech/crawler)"
31.220.97.154 - - [30/Nov/2025:13:23:21 +0000] "GET / HTTP/2" 200 34355 "-" "Mozilla/5.0 (Macintosh; Intel Mac OS X 10_15_7) AppleWebKit/537.36 (KHTML, like Gecko) Chrome/93.0.4577.0 Safari/537.36"
217.113.194.117 - - [30/Nov/2025:13:23:25 +0000] "GET /shop/?column=1&filter_brand=35&filter_cat=116%2C112%2C113%2C115&per_page=12 HTTP/2" 200 31472 "-" "Mozilla/5.0 (compatible; Barkrowler/0.9; +https://babbar.tech/crawler)"
107.181.234.74 - - [30/Nov/2025:13:23:42 +0000] "POST /wp-cron.php?doing_wp_cron=1764509021.9735989570617675781250 HTTP/2" 200 0 "-" "WordPress/6.8.3; https://alkhidmahnaturalcare.com"
217.113.194.118 - - [30/Nov/2025:13:23:41 +0000] "GET /shop/?column=1&filter_brand=35&filter_cat=116%2C112%2C115%2C121&per_page=12 HTTP/2" 200 31480 "-" "Mozilla/5.0 (compatible; Barkrowler/0.9; +https://babbar.tech/crawler)"
217.113.194.116 - - [30/Nov/2025:13:23:58 +0000] "GET /shop/?column=1&filter_brand=37&filter_cat=112%2C114%2C15%2C122&per_page=12 HTTP/2" 200 31534 "-" "Mozilla/5.0 (compatible; Barkrowler/0.9; +https://babbar.tech/crawler)"
66.249.70.171 - - [30/Nov/2025:13:24:01 +0000] "GET /?_g=985098 HTTP/2" 200 34371 "-" "Mozilla/5.0 (Linux; Android 6.0.1; Nexus 5X Build/MMB29P) AppleWebKit/537.36 (KHTML, like Gecko) Chrome/141.0.7390.122 Mobile Safari/537.36 (compatible; Googlebot/2.1; +http://www.google.com/bot.html)"
217.113.194.226 - - [30/Nov/2025:13:24:14 +0000] "GET /shop/?column=1&filter_brand=37&filter_cat=117%2C15%2C112%2C122&per_page=9 HTTP/2" 200 30553 "-" "Mozilla/5.0 (compatible; Barkrowler/0.9; +https://babbar.tech/crawler)"
107.181.234.74 - - [30/Nov/2025:13:24:31 +0000] "POST /wp-cron.php?doing_wp_cron=1764509070.9410140514373779296875 HTTP/2" 200 0 "-" "WordPress/6.8.3; https://alkhidmahnaturalcare.com"
217.113.194.226 - - [30/Nov/2025:13:24:30 +0000] "GET /shop/?column=1&filter_brand=38&filter_cat=112%2C114%2C116%2C122&per_page=18 HTTP/2" 200 33471 "-" "Mozilla/5.0 (compatible; Barkrowler/0.9; +https://babbar.tech/crawler)"
217.113.194.115 - - [30/Nov/2025:13:24:47 +0000] "GET /shop/?column=1&filter_brand=38&filter_cat=121%2C112%2C122%2C115&per_page=18 HTTP/2" 200 33453 "-" "Mozilla/5.0 (compatible; Barkrowler/0.9; +https://babbar.tech/crawler)"
217.113.194.115 - - [30/Nov/2025:13:25:03 +0000] "GET /shop/?column=1&filter_brand=38&filter_cat=112,114,113,116,117&per_page=24 HTTP/2" 200 35520 "-" "Mozilla/5.0 (compatible; Barkrowler/0.9; +https://babbar.tech/crawler)"
66.249.70.171 - - [30/Nov/2025:13:25:14 +0000] "GET /?_g=2310941 HTTP/2" 200 34282 "-" "Mozilla/5.0 (Linux; Android 6.0.1; Nexus 5X Build/MMB29P) AppleWebKit/537.36 (KHTML, like Gecko) Chrome/141.0.7390.122 Mobile Safari/537.36 (compatible; Googlebot/2.1; +http://www.google.com/bot.html)"
217.113.194.225 - - [30/Nov/2025:13:25:20 +0000] "GET /shop/?column=1&filter_brand=36&filter_cat=113%2C15%2C112%2C117&per_page=18 HTTP/2" 200 33551 "-" "Mozilla/5.0 (compatible; Barkrowler/0.9; +https://babbar.tech/crawler)"
107.181.234.74 - - [30/Nov/2025:13:25:36 +0000] "POST /wp-cron.php?doing_wp_cron=1764509136.8009750843048095703125 HTTP/2" 200 0 "-" "WordPress/6.8.3; https://alkhidmahnaturalcare.com"
217.113.194.119 - - [30/Nov/2025:13:25:36 +0000] "GET /shop/?column=1&filter_brand=36&filter_cat=116%2C113%2C114%2C121&per_page=24 HTTP/2" 200 35632 "-" "Mozilla/5.0 (compatible; Barkrowler/0.9; +https://babbar.tech/crawler)"
217.113.194.119 - - [30/Nov/2025:13:25:52 +0000] "GET /shop/?column=1&filter_brand=36&filter_cat=15%2C114%2C112%2C115&per_page=9 HTTP/2" 200 30510 "-" "Mozilla/5.0 (compatible; Barkrowler/0.9; +https://babbar.tech/crawler)"
217.113.194.226 - - [30/Nov/2025:13:26:09 +0000] "GET /shop/?column=1&filter_brand=42%2C35&filter_cat=114%2C117%2C113&per_page=24 HTTP/2" 200 35551 "-" "Mozilla/5.0 (compatible; Barkrowler/0.9; +https://babbar.tech/crawler)"
217.113.194.113 - - [30/Nov/2025:13:26:25 +0000] "GET /shop/?column=1&filter_brand=42%2C35&filter_cat=15%2C113%2C121&per_page=12 HTTP/2" 200 31496 "-" "Mozilla/5.0 (compatible; Barkrowler/0.9; +https://babbar.tech/crawler)"
107.181.234.74 - - [30/Nov/2025:13:26:42 +0000] "POST /wp-cron.php?doing_wp_cron=1764509201.9912700653076171875000 HTTP/2" 200 0 "-" "WordPress/6.8.3; https://alkhidmahnaturalcare.com"
217.113.194.117 - - [30/Nov/2025:13:26:41 +0000] "GET /shop/?column=1&filter_brand=42%2C35&filter_cat=113%2C114%2C115&per_page=9 HTTP/2" 200 30548 "-" "Mozilla/5.0 (compatible; Barkrowler/0.9; +https://babbar.tech/crawler)"
43.131.23.154 - - [30/Nov/2025:13:26:54 +0000] "GET /cart/ HTTP/2" 200 43465 "-" "Mozilla/5.0 (iPhone; CPU iPhone OS 13_2_3 like Mac OS X) AppleWebKit/605.1.15 (KHTML, like Gecko) Version/13.0.3 Mobile/15E148 Safari/604.1"
217.113.194.114 - - [30/Nov/2025:13:26:57 +0000] "GET /shop/?column=1&filter_brand=42%2C35&filter_cat=116%2C113%2C117&per_page=18 HTTP/2" 200 33542 "-" "Mozilla/5.0 (compatible; Barkrowler/0.9; +https://babbar.tech/crawler)"
217.113.194.119 - - [30/Nov/2025:13:27:13 +0000] "GET /shop/?column=1&filter_brand=42%2C38&filter_cat=115%2C116%2C113&per_page=12 HTTP/2" 200 31525 "-" "Mozilla/5.0 (compatible; Barkrowler/0.9; +https://babbar.tech/crawler)"
66.249.70.163 - - [30/Nov/2025:13:27:14 +0000] "GET /?_g=187825 HTTP/2" 200 34371 "-" "Mozilla/5.0 (Linux; Android 6.0.1; Nexus 5X Build/MMB29P) AppleWebKit/537.36 (KHTML, like Gecko) Chrome/141.0.7390.122 Mobile Safari/537.36 (compatible; Googlebot/2.1; +http://www.google.com/bot.html)"
66.249.70.164 - - [30/Nov/2025:13:27:15 +0000] "GET /shop/?column=2&filter_cat=114%2C121&per_page=9&filter_campaign=50&filter_brand=41,37&add-to-cart=10146 HTTP/2" 200 30702 "-" "Mozilla/5.0 (Linux; Android 6.0.1; Nexus 5X Build/MMB29P) AppleWebKit/537.36 (KHTML, like Gecko) Chrome/141.0.7390.122 Mobile Safari/537.36 (compatible; Googlebot/2.1; +http://www.google.com/bot.html)"
217.113.194.120 - - [30/Nov/2025:13:27:29 +0000] "GET /shop/?column=1&filter_brand=39%2C35&filter_cat=115%2C114%2C121&per_page=24 HTTP/2" 200 35716 "-" "Mozilla/5.0 (compatible; Barkrowler/0.9; +https://babbar.tech/crawler)"
107.181.234.74 - - [30/Nov/2025:13:27:46 +0000] "POST /wp-cron.php?doing_wp_cron=1764509266.3505280017852783203125 HTTP/2" 200 0 "-" "WordPress/6.8.3; https://alkhidmahnaturalcare.com"
217.113.194.225 - - [30/Nov/2025:13:27:45 +0000] "GET /shop/?column=1&filter_brand=37%2C35&filter_cat=115%2C114%2C113&per_page=12 HTTP/2" 200 31571 "-" "Mozilla/5.0 (compatible; Barkrowler/0.9; +https://babbar.tech/crawler)"
66.249.70.162 - - [30/Nov/2025:13:27:51 +0000] "GET /wp-login.php?redirect_to=https%3A%2F%2Falkhidmahnaturalcare.com%2F%3F_g%3D1403418 HTTP/2" 200 1911 "-" "Mozilla/5.0 (Linux; Android 6.0.1; Nexus 5X Build/MMB29P) AppleWebKit/537.36 (KHTML, like Gecko) Chrome/141.0.7390.122 Mobile Safari/537.36 (compatible; Googlebot/2.1; +http://www.google.com/bot.html)"
107.181.234.74 - - [30/Nov/2025:13:27:58 +0000] "POST /wp-cron.php?doing_wp_cron=1764509278.5985701084136962890625 HTTP/2" 200 0 "-" "WordPress/6.8.3; https://alkhidmahnaturalcare.com"
2a03:2880:f806:30:: - - [30/Nov/2025:13:27:58 +0000] "GET /21f9fd9446c1cc0242916a0f13e5b2961375976774782f2f604c035ae93dd542.php HTTP/2" 404 21859 "-" "meta-webindexer/1.1 (+https://developers.facebook.com/docs/sharing/webmasters/crawler)"
217.113.194.120 - - [30/Nov/2025:13:28:02 +0000] "GET /shop/?column=1&filter_brand=37%2C38&filter_cat=114%2C121%2C113&per_page=24 HTTP/2" 200 35639 "-" "Mozilla/5.0 (compatible; Barkrowler/0.9; +https://babbar.tech/crawler)"
154.54.249.204 - - [30/Nov/2025:13:28:18 +0000] "GET /shop/?column=1&filter_brand=35%2C38&filter_cat=115%2C15%2C116&per_page=12 HTTP/2" 200 31522 "-" "Mozilla/5.0 (compatible; Barkrowler/0.9; +https://babbar.tech/crawler)"
107.181.234.74 - - [30/Nov/2025:13:28:35 +0000] "POST /wp-cron.php?doing_wp_cron=1764509315.2984530925750732421875 HTTP/2" 200 0 "-" "WordPress/6.8.3; https://alkhidmahnaturalcare.com"
217.113.194.225 - - [30/Nov/2025:13:28:34 +0000] "GET /shop/?column=1&filter_brand=42&filter_cat=117%2C15%2C114%2C122&per_page=24 HTTP/2" 200 35663 "-" "Mozilla/5.0 (compatible; Barkrowler/0.9; +https://babbar.tech/crawler)"
66.249.70.162 - - [30/Nov/2025:13:28:43 +0000] "GET /shop/?column=2&filter_cat=114%2C122&filter_brand=37%2C40%2C36%2C35%2C42&per_page=18&add-to-cart=10147 HTTP/2" 200 33604 "-" "Mozilla/5.0 (Linux; Android 6.0.1; Nexus 5X Build/MMB29P) AppleWebKit/537.36 (KHTML, like Gecko) Chrome/141.0.7390.122 Mobile Safari/537.36 (compatible; Googlebot/2.1; +http://www.google.com/bot.html)"
217.113.194.119 - - [30/Nov/2025:13:28:51 +0000] "GET /shop/?column=1&filter_brand=42&filter_cat=113%2C112%2C15%2C117&per_page=24 HTTP/2" 200 35550 "-" "Mozilla/5.0 (compatible; Barkrowler/0.9; +https://babbar.tech/crawler)"
