103.198.133.185 - - [30/Nov/2025:16:11:46 +0000] "POST /?wc-ajax=get_refreshed_fragments HTTP/2" 200 538 "https://alkhidmahnaturalcare.com/product/%e0%a6%aa%e0%a7%81%e0%a6%b0%e0%a7%81%e0%a6%b7%e0%a7%87%e0%a6%b0-%e0%a6%aa%e0%a7%87%e0%a6%a8%e0%a6%bf%e0%a6%b8%e0%a7%87%e0%a6%b0-%e0%a6%af%e0%a6%be%e0%a6%ac%e0%a6%a4%e0%a7%80%e0%a6%af%e0%a6%bc/" "Mozilla/5.0 (Linux; Android 10; K) AppleWebKit/537.36 (KHTML, like Gecko) Chrome/142.0.0.0 Mobile Safari/537.36"
103.198.133.185 - - [30/Nov/2025:16:11:49 +0000] "GET /wp-content/uploads/2025/11/Grey-and-Brown-Modern-Skincare-Amazon-Product-Image-2.webp HTTP/2" 200 48604 "https://alkhidmahnaturalcare.com/product/%e0%a6%aa%e0%a7%81%e0%a6%b0%e0%a7%81%e0%a6%b7%e0%a7%87%e0%a6%b0-%e0%a6%aa%e0%a7%87%e0%a6%a8%e0%a6%bf%e0%a6%b8%e0%a7%87%e0%a6%b0-%e0%a6%af%e0%a6%be%e0%a6%ac%e0%a6%a4%e0%a7%80%e0%a6%af%e0%a6%bc/" "Mozilla/5.0 (Linux; Android 10; K) AppleWebKit/537.36 (KHTML, like Gecko) Chrome/142.0.0.0 Mobile Safari/537.36"
103.198.133.185 - - [30/Nov/2025:16:11:51 +0000] "POST /wp-admin/admin-ajax.php HTTP/2" 200 1308 "https://alkhidmahnaturalcare.com/product/%e0%a6%aa%e0%a7%81%e0%a6%b0%e0%a7%81%e0%a6%b7%e0%a7%87%e0%a6%b0-%e0%a6%aa%e0%a7%87%e0%a6%a8%e0%a6%bf%e0%a6%b8%e0%a7%87%e0%a6%b0-%e0%a6%af%e0%a6%be%e0%a6%ac%e0%a6%a4%e0%a7%80%e0%a6%af%e0%a6%bc/" "Mozilla/5.0 (Linux; Android 10; K) AppleWebKit/537.36 (KHTML, like Gecko) Chrome/142.0.0.0 Mobile Safari/537.36"
103.198.133.185 - - [30/Nov/2025:16:12:10 +0000] "GET /wp-content/uploads/2025/11/images_-Sexually-produced_1751480609387.png HTTP/2" 200 88302 "https://alkhidmahnaturalcare.com/" "Mozilla/5.0 (Linux; Android 10; K) AppleWebKit/537.36 (KHTML, like Gecko) Chrome/142.0.0.0 Mobile Safari/537.36"
103.198.133.185 - - [30/Nov/2025:16:12:12 +0000] "GET /wp-content/uploads/2025/11/selfeb-blob-1753602281762.png HTTP/2" 200 127241 "https://alkhidmahnaturalcare.com/" "Mozilla/5.0 (Linux; Android 10; K) AppleWebKit/537.36 (KHTML, like Gecko) Chrome/142.0.0.0 Mobile Safari/537.36"
103.198.133.185 - - [30/Nov/2025:16:12:15 +0000] "GET /wp-content/uploads/2025/11/selfeb-1753617963546.png HTTP/2" 200 99305 "https://alkhidmahnaturalcare.com/" "Mozilla/5.0 (Linux; Android 10; K) AppleWebKit/537.36 (KHTML, like Gecko) Chrome/142.0.0.0 Mobile Safari/537.36"
103.198.133.185 - - [30/Nov/2025:16:12:17 +0000] "GET /wp-content/uploads/2025/11/images_-Itchy-Allergic-Skin-Disease-Subject-Products_1751448203335.png HTTP/2" 200 38325 "https://alkhidmahnaturalcare.com/" "Mozilla/5.0 (Linux; Android 10; K) AppleWebKit/537.36 (KHTML, like Gecko) Chrome/142.0.0.0 Mobile Safari/537.36"
103.198.133.185 - - [30/Nov/2025:16:12:18 +0000] "GET /wp-content/uploads/2025/11/selfeb-itchy-allergic-skin-disease-subject-products-1753287961160.png HTTP/2" 200 73493 "https://alkhidmahnaturalcare.com/" "Mozilla/5.0 (Linux; Android 10; K) AppleWebKit/537.36 (KHTML, like Gecko) Chrome/142.0.0.0 Mobile Safari/537.36"
103.198.133.185 - - [30/Nov/2025:16:12:18 +0000] "GET /wp-content/uploads/2025/11/selfeb-sexually-products-1753622122034.png HTTP/2" 200 113041 "https://alkhidmahnaturalcare.com/" "Mozilla/5.0 (Linux; Android 10; K) AppleWebKit/537.36 (KHTML, like Gecko) Chrome/142.0.0.0 Mobile Safari/537.36"
103.198.133.185 - - [30/Nov/2025:16:12:18 +0000] "GET /wp-content/uploads/2025/11/selfeb-1753618865145.png HTTP/2" 200 117967 "https://alkhidmahnaturalcare.com/" "Mozilla/5.0 (Linux; Android 10; K) AppleWebKit/537.36 (KHTML, like Gecko) Chrome/142.0.0.0 Mobile Safari/537.36"
103.198.133.185 - - [30/Nov/2025:16:12:19 +0000] "GET /wp-content/uploads/2025/11/selfeb-1753624468414.png HTTP/2" 200 110425 "https://alkhidmahnaturalcare.com/" "Mozilla/5.0 (Linux; Android 10; K) AppleWebKit/537.36 (KHTML, like Gecko) Chrome/142.0.0.0 Mobile Safari/537.36"
103.198.133.185 - - [30/Nov/2025:16:12:19 +0000] "GET /wp-content/uploads/2025/11/selfeb-sexually-products-1753623289963.png HTTP/2" 200 84183 "https://alkhidmahnaturalcare.com/" "Mozilla/5.0 (Linux; Android 10; K) AppleWebKit/537.36 (KHTML, like Gecko) Chrome/142.0.0.0 Mobile Safari/537.36"
103.198.133.185 - - [30/Nov/2025:16:12:20 +0000] "GET /wp-content/uploads/2025/11/selfeb-1753624882824.png HTTP/2" 200 110599 "https://alkhidmahnaturalcare.com/" "Mozilla/5.0 (Linux; Android 10; K) AppleWebKit/537.36 (KHTML, like Gecko) Chrome/142.0.0.0 Mobile Safari/537.36"
103.198.133.185 - - [30/Nov/2025:16:12:20 +0000] "GET /wp-content/uploads/2025/11/selfeb-1753613078224.png HTTP/2" 200 102987 "https://alkhidmahnaturalcare.com/" "Mozilla/5.0 (Linux; Android 10; K) AppleWebKit/537.36 (KHTML, like Gecko) Chrome/142.0.0.0 Mobile Safari/537.36"
103.198.133.185 - - [30/Nov/2025:16:12:20 +0000] "GET /wp-content/uploads/2025/11/selfeb-1753712629373.png HTTP/2" 200 126188 "https://alkhidmahnaturalcare.com/" "Mozilla/5.0 (Linux; Android 10; K) AppleWebKit/537.36 (KHTML, like Gecko) Chrome/142.0.0.0 Mobile Safari/537.36"
103.198.133.185 - - [30/Nov/2025:16:12:20 +0000] "POST /?wc-ajax=get_refreshed_fragments HTTP/2" 200 1245 "https://alkhidmahnaturalcare.com/" "Mozilla/5.0 (Linux; Android 10; K) AppleWebKit/537.36 (KHTML, like Gecko) Chrome/142.0.0.0 Mobile Safari/537.36"
103.198.133.185 - - [30/Nov/2025:16:12:20 +0000] "GET /product/%e0%a6%86%e0%a6%b0-%e0%a6%a8%e0%a6%af%e0%a6%bc-%e0%a6%b9%e0%a6%a4%e0%a6%be%e0%a6%b6%e0%a6%be-%e0%a6%aa%e0%a7%8d%e0%a6%b0%e0%a6%95%e0%a7%83%e0%a6%a4%e0%a6%bf%e0%a6%b0-%e0%a6%9b%e0%a7%8b%e0%a6%81/ HTTP/2" 200 31946 "https://alkhidmahnaturalcare.com/" "Mozilla/5.0 (Linux; Android 10; K) AppleWebKit/537.36 (KHTML, like Gecko) Chrome/142.0.0.0 Mobile Safari/537.36"
103.198.133.185 - - [30/Nov/2025:16:12:25 +0000] "GET /product/%e0%a6%b8%e0%a7%8d%e0%a6%a4%e0%a7%8d%e0%a6%b0%e0%a7%80%e0%a6%b0-%e0%a6%95%e0%a6%be%e0%a6%9b%e0%a7%87-%e0%a6%ae%e0%a6%bf%e0%a6%b8%e0%a6%be%e0%a6%87%e0%a6%b2-%e0%a6%8f%e0%a6%b0-%e0%a6%ae%e0%a6%a4/ HTTP/2" 200 33818 "https://alkhidmahnaturalcare.com/" "Mozilla/5.0 (Linux; Android 10; K) AppleWebKit/537.36 (KHTML, like Gecko) Chrome/142.0.0.0 Mobile Safari/537.36"
107.181.234.74 - - [30/Nov/2025:16:12:50 +0000] "POST /wp-cron.php?doing_wp_cron=1764519170.1574120521545410156250 HTTP/2" 200 0 "-" "WordPress/6.8.3; https://alkhidmahnaturalcare.com"
103.198.133.185 - - [30/Nov/2025:16:12:49 +0000] "GET /product-category/sexually-products/ HTTP/2" 200 31652 "https://alkhidmahnaturalcare.com/" "Mozilla/5.0 (Linux; Android 10; K) AppleWebKit/537.36 (KHTML, like Gecko) Chrome/142.0.0.0 Mobile Safari/537.36"
107.181.234.74 - - [30/Nov/2025:16:13:45 +0000] "POST /wp-cron.php?doing_wp_cron=1764519225.3973898887634277343750 HTTP/2" 200 0 "-" "WordPress/6.8.3; https://alkhidmahnaturalcare.com"
66.249.70.162 - - [30/Nov/2025:16:13:44 +0000] "GET /?_g=434 HTTP/2" 200 34299 "-" "Mozilla/5.0 (Linux; Android 6.0.1; Nexus 5X Build/MMB29P) AppleWebKit/537.36 (KHTML, like Gecko) Chrome/141.0.7390.122 Mobile Safari/537.36 (compatible; Googlebot/2.1; +http://www.google.com/bot.html)"
107.181.234.74 - - [30/Nov/2025:16:16:19 +0000] "POST /wp-cron.php?doing_wp_cron=1764519379.6243040561676025390625 HTTP/2" 200 0 "-" "WordPress/6.8.3; https://alkhidmahnaturalcare.com"
43.130.111.40 - - [30/Nov/2025:16:16:19 +0000] "GET /product-category/health-care-products/ HTTP/2" 200 31204 "-" "Mozilla/5.0 (iPhone; CPU iPhone OS 13_2_3 like Mac OS X) AppleWebKit/605.1.15 (KHTML, like Gecko) Version/13.0.3 Mobile/15E148 Safari/604.1"
107.181.234.74 - - [30/Nov/2025:16:16:46 +0000] "POST /wp-cron.php?doing_wp_cron=1764519406.7096149921417236328125 HTTP/2" 200 0 "-" "WordPress/6.8.3; https://alkhidmahnaturalcare.com"
66.249.64.99 - - [30/Nov/2025:16:16:46 +0000] "GET /?_g=482004 HTTP/2" 301 0 "-" "Mozilla/5.0 (Linux; Android 6.0.1; Nexus 5X Build/MMB29P) AppleWebKit/537.36 (KHTML, like Gecko) Chrome/141.0.7390.122 Mobile Safari/537.36 (compatible; Googlebot/2.1; +http://www.google.com/bot.html)"
66.249.64.99 - - [30/Nov/2025:16:16:47 +0000] "GET /?_g=444470 HTTP/2" 301 0 "-" "Mozilla/5.0 (Linux; Android 6.0.1; Nexus 5X Build/MMB29P) AppleWebKit/537.36 (KHTML, like Gecko) Chrome/141.0.7390.122 Mobile Safari/537.36 (compatible; Googlebot/2.1; +http://www.google.com/bot.html)"
66.249.70.163 - - [30/Nov/2025:16:16:48 +0000] "GET /?_g=482004 HTTP/2" 200 34372 "-" "Mozilla/5.0 (Linux; Android 6.0.1; Nexus 5X Build/MMB29P) AppleWebKit/537.36 (KHTML, like Gecko) Chrome/141.0.7390.122 Mobile Safari/537.36 (compatible; Googlebot/2.1; +http://www.google.com/bot.html)"
66.249.70.163 - - [30/Nov/2025:16:16:49 +0000] "GET /?_g=444470 HTTP/2" 200 34369 "-" "Mozilla/5.0 (Linux; Android 6.0.1; Nexus 5X Build/MMB29P) AppleWebKit/537.36 (KHTML, like Gecko) Chrome/141.0.7390.122 Mobile Safari/537.36 (compatible; Googlebot/2.1; +http://www.google.com/bot.html)"
107.181.234.74 - - [30/Nov/2025:16:20:17 +0000] "POST /wp-cron.php?doing_wp_cron=1764519617.5067579746246337890625 HTTP/2" 200 0 "-" "WordPress/6.8.3; https://alkhidmahnaturalcare.com"
2a03:2880:f800:6:: - - [30/Nov/2025:16:20:17 +0000] "GET /product-category/cosmetic-products/?column=4&add-to-cart=10138&per_page=18 HTTP/2" 200 28621 "-" "meta-webindexer/1.1 (+https://developers.facebook.com/docs/sharing/webmasters/crawler)"
107.181.234.74 - - [30/Nov/2025:16:21:50 +0000] "POST /wp-cron.php?doing_wp_cron=1764519710.7579939365386962890625 HTTP/2" 200 0 "-" "WordPress/6.8.3; https://alkhidmahnaturalcare.com"
66.249.70.162 - - [30/Nov/2025:16:21:50 +0000] "GET /shop/?per_page=18&filter_cat=115&filter_brand=42 HTTP/2" 200 33325 "-" "Mozilla/5.0 (Linux; Android 6.0.1; Nexus 5X Build/MMB29P) AppleWebKit/537.36 (KHTML, like Gecko) Chrome/141.0.7390.122 Mobile Safari/537.36 (compatible; Googlebot/2.1; +http://www.google.com/bot.html)"
107.181.234.74 - - [30/Nov/2025:16:23:13 +0000] "POST /wp-cron.php?doing_wp_cron=1764519793.5627789497375488281250 HTTP/2" 200 0 "-" "WordPress/6.8.3; https://alkhidmahnaturalcare.com"
62.146.226.43 - - [30/Nov/2025:16:23:13 +0000] "GET / HTTP/2" 200 34355 "-" "Mozilla/5.0 (Macintosh; Intel Mac OS X 10_15_7) AppleWebKit/537.36 (KHTML, like Gecko) Chrome/93.0.4577.0 Safari/537.36"
107.181.234.74 - - [30/Nov/2025:16:23:52 +0000] "POST /wp-cron.php?doing_wp_cron=1764519832.0627889633178710937500 HTTP/2" 200 0 "-" "WordPress/6.8.3; https://alkhidmahnaturalcare.com"
66.249.64.99 - - [30/Nov/2025:16:23:51 +0000] "GET /?l=3048475538400 HTTP/2" 301 0 "-" "Mozilla/5.0 (Linux; Android 6.0.1; Nexus 5X Build/MMB29P) AppleWebKit/537.36 (KHTML, like Gecko) Chrome/141.0.7390.122 Mobile Safari/537.36 (compatible; Googlebot/2.1; +http://www.google.com/bot.html)"
66.249.70.162 - - [30/Nov/2025:16:23:52 +0000] "GET /?l=3048475538400 HTTP/2" 200 34329 "-" "Mozilla/5.0 (Linux; Android 6.0.1; Nexus 5X Build/MMB29P) AppleWebKit/537.36 (KHTML, like Gecko) Chrome/141.0.7390.122 Mobile Safari/537.36 (compatible; Googlebot/2.1; +http://www.google.com/bot.html)"
107.181.234.74 - - [30/Nov/2025:16:24:54 +0000] "POST /wp-cron.php?doing_wp_cron=1764519894.1684639453887939453125 HTTP/2" 200 0 "-" "WordPress/6.8.3; https://alkhidmahnaturalcare.com"
66.249.64.97 - - [30/Nov/2025:16:24:53 +0000] "GET /?_g=52988 HTTP/2" 301 0 "-" "Mozilla/5.0 (Linux; Android 6.0.1; Nexus 5X Build/MMB29P) AppleWebKit/537.36 (KHTML, like Gecko) Chrome/141.0.7390.122 Mobile Safari/537.36 (compatible; Googlebot/2.1; +http://www.google.com/bot.html)"
66.249.64.99 - - [30/Nov/2025:16:24:54 +0000] "GET /?_g=459740 HTTP/2" 301 0 "-" "Mozilla/5.0 (Linux; Android 6.0.1; Nexus 5X Build/MMB29P) AppleWebKit/537.36 (KHTML, like Gecko) Chrome/141.0.7390.122 Mobile Safari/537.36 (compatible; Googlebot/2.1; +http://www.google.com/bot.html)"
66.249.70.164 - - [30/Nov/2025:16:24:55 +0000] "GET /?_g=52988 HTTP/2" 200 34351 "-" "Mozilla/5.0 (Linux; Android 6.0.1; Nexus 5X Build/MMB29P) AppleWebKit/537.36 (KHTML, like Gecko) Chrome/141.0.7390.122 Mobile Safari/537.36 (compatible; Googlebot/2.1; +http://www.google.com/bot.html)"
66.249.70.162 - - [30/Nov/2025:16:24:56 +0000] "GET /?_g=459740 HTTP/2" 200 34368 "-" "Mozilla/5.0 (Linux; Android 6.0.1; Nexus 5X Build/MMB29P) AppleWebKit/537.36 (KHTML, like Gecko) Chrome/141.0.7390.122 Mobile Safari/537.36 (compatible; Googlebot/2.1; +http://www.google.com/bot.html)"
66.249.64.97 - - [30/Nov/2025:16:24:57 +0000] "GET /?_g=95843 HTTP/2" 500 1021 "-" "Mozilla/5.0 (Linux; Android 6.0.1; Nexus 5X Build/MMB29P) AppleWebKit/537.36 (KHTML, like Gecko) Chrome/141.0.7390.122 Mobile Safari/537.36 (compatible; Googlebot/2.1; +http://www.google.com/bot.html)"
103.73.226.92 - - [30/Nov/2025:16:25:20 +0000] "GET / HTTP/2" 200 34355 "-" "Mozilla/5.0 (Linux; Android 10; K) AppleWebKit/537.36 (KHTML, like Gecko) Chrome/142.0.0.0 Mobile Safari/537.36"
103.73.226.92 - - [30/Nov/2025:16:25:23 +0000] "GET /product/%e0%a6%ac%e0%a6%be%e0%a6%a1%e0%a6%bc%e0%a6%a8%e0%a7%8d%e0%a6%a4-%e0%a6%b6%e0%a6%bf%e0%a6%b6%e0%a7%81%e0%a6%a6%e0%a7%87%e0%a6%b0-%e0%a6%a6%e0%a7%81%e0%a6%b0%e0%a6%a8%e0%a7%8d%e0%a6%a4-%e0%a6%96/ HTTP/2" 200 32349 "https://alkhidmahnaturalcare.com/" "Mozilla/5.0 (Linux; Android 10; K) AppleWebKit/537.36 (KHTML, like Gecko) Chrome/142.0.0.0 Mobile Safari/537.36"
103.73.226.92 - - [30/Nov/2025:16:25:25 +0000] "GET /product/%e0%a6%95%e0%a7%8d%e0%a6%af%e0%a6%be%e0%a6%b2%e0%a6%b8%e0%a6%bf%e0%a6%af%e0%a6%bc%e0%a6%be%e0%a6%ae%e0%a7%87%e0%a6%b0-%e0%a6%af%e0%a6%be%e0%a6%ac%e0%a6%a4%e0%a7%80%e0%a6%af%e0%a6%bc-%e0%a6%98%e0%a6%be/ HTTP/2" 200 31640 "https://alkhidmahnaturalcare.com/" "Mozilla/5.0 (Linux; Android 10; K) AppleWebKit/537.36 (KHTML, like Gecko) Chrome/142.0.0.0 Mobile Safari/537.36"
103.73.226.92 - - [30/Nov/2025:16:25:27 +0000] "GET /product/%e0%a6%a8%e0%a7%8d%e0%a6%af%e0%a6%be%e0%a6%9a%e0%a6%be%e0%a6%b0%e0%a6%be%e0%a6%b2-%e0%a6%aa%e0%a7%87%e0%a6%87%e0%a6%a8-%e0%a6%95%e0%a6%bf%e0%a6%b2%e0%a6%be%e0%a6%b0-%e0%a6%9b%e0%a7%8b%e0%a6%9f/ HTTP/2" 500 1021 "https://alkhidmahnaturalcare.com/" "Mozilla/5.0 (Linux; Android 10; K) AppleWebKit/537.36 (KHTML, like Gecko) Chrome/142.0.0.0 Mobile Safari/537.36"
107.181.234.74 - - [30/Nov/2025:16:25:31 +0000] "POST /wp-cron.php?doing_wp_cron=1764519931.8653280735015869140625 HTTP/2" 200 0 "-" "WordPress/6.8.3; https://alkhidmahnaturalcare.com"
103.73.226.92 - - [30/Nov/2025:16:25:31 +0000] "GET /product/%e0%a6%b6%e0%a6%95%e0%a7%8d%e0%a6%a4%e0%a6%bf-%e0%a6%ac%e0%a7%83%e0%a6%a6%e0%a7%8d%e0%a6%a7%e0%a6%bf-%e0%a6%93-%e0%a6%a6%e0%a7%8d%e0%a6%b0%e0%a7%81%e0%a6%a4-%e0%a6%ac%e0%a7%80%e0%a6%b0%e0%a7%8d/ HTTP/2" 200 34298 "https://alkhidmahnaturalcare.com/" "Mozilla/5.0 (Linux; Android 10; K) AppleWebKit/537.36 (KHTML, like Gecko) Chrome/142.0.0.0 Mobile Safari/537.36"
103.73.226.92 - - [30/Nov/2025:16:25:33 +0000] "GET /product/%e0%a6%a6%e0%a7%8d%e0%a6%b0%e0%a7%81%e0%a6%a4-%e0%a6%ac%e0%a7%80%e0%a6%b0%e0%a7%8d%e0%a6%af%e0%a6%aa%e0%a6%be%e0%a6%a4%e0%a7%87%e0%a6%b0-%e0%a6%b8%e0%a7%8d%e0%a6%a5%e0%a6%be%e0%a6%af%e0%a6%bc%e0%a7%80/ HTTP/2" 200 33374 "https://alkhidmahnaturalcare.com/" "Mozilla/5.0 (Linux; Android 10; K) AppleWebKit/537.36 (KHTML, like Gecko) Chrome/142.0.0.0 Mobile Safari/537.36"
103.73.226.92 - - [30/Nov/2025:16:25:38 +0000] "GET /product/%e0%a6%b0%e0%a6%be%e0%a6%a4%e0%a7%87%e0%a6%b0-%e0%a6%b0%e0%a6%be%e0%a6%9c%e0%a6%be-%e0%a6%aa%e0%a6%be%e0%a6%93%e0%a6%af%e0%a6%bc%e0%a6%be%e0%a6%b0-%e0%a6%97%e0%a7%8b%e0%a6%b2%e0%a7%8d%e0%a6%a1/ HTTP/2" 200 34364 "https://alkhidmahnaturalcare.com/" "Mozilla/5.0 (Linux; Android 10; K) AppleWebKit/537.36 (KHTML, like Gecko) Chrome/142.0.0.0 Mobile Safari/537.36"
103.73.226.92 - - [30/Nov/2025:16:25:39 +0000] "GET /product/%e0%a6%aa%e0%a7%81%e0%a6%b0%e0%a7%81%e0%a6%b7%e0%a6%a4%e0%a7%8d%e0%a6%ac%e0%a7%87-%e0%a6%86%e0%a6%b8%e0%a7%8d%e0%a6%a5%e0%a6%be-%e0%a6%86%e0%a6%a4%e0%a7%8d%e0%a6%ae%e0%a6%ac%e0%a6%bf%e0%a6%b6/ HTTP/2" 500 1021 "https://alkhidmahnaturalcare.com/" "Mozilla/5.0 (Linux; Android 10; K) AppleWebKit/537.36 (KHTML, like Gecko) Chrome/142.0.0.0 Mobile Safari/537.36"
103.73.226.92 - - [30/Nov/2025:16:25:50 +0000] "GET /product/%e0%a6%ae%e0%a7%87%e0%a6%af%e0%a6%bc%e0%a7%87%e0%a6%a6%e0%a7%87%e0%a6%b0-%e0%a6%97%e0%a7%8b%e0%a6%aa%e0%a6%a8-%e0%a6%b8%e0%a6%ae%e0%a6%b8%e0%a7%8d%e0%a6%af%e0%a6%be%e0%a6%b0-%e0%a6%a8%e0%a6%bf/ HTTP/2" 200 30421 "https://alkhidmahnaturalcare.com/" "Mozilla/5.0 (Linux; Android 10; K) AppleWebKit/537.36 (KHTML, like Gecko) Chrome/142.0.0.0 Mobile Safari/537.36"
107.181.234.74 - - [30/Nov/2025:16:27:09 +0000] "POST /wp-cron.php?doing_wp_cron=1764520029.6117250919342041015625 HTTP/2" 200 0 "-" "WordPress/6.8.3; https://alkhidmahnaturalcare.com"
170.106.113.159 - - [30/Nov/2025:16:27:08 +0000] "GET /?add-to-cart=29043 HTTP/2" 200 34501 "-" "Mozilla/5.0 (iPhone; CPU iPhone OS 13_2_3 like Mac OS X) AppleWebKit/605.1.15 (KHTML, like Gecko) Version/13.0.3 Mobile/15E148 Safari/604.1"
107.181.234.74 - - [30/Nov/2025:16:30:53 +0000] "POST /wp-cron.php?doing_wp_cron=1764520253.4928970336914062500000 HTTP/2" 200 0 "-" "WordPress/6.8.3; https://alkhidmahnaturalcare.com"
207.154.196.136 - - [30/Nov/2025:16:30:53 +0000] "POST /xmlrpc.php HTTP/2" 200 186 "-" "Mozilla/5.0 (Windows NT 10.0; Win64; x64; rv:54.0) Gecko/20100101 Firefox/54.0"
107.181.234.74 - - [30/Nov/2025:16:31:58 +0000] "POST /wp-cron.php?doing_wp_cron=1764520318.8708739280700683593750 HTTP/2" 200 0 "-" "WordPress/6.8.3; https://alkhidmahnaturalcare.com"
148.66.155.82 - - [30/Nov/2025:16:31:57 +0000] "POST /xmlrpc.php HTTP/2" 200 205 "-" "Mozilla/5.0 (Macintosh; Intel Mac OS X 10_13_4) AppleWebKit/537.36 (KHTML, like Gecko) Chrome/67.0.3396.62 Safari/537.36"
66.249.64.101 - - [30/Nov/2025:16:31:58 +0000] "GET /?_g=93008 HTTP/2" 301 0 "-" "Mozilla/5.0 (Linux; Android 6.0.1; Nexus 5X Build/MMB29P) AppleWebKit/537.36 (KHTML, like Gecko) Chrome/141.0.7390.122 Mobile Safari/537.36 (compatible; Googlebot/2.1; +http://www.google.com/bot.html)"
66.249.70.162 - - [30/Nov/2025:16:31:59 +0000] "GET /?_g=93008 HTTP/2" 200 34350 "-" "Mozilla/5.0 (Linux; Android 6.0.1; Nexus 5X Build/MMB29P) AppleWebKit/537.36 (KHTML, like Gecko) Chrome/141.0.7390.122 Mobile Safari/537.36 (compatible; Googlebot/2.1; +http://www.google.com/bot.html)"
107.181.234.74 - - [30/Nov/2025:16:32:36 +0000] "POST /wp-cron.php?doing_wp_cron=1764520356.8339250087738037109375 HTTP/2" 200 0 "-" "WordPress/6.8.3; https://alkhidmahnaturalcare.com"
66.249.70.162 - - [30/Nov/2025:16:32:36 +0000] "GET /wp-content/uploads/2025/08/7-300x300.webp HTTP/2" 404 21852 "-" "Googlebot-Image/1.0"
66.249.70.164 - - [30/Nov/2025:16:33:20 +0000] "GET /shop/?column=1&filter_cat=113%2C121&per_page=18&filter_brand=36,42&filter_campaign=51 HTTP/2" 200 33441 "-" "Mozilla/5.0 (Linux; Android 6.0.1; Nexus 5X Build/MMB29P) AppleWebKit/537.36 (KHTML, like Gecko) Chrome/141.0.7390.122 Mobile Safari/537.36 (compatible; Googlebot/2.1; +http://www.google.com/bot.html)"
66.249.70.162 - - [30/Nov/2025:16:33:45 +0000] "GET /wp-content/themes/woodmart/js/scripts/global/ajaxSearch.min.js?ver=8.2.7 HTTP/2" 200 1635 "https://alkhidmahnaturalcare.com/shop/?column=1&filter_cat=113%2C121&per_page=18&filter_brand=36,42&filter_campaign=51" "Mozilla/5.0 (Linux; Android 6.0.1; Nexus 5X Build/MMB29P) AppleWebKit/537.36 (KHTML, like Gecko) Chrome/141.0.7390.122 Mobile Safari/537.36 (compatible; Googlebot/2.1; +http://www.google.com/bot.html)"
107.181.234.74 - - [30/Nov/2025:16:34:08 +0000] "POST /wp-cron.php?doing_wp_cron=1764520448.4438700675964355468750 HTTP/2" 200 0 "-" "WordPress/6.8.3; https://alkhidmahnaturalcare.com"
66.249.70.164 - - [30/Nov/2025:16:34:08 +0000] "GET /?_g=1914421 HTTP/2" 200 34281 "-" "Mozilla/5.0 (Linux; Android 6.0.1; Nexus 5X Build/MMB29P) AppleWebKit/537.36 (KHTML, like Gecko) Chrome/141.0.7390.122 Mobile Safari/537.36 (compatible; Googlebot/2.1; +http://www.google.com/bot.html)"
66.249.70.163 - - [30/Nov/2025:16:34:13 +0000] "POST /?wc-ajax=get_refreshed_fragments HTTP/2" 200 538 "https://alkhidmahnaturalcare.com/?_g=1914421" "Mozilla/5.0 (Linux; Android 6.0.1; Nexus 5X Build/MMB29P) AppleWebKit/537.36 (KHTML, like Gecko) Chrome/141.0.7390.122 Mobile Safari/537.36 (compatible; Googlebot/2.1; +http://www.google.com/bot.html)"
107.181.234.74 - - [30/Nov/2025:16:35:47 +0000] "POST /wp-cron.php?doing_wp_cron=1764520547.4177360534667968750000 HTTP/2" 200 0 "-" "WordPress/6.8.3; https://alkhidmahnaturalcare.com"
66.249.70.162 - - [30/Nov/2025:16:35:46 +0000] "GET /shop/?column=3&filter_cat=15,121,114,115,122 HTTP/2" 200 31480 "-" "Mozilla/5.0 (Linux; Android 6.0.1; Nexus 5X Build/MMB29P) AppleWebKit/537.36 (KHTML, like Gecko) Chrome/141.0.7390.122 Mobile Safari/537.36 (compatible; Googlebot/2.1; +http://www.google.com/bot.html)"
43.157.175.122 - - [30/Nov/2025:16:36:03 +0000] "GET /wishlist/ HTTP/2" 200 22508 "-" "Mozilla/5.0 (iPhone; CPU iPhone OS 13_2_3 like Mac OS X) AppleWebKit/605.1.15 (KHTML, like Gecko) Version/13.0.3 Mobile/15E148 Safari/604.1"
87.121.79.247 - - [30/Nov/2025:16:41:03 +0000] "GET /.git/HEAD HTTP/2" 403 1242 "-" "Mozilla/5.0 (Windows NT 10.0; Win64; x64) AppleWebKit/537.36 (KHTML, like Gecko) Chrome/120.0.0.0 Safari/537.36"
107.181.234.74 - - [30/Nov/2025:16:41:44 +0000] "POST /wp-cron.php?doing_wp_cron=1764520904.2496008872985839843750 HTTP/2" 200 0 "-" "WordPress/6.8.3; https://alkhidmahnaturalcare.com"
107.181.234.74 - - [30/Nov/2025:16:44:29 +0000] "POST /wp-cron.php?doing_wp_cron=1764521069.1746230125427246093750 HTTP/2" 200 0 "-" "WordPress/6.8.3; https://alkhidmahnaturalcare.com"
66.249.64.102 - - [30/Nov/2025:16:44:28 +0000] "GET /?l=0027361493503 HTTP/2" 301 0 "-" "Mozilla/5.0 (Linux; Android 6.0.1; Nexus 5X Build/MMB29P) AppleWebKit/537.36 (KHTML, like Gecko) Chrome/141.0.7390.122 Mobile Safari/537.36 (compatible; Googlebot/2.1; +http://www.google.com/bot.html)"
66.249.64.101 - - [30/Nov/2025:16:44:29 +0000] "GET /?_g=1388950 HTTP/2" 301 0 "-" "Mozilla/5.0 (Linux; Android 6.0.1; Nexus 5X Build/MMB29P) AppleWebKit/537.36 (KHTML, like Gecko) Chrome/141.0.7390.122 Mobile Safari/537.36 (compatible; Googlebot/2.1; +http://www.google.com/bot.html)"
107.181.234.74 - - [30/Nov/2025:16:44:31 +0000] "POST /wp-cron.php?doing_wp_cron=1764521071.0656208992004394531250 HTTP/2" 200 0 "-" "WordPress/6.8.3; https://alkhidmahnaturalcare.com"
66.249.70.163 - - [30/Nov/2025:16:44:30 +0000] "GET /?l=0027361493503 HTTP/2" 200 34332 "-" "Mozilla/5.0 (Linux; Android 6.0.1; Nexus 5X Build/MMB29P) AppleWebKit/537.36 (KHTML, like Gecko) Chrome/141.0.7390.122 Mobile Safari/537.36 (compatible; Googlebot/2.1; +http://www.google.com/bot.html)"
66.249.70.164 - - [30/Nov/2025:16:44:31 +0000] "GET /?_g=1388950 HTTP/2" 200 34281 "-" "Mozilla/5.0 (Linux; Android 6.0.1; Nexus 5X Build/MMB29P) AppleWebKit/537.36 (KHTML, like Gecko) Chrome/141.0.7390.122 Mobile Safari/537.36 (compatible; Googlebot/2.1; +http://www.google.com/bot.html)"
66.249.64.102 - - [30/Nov/2025:16:44:32 +0000] "GET /?_g=1618569 HTTP/2" 500 1021 "-" "Mozilla/5.0 (Linux; Android 6.0.1; Nexus 5X Build/MMB29P) AppleWebKit/537.36 (KHTML, like Gecko) Chrome/141.0.7390.122 Mobile Safari/537.36 (compatible; Googlebot/2.1; +http://www.google.com/bot.html)"
66.249.64.102 - - [30/Nov/2025:16:44:33 +0000] "GET /?_g=1641797 HTTP/2" 301 0 "-" "Mozilla/5.0 (Linux; Android 6.0.1; Nexus 5X Build/MMB29P) AppleWebKit/537.36 (KHTML, like Gecko) Chrome/141.0.7390.122 Mobile Safari/537.36 (compatible; Googlebot/2.1; +http://www.google.com/bot.html)"
66.249.70.163 - - [30/Nov/2025:16:44:34 +0000] "GET /?_g=1641797 HTTP/2" 200 34281 "-" "Mozilla/5.0 (Linux; Android 6.0.1; Nexus 5X Build/MMB29P) AppleWebKit/537.36 (KHTML, like Gecko) Chrome/141.0.7390.122 Mobile Safari/537.36 (compatible; Googlebot/2.1; +http://www.google.com/bot.html)"
107.181.234.74 - - [30/Nov/2025:16:45:41 +0000] "POST /wp-cron.php?doing_wp_cron=1764521141.2855150699615478515625 HTTP/2" 200 0 "-" "WordPress/6.8.3; https://alkhidmahnaturalcare.com"
66.249.64.103 - - [30/Nov/2025:16:45:40 +0000] "GET /?_g=553319 HTTP/2" 301 0 "-" "Mozilla/5.0 (Linux; Android 6.0.1; Nexus 5X Build/MMB29P) AppleWebKit/537.36 (KHTML, like Gecko) Chrome/141.0.7390.122 Mobile Safari/537.36 (compatible; Googlebot/2.1; +http://www.google.com/bot.html)"
66.249.70.164 - - [30/Nov/2025:16:45:41 +0000] "GET /?_g=553319 HTTP/2" 200 34371 "-" "Mozilla/5.0 (Linux; Android 6.0.1; Nexus 5X Build/MMB29P) AppleWebKit/537.36 (KHTML, like Gecko) Chrome/141.0.7390.122 Mobile Safari/537.36 (compatible; Googlebot/2.1; +http://www.google.com/bot.html)"
5.175.234.62 - - [30/Nov/2025:16:46:27 +0000] "GET /wp-login.php?redirect_to=https%3A%2F%2Falkhidmahnaturalcare.com%2Fshop%2F%3Fcolumn%3D4%26filter_cat%3D115%252C112%252C117%252C122%26add-to-cart%3D10147%26filter_brand%3D42%252C37%252C39%26per_page%3D9 HTTP/2" 200 1981 "-" "-"
107.181.234.74 - - [30/Nov/2025:16:47:21 +0000] "POST /wp-cron.php?doing_wp_cron=1764521241.1692090034484863281250 HTTP/2" 200 0 "-" "WordPress/6.8.3; https://alkhidmahnaturalcare.com"
43.132.214.228 - - [30/Nov/2025:16:47:20 +0000] "GET /?add-to-cart=29042 HTTP/2" 200 34510 "-" "Mozilla/5.0 (iPhone; CPU iPhone OS 13_2_3 like Mac OS X) AppleWebKit/605.1.15 (KHTML, like Gecko) Version/13.0.3 Mobile/15E148 Safari/604.1"
54.39.0.251 - - [30/Nov/2025:16:41:43 +0000] "GET /shop/?per_page=12&filter_brand=36 HTTP/2" 200 31449 "-" "Mozilla/5.0 (compatible; AhrefsBot/7.0; +http://ahrefs.com/robot/)"
107.181.234.74 - - [30/Nov/2025:16:48:43 +0000] "POST /wp-cron.php?doing_wp_cron=1764521323.3982870578765869140625 HTTP/2" 200 0 "-" "WordPress/6.8.3; https://alkhidmahnaturalcare.com"
66.249.70.162 - - [30/Nov/2025:16:48:42 +0000] "GET /?_g=415 HTTP/2" 200 34298 "-" "Mozilla/5.0 (Linux; Android 6.0.1; Nexus 5X Build/MMB29P) AppleWebKit/537.36 (KHTML, like Gecko) Chrome/141.0.7390.122 Mobile Safari/537.36 (compatible; Googlebot/2.1; +http://www.google.com/bot.html)"
107.181.234.74 - - [30/Nov/2025:16:49:44 +0000] "POST /wp-cron.php?doing_wp_cron=1764521384.5464940071105957031250 HTTP/2" 200 0 "-" "WordPress/6.8.3; https://alkhidmahnaturalcare.com"
66.249.70.169 - - [30/Nov/2025:16:49:44 +0000] "GET /shop/?column=4&filter_cat=115%2C116&filter_brand=41 HTTP/2" 200 31459 "-" "Mozilla/5.0 (Linux; Android 6.0.1; Nexus 5X Build/MMB29P) AppleWebKit/537.36 (KHTML, like Gecko) Chrome/141.0.7390.122 Mobile Safari/537.36 (compatible; Googlebot/2.1; +http://www.google.com/bot.html)"
107.181.234.74 - - [30/Nov/2025:16:50:45 +0000] "POST /wp-cron.php?doing_wp_cron=1764521445.8455510139465332031250 HTTP/2" 200 0 "-" "WordPress/6.8.3; https://alkhidmahnaturalcare.com"
66.249.64.103 - - [30/Nov/2025:16:50:45 +0000] "GET /?_g=1900128 HTTP/2" 301 0 "-" "Mozilla/5.0 (Linux; Android 6.0.1; Nexus 5X Build/MMB29P) AppleWebKit/537.36 (KHTML, like Gecko) Chrome/141.0.7390.122 Mobile Safari/537.36 (compatible; Googlebot/2.1; +http://www.google.com/bot.html)"
66.249.70.170 - - [30/Nov/2025:16:50:46 +0000] "GET /?_g=1900128 HTTP/2" 200 34282 "-" "Mozilla/5.0 (Linux; Android 6.0.1; Nexus 5X Build/MMB29P) AppleWebKit/537.36 (KHTML, like Gecko) Chrome/141.0.7390.122 Mobile Safari/537.36 (compatible; Googlebot/2.1; +http://www.google.com/bot.html)"
107.181.234.74 - - [30/Nov/2025:16:53:48 +0000] "POST /wp-cron.php?doing_wp_cron=1764521628.1495370864868164062500 HTTP/2" 200 0 "-" "WordPress/6.8.3; https://alkhidmahnaturalcare.com"
66.249.70.170 - - [30/Nov/2025:16:53:47 +0000] "GET /shop/?column=5&filter_cat=122%2C112%2C116&per_page=9 HTTP/2" 200 30499 "-" "Mozilla/5.0 (Linux; Android 6.0.1; Nexus 5X Build/MMB29P) AppleWebKit/537.36 (KHTML, like Gecko) Chrome/141.0.7390.122 Mobile Safari/537.36 (compatible; Googlebot/2.1; +http://www.google.com/bot.html)"
66.249.70.169 - - [30/Nov/2025:16:53:48 +0000] "GET /shop/?column=4&filter_cat=121%2C15%2C112%2C116&filter_campaign=50 HTTP/2" 200 31654 "-" "Mozilla/5.0 (Linux; Android 6.0.1; Nexus 5X Build/MMB29P) AppleWebKit/537.36 (KHTML, like Gecko) Chrome/141.0.7390.122 Mobile Safari/537.36 (compatible; Googlebot/2.1; +http://www.google.com/bot.html)"
107.181.234.74 - - [30/Nov/2025:16:55:04 +0000] "POST /wp-cron.php?doing_wp_cron=1764521704.7337360382080078125000 HTTP/2" 200 0 "-" "WordPress/6.8.3; https://alkhidmahnaturalcare.com"
66.249.64.101 - - [30/Nov/2025:16:55:04 +0000] "GET /?l=374777110402 HTTP/2" 301 0 "-" "Mozilla/5.0 (Linux; Android 6.0.1; Nexus 5X Build/MMB29P) AppleWebKit/537.36 (KHTML, like Gecko) Chrome/141.0.7390.122 Mobile Safari/537.36 (compatible; Googlebot/2.1; +http://www.google.com/bot.html)"
66.249.70.164 - - [30/Nov/2025:16:55:05 +0000] "GET /?l=374777110402 HTTP/2" 200 34300 "-" "Mozilla/5.0 (Linux; Android 6.0.1; Nexus 5X Build/MMB29P) AppleWebKit/537.36 (KHTML, like Gecko) Chrome/141.0.7390.122 Mobile Safari/537.36 (compatible; Googlebot/2.1; +http://www.google.com/bot.html)"
107.181.234.74 - - [30/Nov/2025:16:56:22 +0000] "POST /wp-cron.php?doing_wp_cron=1764521782.2912750244140625000000 HTTP/2" 200 0 "-" "WordPress/6.8.3; https://alkhidmahnaturalcare.com"
43.166.237.57 - - [30/Nov/2025:16:56:21 +0000] "GET /wp-json/oembed/1.0/embed?url=https%3A%2F%2Falkhidmahnaturalcare.com%2F HTTP/2" 200 1021 "-" "Mozilla/5.0 (iPhone; CPU iPhone OS 13_2_3 like Mac OS X) AppleWebKit/605.1.15 (KHTML, like Gecko) Version/13.0.3 Mobile/15E148 Safari/604.1"
107.181.234.74 - - [30/Nov/2025:16:56:58 +0000] "POST /wp-cron.php?doing_wp_cron=1764521818.7573890686035156250000 HTTP/2" 200 0 "-" "WordPress/6.8.3; https://alkhidmahnaturalcare.com"
66.249.64.103 - - [30/Nov/2025:16:56:58 +0000] "GET /?l=4112695992802 HTTP/2" 301 0 "-" "Mozilla/5.0 (Linux; Android 6.0.1; Nexus 5X Build/MMB29P) AppleWebKit/537.36 (KHTML, like Gecko) Chrome/141.0.7390.122 Mobile Safari/537.36 (compatible; Googlebot/2.1; +http://www.google.com/bot.html)"
66.249.70.162 - - [30/Nov/2025:16:56:59 +0000] "GET /?l=4112695992802 HTTP/2" 200 34336 "-" "Mozilla/5.0 (Linux; Android 6.0.1; Nexus 5X Build/MMB29P) AppleWebKit/537.36 (KHTML, like Gecko) Chrome/141.0.7390.122 Mobile Safari/537.36 (compatible; Googlebot/2.1; +http://www.google.com/bot.html)"
5.175.234.28 - - [30/Nov/2025:16:57:09 +0000] "GET /wp-login.php?redirect_to=https%3A%2F%2Falkhidmahnaturalcare.com%2Fshop%2F%3Fcolumn%3D4%26filter_cat%3D115%252C112%252C117%252C122%26add-to-cart%3D10147%26filter_brand%3D42%252C37%252C39%26per_page%3D9 HTTP/2" 200 1981 "-" "-"
107.181.234.74 - - [30/Nov/2025:16:57:31 +0000] "POST /wp-cron.php?doing_wp_cron=1764521851.5238430500030517578125 HTTP/2" 200 0 "-" "WordPress/6.8.3; https://alkhidmahnaturalcare.com"
66.249.64.103 - - [30/Nov/2025:16:57:31 +0000] "GET /?_g=352270 HTTP/2" 301 0 "-" "Mozilla/5.0 (Linux; Android 6.0.1; Nexus 5X Build/MMB29P) AppleWebKit/537.36 (KHTML, like Gecko) Chrome/141.0.7390.122 Mobile Safari/537.36 (compatible; Googlebot/2.1; +http://www.google.com/bot.html)"
66.249.70.163 - - [30/Nov/2025:16:57:31 +0000] "GET /?_g=352270 HTTP/2" 200 34369 "-" "Mozilla/5.0 (Linux; Android 6.0.1; Nexus 5X Build/MMB29P) AppleWebKit/537.36 (KHTML, like Gecko) Chrome/141.0.7390.122 Mobile Safari/537.36 (compatible; Googlebot/2.1; +http://www.google.com/bot.html)"
107.181.234.74 - - [30/Nov/2025:17:00:10 +0000] "POST /wp-cron.php?doing_wp_cron=1764522010.6658449172973632812500 HTTP/2" 200 0 "-" "WordPress/6.8.3; https://alkhidmahnaturalcare.com"
66.249.64.102 - - [30/Nov/2025:17:00:10 +0000] "GET /?_g=2505684 HTTP/2" 301 0 "-" "Mozilla/5.0 (Linux; Android 6.0.1; Nexus 5X Build/MMB29P) AppleWebKit/537.36 (KHTML, like Gecko) Chrome/141.0.7390.122 Mobile Safari/537.36 (compatible; Googlebot/2.1; +http://www.google.com/bot.html)"
66.249.70.163 - - [30/Nov/2025:17:00:11 +0000] "GET /?_g=2505684 HTTP/2" 200 34282 "-" "Mozilla/5.0 (Linux; Android 6.0.1; Nexus 5X Build/MMB29P) AppleWebKit/537.36 (KHTML, like Gecko) Chrome/141.0.7390.122 Mobile Safari/537.36 (compatible; Googlebot/2.1; +http://www.google.com/bot.html)"
107.181.234.74 - - [30/Nov/2025:17:02:13 +0000] "POST /wp-cron.php?doing_wp_cron=1764522133.1987459659576416015625 HTTP/2" 200 0 "-" "WordPress/6.8.3; https://alkhidmahnaturalcare.com"
66.249.64.101 - - [30/Nov/2025:17:02:12 +0000] "GET /?_g=57464 HTTP/2" 301 0 "-" "Mozilla/5.0 (Linux; Android 6.0.1; Nexus 5X Build/MMB29P) AppleWebKit/537.36 (KHTML, like Gecko) Chrome/141.0.7390.122 Mobile Safari/537.36 (compatible; Googlebot/2.1; +http://www.google.com/bot.html)"
66.249.70.162 - - [30/Nov/2025:17:02:13 +0000] "GET /?_g=57464 HTTP/2" 200 34351 "-" "Mozilla/5.0 (Linux; Android 6.0.1; Nexus 5X Build/MMB29P) AppleWebKit/537.36 (KHTML, like Gecko) Chrome/141.0.7390.122 Mobile Safari/537.36 (compatible; Googlebot/2.1; +http://www.google.com/bot.html)"
107.181.234.74 - - [30/Nov/2025:17:06:27 +0000] "POST /wp-cron.php?doing_wp_cron=1764522387.5406589508056640625000 HTTP/2" 200 0 "-" "WordPress/6.8.3; https://alkhidmahnaturalcare.com"
170.106.11.6 - - [30/Nov/2025:17:06:26 +0000] "GET /my-account/ HTTP/2" 200 23108 "-" "Mozilla/5.0 (iPhone; CPU iPhone OS 13_2_3 like Mac OS X) AppleWebKit/605.1.15 (KHTML, like Gecko) Version/13.0.3 Mobile/15E148 Safari/604.1"
107.181.234.74 - - [30/Nov/2025:17:08:24 +0000] "POST /wp-cron.php?doing_wp_cron=1764522503.9259159564971923828125 HTTP/2" 200 0 "-" "WordPress/6.8.3; https://alkhidmahnaturalcare.com"
173.236.217.44 - - [30/Nov/2025:17:08:23 +0000] "POST /xmlrpc.php HTTP/2" 200 205 "-" "Mozilla/4.0 (compatible; MSIE 7.0; Windows NT 6.1; WOW64; Trident/7.0; SLCC2; .NET CLR 2.0.50727; .NET CLR 3.5.30729; .NET CLR 3.0.30729; Media Center PC 6.0; .NET4.0C; .NET4.0E; MS-RTC LM 8)"
107.181.234.74 - - [30/Nov/2025:17:15:03 +0000] "POST /wp-cron.php?doing_wp_cron=1764522903.6776719093322753906250 HTTP/2" 200 0 "-" "WordPress/6.8.3; https://alkhidmahnaturalcare.com"
66.249.64.102 - - [30/Nov/2025:17:15:02 +0000] "GET /?_g=557598 HTTP/2" 301 0 "-" "Mozilla/5.0 (Linux; Android 6.0.1; Nexus 5X Build/MMB29P) AppleWebKit/537.36 (KHTML, like Gecko) Chrome/141.0.7390.122 Mobile Safari/537.36 (compatible; Googlebot/2.1; +http://www.google.com/bot.html)"
66.249.70.169 - - [30/Nov/2025:17:15:04 +0000] "GET /?_g=557598 HTTP/2" 200 34371 "-" "Mozilla/5.0 (Linux; Android 6.0.1; Nexus 5X Build/MMB29P) AppleWebKit/537.36 (KHTML, like Gecko) Chrome/141.0.7390.122 Mobile Safari/537.36 (compatible; Googlebot/2.1; +http://www.google.com/bot.html)"
2a14:7c1::2 - - [30/Nov/2025:17:16:51 +0000] "GET /.env HTTP/2" 401 53 "-" "Mozilla/5.0 (Windows NT 10.0; Win64; x64) AppleWebKit/537.36 (KHTML, like Gecko) Chrome/134.0.0.0 Safari/537.3"
2a14:7c1::2 - - [30/Nov/2025:17:16:51 +0000] "GET /.env HTTP/2" 401 53 "-" "Mozilla/5.0 (Windows NT 10.0; Win64; x64) AppleWebKit/537.36 (KHTML, like Gecko) Chrome/134.0.0.0 Safari/537.3"
2a14:7c1::2 - - [30/Nov/2025:17:16:51 +0000] "GET /.env HTTP/2" 400 52 "-" "Mozilla/5.0 (Windows NT 10.0; Win64; x64) AppleWebKit/537.36 (KHTML, like Gecko) Chrome/134.0.0.0 Safari/537.3"
2a14:7c1::2 - - [30/Nov/2025:17:16:51 +0000] "GET /.env HTTP/2" 200 12432 "-" "Mozilla/5.0 (Windows NT 10.0; Win64; x64) AppleWebKit/537.36 (KHTML, like Gecko) Chrome/134.0.0.0 Safari/537.3"
2a14:7c1::2 - - [30/Nov/2025:17:16:51 +0000] "GET /.env HTTP/2" 200 12426 "-" "Mozilla/5.0 (Windows NT 10.0; Win64; x64) AppleWebKit/537.36 (KHTML, like Gecko) Chrome/134.0.0.0 Safari/537.3"
2a14:7c1::2 - - [30/Nov/2025:17:16:51 +0000] "GET /.env HTTP/2" 401 53 "-" "Mozilla/5.0 (Windows NT 10.0; Win64; x64) AppleWebKit/537.36 (KHTML, like Gecko) Chrome/134.0.0.0 Safari/537.3"
204.76.203.25 - - [30/Nov/2025:17:16:52 +0000] "GET /.env HTTP/1.1" 404 104265 "-" "Mozilla/5.0 (Windows NT 10.0; Win64; x64) AppleWebKit/537.36 (KHTML, like Gecko) Chrome/134.0.0.0 Safari/537.3"
43.166.238.12 - - [30/Nov/2025:17:16:55 +0000] "GET /product-category/combo-pack/ HTTP/2" 500 1021 "-" "Mozilla/5.0 (iPhone; CPU iPhone OS 13_2_3 like Mac OS X) AppleWebKit/605.1.15 (KHTML, like Gecko) Version/13.0.3 Mobile/15E148 Safari/604.1"
66.249.64.102 - - [30/Nov/2025:17:17:27 +0000] "GET /?_g=328962 HTTP/2" 301 0 "-" "Mozilla/5.0 (Linux; Android 6.0.1; Nexus 5X Build/MMB29P) AppleWebKit/537.36 (KHTML, like Gecko) Chrome/141.0.7390.122 Mobile Safari/537.36 (compatible; Googlebot/2.1; +http://www.google.com/bot.html)"
66.249.70.169 - - [30/Nov/2025:17:17:28 +0000] "GET /?_g=328962 HTTP/2" 200 34371 "-" "Mozilla/5.0 (Linux; Android 6.0.1; Nexus 5X Build/MMB29P) AppleWebKit/537.36 (KHTML, like Gecko) Chrome/141.0.7390.122 Mobile Safari/537.36 (compatible; Googlebot/2.1; +http://www.google.com/bot.html)"
107.181.234.74 - - [30/Nov/2025:17:18:29 +0000] "POST /wp-cron.php?doing_wp_cron=1764523109.8098530769348144531250 HTTP/2" 200 0 "-" "WordPress/6.8.3; https://alkhidmahnaturalcare.com"
66.249.64.103 - - [30/Nov/2025:17:18:29 +0000] "GET /?_g=1344737 HTTP/2" 301 0 "-" "Mozilla/5.0 (Linux; Android 6.0.1; Nexus 5X Build/MMB29P) AppleWebKit/537.36 (KHTML, like Gecko) Chrome/141.0.7390.122 Mobile Safari/537.36 (compatible; Googlebot/2.1; +http://www.google.com/bot.html)"
66.249.70.169 - - [30/Nov/2025:17:18:30 +0000] "GET /?_g=1344737 HTTP/2" 200 34282 "-" "Mozilla/5.0 (Linux; Android 6.0.1; Nexus 5X Build/MMB29P) AppleWebKit/537.36 (KHTML, like Gecko) Chrome/141.0.7390.122 Mobile Safari/537.36 (compatible; Googlebot/2.1; +http://www.google.com/bot.html)"
66.249.70.171 - - [30/Nov/2025:17:19:10 +0000] "GET /wp-content/uploads/2025/08/images_-Health-care-products_1751483975531-370x370.png HTTP/2" 404 21883 "-" "Googlebot-Image/1.0"
107.181.234.74 - - [30/Nov/2025:17:20:32 +0000] "POST /wp-cron.php?doing_wp_cron=1764523232.2475469112396240234375 HTTP/2" 200 0 "-" "WordPress/6.8.3; https://alkhidmahnaturalcare.com"
66.249.64.97 - - [30/Nov/2025:17:20:31 +0000] "GET /?_g=1889170 HTTP/2" 301 0 "-" "Mozilla/5.0 (Linux; Android 6.0.1; Nexus 5X Build/MMB29P) AppleWebKit/537.36 (KHTML, like Gecko) Chrome/141.0.7390.122 Mobile Safari/537.36 (compatible; Googlebot/2.1; +http://www.google.com/bot.html)"
66.249.70.163 - - [30/Nov/2025:17:20:32 +0000] "GET /?_g=1889170 HTTP/2" 200 34281 "-" "Mozilla/5.0 (Linux; Android 6.0.1; Nexus 5X Build/MMB29P) AppleWebKit/537.36 (KHTML, like Gecko) Chrome/141.0.7390.122 Mobile Safari/537.36 (compatible; Googlebot/2.1; +http://www.google.com/bot.html)"
107.181.234.74 - - [30/Nov/2025:17:21:34 +0000] "POST /wp-cron.php?doing_wp_cron=1764523294.4121420383453369140625 HTTP/2" 200 0 "-" "WordPress/6.8.3; https://alkhidmahnaturalcare.com"
66.249.64.99 - - [30/Nov/2025:17:21:33 +0000] "GET /?_g=143513 HTTP/2" 301 0 "-" "Mozilla/5.0 (Linux; Android 6.0.1; Nexus 5X Build/MMB29P) AppleWebKit/537.36 (KHTML, like Gecko) Chrome/141.0.7390.122 Mobile Safari/537.36 (compatible; Googlebot/2.1; +http://www.google.com/bot.html)"
66.249.64.97 - - [30/Nov/2025:17:21:34 +0000] "GET /?_g=596803 HTTP/2" 301 0 "-" "Mozilla/5.0 (Linux; Android 6.0.1; Nexus 5X Build/MMB29P) AppleWebKit/537.36 (KHTML, like Gecko) Chrome/141.0.7390.122 Mobile Safari/537.36 (compatible; Googlebot/2.1; +http://www.google.com/bot.html)"
66.249.64.98 - - [30/Nov/2025:17:21:35 +0000] "GET /?_g=1035697 HTTP/2" 301 0 "-" "Mozilla/5.0 (Linux; Android 6.0.1; Nexus 5X Build/MMB29P) AppleWebKit/537.36 (KHTML, like Gecko) Chrome/141.0.7390.122 Mobile Safari/537.36 (compatible; Googlebot/2.1; +http://www.google.com/bot.html)"
66.249.70.162 - - [30/Nov/2025:17:21:36 +0000] "GET /?_g=143513 HTTP/2" 200 34369 "-" "Mozilla/5.0 (Linux; Android 6.0.1; Nexus 5X Build/MMB29P) AppleWebKit/537.36 (KHTML, like Gecko) Chrome/141.0.7390.122 Mobile Safari/537.36 (compatible; Googlebot/2.1; +http://www.google.com/bot.html)"
66.249.70.162 - - [30/Nov/2025:17:21:37 +0000] "GET /?_g=596803 HTTP/2" 500 1021 "-" "Mozilla/5.0 (Linux; Android 6.0.1; Nexus 5X Build/MMB29P) AppleWebKit/537.36 (KHTML, like Gecko) Chrome/141.0.7390.122 Mobile Safari/537.36 (compatible; Googlebot/2.1; +http://www.google.com/bot.html)"
66.249.70.164 - - [30/Nov/2025:17:21:38 +0000] "GET /?_g=1035697 HTTP/2" 200 34282 "-" "Mozilla/5.0 (Linux; Android 6.0.1; Nexus 5X Build/MMB29P) AppleWebKit/537.36 (KHTML, like Gecko) Chrome/141.0.7390.122 Mobile Safari/537.36 (compatible; Googlebot/2.1; +http://www.google.com/bot.html)"
66.249.70.163 - - [30/Nov/2025:17:21:42 +0000] "GET /wp-content/themes/woodmart/css/parts/woo-product-loop.min.css?ver=8.2.7 HTTP/2" 200 1524 "https://alkhidmahnaturalcare.com/?_g=143513" "Mozilla/5.0 (Linux; Android 6.0.1; Nexus 5X Build/MMB29P) AppleWebKit/537.36 (KHTML, like Gecko) Chrome/141.0.7390.122 Mobile Safari/537.36 (compatible; Googlebot/2.1; +http://www.google.com/bot.html)"
66.249.64.97 - - [30/Nov/2025:17:21:58 +0000] "GET /?_g=977621 HTTP/2" 301 0 "-" "Mozilla/5.0 (Linux; Android 6.0.1; Nexus 5X Build/MMB29P) AppleWebKit/537.36 (KHTML, like Gecko) Chrome/141.0.7390.122 Mobile Safari/537.36 (compatible; Googlebot/2.1; +http://www.google.com/bot.html)"
66.249.70.162 - - [30/Nov/2025:17:21:58 +0000] "GET /shop/?column=2&filter_cat=112,116,113,117,114,115&filter_brand=40%2C37&per_page=12 HTTP/2" 200 31648 "-" "Mozilla/5.0 (Linux; Android 6.0.1; Nexus 5X Build/MMB29P) AppleWebKit/537.36 (KHTML, like Gecko) Chrome/141.0.7390.122 Mobile Safari/537.36 (compatible; Googlebot/2.1; +http://www.google.com/bot.html)"
66.249.70.162 - - [30/Nov/2025:17:21:59 +0000] "GET /?_g=158988 HTTP/2" 200 34371 "-" "Mozilla/5.0 (Linux; Android 6.0.1; Nexus 5X Build/MMB29P) AppleWebKit/537.36 (KHTML, like Gecko) Chrome/141.0.7390.122 Mobile Safari/537.36 (compatible; Googlebot/2.1; +http://www.google.com/bot.html)"
66.249.70.162 - - [30/Nov/2025:17:22:01 +0000] "GET /?_g=977621 HTTP/2" 500 1021 "-" "Mozilla/5.0 (Linux; Android 6.0.1; Nexus 5X Build/MMB29P) AppleWebKit/537.36 (KHTML, like Gecko) Chrome/141.0.7390.122 Mobile Safari/537.36 (compatible; Googlebot/2.1; +http://www.google.com/bot.html)"
66.249.64.97 - - [30/Nov/2025:17:22:17 +0000] "GET /?_g=2033863 HTTP/2" 301 0 "-" "Mozilla/5.0 (Linux; Android 6.0.1; Nexus 5X Build/MMB29P) AppleWebKit/537.36 (KHTML, like Gecko) Chrome/141.0.7390.122 Mobile Safari/537.36 (compatible; Googlebot/2.1; +http://www.google.com/bot.html)"
66.249.70.162 - - [30/Nov/2025:17:22:18 +0000] "GET /?_g=2033863 HTTP/2" 200 34281 "-" "Mozilla/5.0 (Linux; Android 6.0.1; Nexus 5X Build/MMB29P) AppleWebKit/537.36 (KHTML, like Gecko) Chrome/141.0.7390.122 Mobile Safari/537.36 (compatible; Googlebot/2.1; +http://www.google.com/bot.html)"
107.181.234.74 - - [30/Nov/2025:17:23:56 +0000] "POST /wp-cron.php?doing_wp_cron=1764523436.4052670001983642578125 HTTP/2" 200 0 "-" "WordPress/6.8.3; https://alkhidmahnaturalcare.com"
31.220.97.151 - - [30/Nov/2025:17:23:55 +0000] "GET / HTTP/2" 200 34355 "-" "Mozilla/5.0 (Macintosh; Intel Mac OS X 10_15_7) AppleWebKit/537.36 (KHTML, like Gecko) Chrome/93.0.4577.0 Safari/537.36"
107.181.234.74 - - [30/Nov/2025:17:24:45 +0000] "POST /wp-cron.php?doing_wp_cron=1764523485.4732100963592529296875 HTTP/2" 200 0 "-" "WordPress/6.8.3; https://alkhidmahnaturalcare.com"
66.249.64.97 - - [30/Nov/2025:17:24:44 +0000] "GET /?_g=290107 HTTP/2" 301 0 "-" "Mozilla/5.0 (Linux; Android 6.0.1; Nexus 5X Build/MMB29P) AppleWebKit/537.36 (KHTML, like Gecko) Chrome/141.0.7390.122 Mobile Safari/537.36 (compatible; Googlebot/2.1; +http://www.google.com/bot.html)"
66.249.70.162 - - [30/Nov/2025:17:24:45 +0000] "GET /?_g=290107 HTTP/2" 200 34370 "-" "Mozilla/5.0 (Linux; Android 6.0.1; Nexus 5X Build/MMB29P) AppleWebKit/537.36 (KHTML, like Gecko) Chrome/141.0.7390.122 Mobile Safari/537.36 (compatible; Googlebot/2.1; +http://www.google.com/bot.html)"
107.181.234.74 - - [30/Nov/2025:17:26:53 +0000] "POST /wp-cron.php?doing_wp_cron=1764523613.3606259822845458984375 HTTP/2" 200 0 "-" "WordPress/6.8.3; https://alkhidmahnaturalcare.com"
2a03:2880:f806:38:: - - [30/Nov/2025:17:26:52 +0000] "GET /?l=90860215887902 HTTP/2" 200 34358 "-" "meta-webindexer/1.1 (+https://developers.facebook.com/docs/sharing/webmasters/crawler)"
2a03:2880:f800:10:: - - [30/Nov/2025:17:26:53 +0000] "GET /?l=84488297022502 HTTP/2" 200 13616 "-" "meta-webindexer/1.1 (+https://developers.facebook.com/docs/sharing/webmasters/crawler)"
2a03:2880:f806:6:: - - [30/Nov/2025:17:26:53 +0000] "GET /?l=0686741125402 HTTP/2" 200 13616 "-" "meta-webindexer/1.1 (+https://developers.facebook.com/docs/sharing/webmasters/crawler)"
2a03:2880:f806:3e:: - - [30/Nov/2025:17:26:53 +0000] "GET /?l=71921156370200 HTTP/2" 200 13616 "-" "meta-webindexer/1.1 (+https://developers.facebook.com/docs/sharing/webmasters/crawler)"
2a03:2880:f800:15:: - - [30/Nov/2025:17:26:55 +0000] "GET /?l=70207172241400 HTTP/2" 503 807 "-" "meta-webindexer/1.1 (+https://developers.facebook.com/docs/sharing/webmasters/crawler)"
2a03:2880:f806:7:: - - [30/Nov/2025:17:26:54 +0000] "GET /?l=0610741886306 HTTP/2" 503 807 "-" "meta-webindexer/1.1 (+https://developers.facebook.com/docs/sharing/webmasters/crawler)"
2a03:2880:f800:2:: - - [30/Nov/2025:17:26:55 +0000] "GET /?l=73570186889501 HTTP/2" 503 807 "-" "meta-webindexer/1.1 (+https://developers.facebook.com/docs/sharing/webmasters/crawler)"
2a03:2880:f806:8:: - - [30/Nov/2025:17:26:56 +0000] "GET /?l=33885149908703 HTTP/2" 503 807 "-" "meta-webindexer/1.1 (+https://developers.facebook.com/docs/sharing/webmasters/crawler)"
2a03:2880:f800:c:: - - [30/Nov/2025:17:26:56 +0000] "GET /?l=71117206547601 HTTP/2" 503 807 "-" "meta-webindexer/1.1 (+https://developers.facebook.com/docs/sharing/webmasters/crawler)"
43.153.54.14 - - [30/Nov/2025:17:26:55 +0000] "GET /wp-json/oembed/1.0/embed?url=https%3A%2F%2Falkhidmahnaturalcare.com%2F&format=xml HTTP/2" 200 1064 "-" "Mozilla/5.0 (iPhone; CPU iPhone OS 13_2_3 like Mac OS X) AppleWebKit/605.1.15 (KHTML, like Gecko) Version/13.0.3 Mobile/15E148 Safari/604.1"
2a03:2880:f806:3a:: - - [30/Nov/2025:17:26:57 +0000] "GET /?l=63276165722401 HTTP/2" 200 13616 "-" "meta-webindexer/1.1 (+https://developers.facebook.com/docs/sharing/webmasters/crawler)"
2a03:2880:f806:3e:: - - [30/Nov/2025:17:26:57 +0000] "GET /?l=96009123013501 HTTP/2" 200 34359 "-" "meta-webindexer/1.1 (+https://developers.facebook.com/docs/sharing/webmasters/crawler)"
2a03:2880:f800:3c:: - - [30/Nov/2025:17:26:59 +0000] "GET /?l=27580243488903 HTTP/2" 200 34357 "-" "meta-webindexer/1.1 (+https://developers.facebook.com/docs/sharing/webmasters/crawler)"
2a03:2880:f806:14:: - - [30/Nov/2025:17:26:58 +0000] "GET /?l=90067273627800 HTTP/2" 200 34355 "-" "meta-webindexer/1.1 (+https://developers.facebook.com/docs/sharing/webmasters/crawler)"
2a03:2880:f800:c:: - - [30/Nov/2025:17:26:59 +0000] "GET /?l=94875215308100 HTTP/2" 200 34355 "-" "meta-webindexer/1.1 (+https://developers.facebook.com/docs/sharing/webmasters/crawler)"
2a03:2880:f806:a:: - - [30/Nov/2025:17:27:00 +0000] "GET /?l=82662262059800 HTTP/2" 200 34317 "-" "meta-webindexer/1.1 (+https://developers.facebook.com/docs/sharing/webmasters/crawler)"
2a03:2880:f806:29:: - - [30/Nov/2025:17:26:59 +0000] "GET /?l=50511216707002 HTTP/2" 200 34359 "-" "meta-webindexer/1.1 (+https://developers.facebook.com/docs/sharing/webmasters/crawler)"
2a03:2880:f800:46:: - - [30/Nov/2025:17:27:00 +0000] "GET /?l=7396242071903 HTTP/2" 200 34333 "-" "meta-webindexer/1.1 (+https://developers.facebook.com/docs/sharing/webmasters/crawler)"
2a03:2880:f806:37:: - - [30/Nov/2025:17:27:01 +0000] "GET /?l=9091620120003 HTTP/2" 200 34331 "-" "meta-webindexer/1.1 (+https://developers.facebook.com/docs/sharing/webmasters/crawler)"
2a03:2880:f806:5:: - - [30/Nov/2025:17:27:01 +0000] "GET /?l=68932191468400 HTTP/2" 200 34354 "-" "meta-webindexer/1.1 (+https://developers.facebook.com/docs/sharing/webmasters/crawler)"
2a03:2880:f806:3d:: - - [30/Nov/2025:17:27:36 +0000] "GET /?l=82127236175200 HTTP/2" 500 1021 "-" "meta-webindexer/1.1 (+https://developers.facebook.com/docs/sharing/webmasters/crawler)"
107.181.234.74 - - [30/Nov/2025:17:27:36 +0000] "POST /wp-cron.php?doing_wp_cron=1764523656.7223949432373046875000 HTTP/2" 200 0 "-" "WordPress/6.8.3; https://alkhidmahnaturalcare.com"
2a03:2880:f806:3a:: - - [30/Nov/2025:17:27:36 +0000] "GET /?l=12097210969301 HTTP/2" 200 34360 "-" "meta-webindexer/1.1 (+https://developers.facebook.com/docs/sharing/webmasters/crawler)"
2a03:2880:f806:e:: - - [30/Nov/2025:17:27:37 +0000] "GET /?l=83014269942501 HTTP/2" 200 34360 "-" "meta-webindexer/1.1 (+https://developers.facebook.com/docs/sharing/webmasters/crawler)"
2a03:2880:f806:3f:: - - [30/Nov/2025:17:27:37 +0000] "GET /?l=22978289006801 HTTP/2" 200 34360 "-" "meta-webindexer/1.1 (+https://developers.facebook.com/docs/sharing/webmasters/crawler)"
2a03:2880:f800:29:: - - [30/Nov/2025:17:27:38 +0000] "GET /?l=1323771673107 HTTP/2" 200 34332 "-" "meta-webindexer/1.1 (+https://developers.facebook.com/docs/sharing/webmasters/crawler)"
2a03:2880:f806:30:: - - [30/Nov/2025:17:27:39 +0000] "GET /?l=07692180922301 HTTP/2" 500 1021 "-" "meta-webindexer/1.1 (+https://developers.facebook.com/docs/sharing/webmasters/crawler)"
2a03:2880:f800:15:: - - [30/Nov/2025:17:27:40 +0000] "GET /?l=6641476799500 HTTP/2" 500 1021 "-" "meta-webindexer/1.1 (+https://developers.facebook.com/docs/sharing/webmasters/crawler)"
2a03:2880:f800:32:: - - [30/Nov/2025:17:27:41 +0000] "GET /?l=18179243218000 HTTP/2" 200 34317 "-" "meta-webindexer/1.1 (+https://developers.facebook.com/docs/sharing/webmasters/crawler)"
2a03:2880:f806:b:: - - [30/Nov/2025:17:27:41 +0000] "GET /?l=9808013952807 HTTP/2" 200 34332 "-" "meta-webindexer/1.1 (+https://developers.facebook.com/docs/sharing/webmasters/crawler)"
2a03:2880:f806:3:: - - [30/Nov/2025:17:27:42 +0000] "GET /?l=74099115448200 HTTP/2" 200 34355 "-" "meta-webindexer/1.1 (+https://developers.facebook.com/docs/sharing/webmasters/crawler)"
2a03:2880:f800:: - - [30/Nov/2025:17:27:42 +0000] "GET /?l=08897295550207 HTTP/2" 200 34358 "-" "meta-webindexer/1.1 (+https://developers.facebook.com/docs/sharing/webmasters/crawler)"
107.181.234.74 - - [30/Nov/2025:17:29:39 +0000] "POST /wp-cron.php?doing_wp_cron=1764523779.1377210617065429687500 HTTP/2" 200 0 "-" "WordPress/6.8.3; https://alkhidmahnaturalcare.com"
66.249.70.163 - - [30/Nov/2025:17:29:38 +0000] "GET /shop/?column=4&filter_cat=114%2C113&per_page=12&filter_brand=41,38 HTTP/2" 200 31665 "-" "Mozilla/5.0 (Linux; Android 6.0.1; Nexus 5X Build/MMB29P) AppleWebKit/537.36 (KHTML, like Gecko) Chrome/141.0.7390.122 Mobile Safari/537.36 (compatible; Googlebot/2.1; +http://www.google.com/bot.html)"
107.181.234.74 - - [30/Nov/2025:17:31:50 +0000] "POST /wp-cron.php?doing_wp_cron=1764523910.2081151008605957031250 HTTP/2" 200 0 "-" "WordPress/6.8.3; https://alkhidmahnaturalcare.com"
