118.179.97.190 - - [30/Nov/2025:12:23:11 +0000] "GET /wp-content/themes/woodmart/css/parts/opt-scrolltotop.min.css?ver=8.2.7 HTTP/2" 200 345 "https://alkhidmahnaturalcare.com/" "Mozilla/5.0 (Windows NT 10.0; Win64; x64) AppleWebKit/537.36 (KHTML, like Gecko) Chrome/142.0.0.0 Safari/537.36"
118.179.97.190 - - [30/Nov/2025:12:23:11 +0000] "GET /wp-content/themes/woodmart/css/parts/woo-opt-products-bg.min.css?ver=8.2.7 HTTP/2" 200 116 "https://alkhidmahnaturalcare.com/" "Mozilla/5.0 (Windows NT 10.0; Win64; x64) AppleWebKit/537.36 (KHTML, like Gecko) Chrome/142.0.0.0 Safari/537.36"
118.179.97.190 - - [30/Nov/2025:12:23:11 +0000] "GET /wp-content/uploads/2025/11/images_-Health-care-products_1751482601139-1.png HTTP/2" 200 40964 "https://alkhidmahnaturalcare.com/" "Mozilla/5.0 (Windows NT 10.0; Win64; x64) AppleWebKit/537.36 (KHTML, like Gecko) Chrome/142.0.0.0 Safari/537.36"
118.179.97.190 - - [30/Nov/2025:12:23:11 +0000] "GET /wp-content/plugins/woocommerce/assets/client/blocks/wc-blocks.css?ver=wc-10.3.5 HTTP/2" 200 2391 "https://alkhidmahnaturalcare.com/" "Mozilla/5.0 (Windows NT 10.0; Win64; x64) AppleWebKit/537.36 (KHTML, like Gecko) Chrome/142.0.0.0 Safari/537.36"
118.179.97.190 - - [30/Nov/2025:12:23:11 +0000] "GET /wp-content/uploads/2025/11/images_-Health-care-products_1751482968639.png HTTP/2" 200 37735 "https://alkhidmahnaturalcare.com/" "Mozilla/5.0 (Windows NT 10.0; Win64; x64) AppleWebKit/537.36 (KHTML, like Gecko) Chrome/142.0.0.0 Safari/537.36"
118.179.97.190 - - [30/Nov/2025:12:23:11 +0000] "GET /wp-content/themes/woodmart/css/parts/woo-mod-product-labels-round.min.css?ver=8.2.7 HTTP/2" 200 174 "https://alkhidmahnaturalcare.com/" "Mozilla/5.0 (Windows NT 10.0; Win64; x64) AppleWebKit/537.36 (KHTML, like Gecko) Chrome/142.0.0.0 Safari/537.36"
118.179.97.190 - - [30/Nov/2025:12:23:11 +0000] "GET /wp-content/themes/woodmart/css/parts/lib-magnific-popup.min.css?ver=8.2.7 HTTP/2" 200 750 "https://alkhidmahnaturalcare.com/" "Mozilla/5.0 (Windows NT 10.0; Win64; x64) AppleWebKit/537.36 (KHTML, like Gecko) Chrome/142.0.0.0 Safari/537.36"
118.179.97.190 - - [30/Nov/2025:12:23:11 +0000] "GET /wp-content/themes/woodmart/css/parts/opt-widget-collapse.min.css?ver=8.2.7 HTTP/2" 200 393 "https://alkhidmahnaturalcare.com/" "Mozilla/5.0 (Windows NT 10.0; Win64; x64) AppleWebKit/537.36 (KHTML, like Gecko) Chrome/142.0.0.0 Safari/537.36"
118.179.97.190 - - [30/Nov/2025:12:23:11 +0000] "GET /wp-content/themes/woodmart/js/scripts/wc/loginSidebar.min.js?ver=8.2.7 HTTP/2" 200 347 "https://alkhidmahnaturalcare.com/" "Mozilla/5.0 (Windows NT 10.0; Win64; x64) AppleWebKit/537.36 (KHTML, like Gecko) Chrome/142.0.0.0 Safari/537.36"
118.179.97.190 - - [30/Nov/2025:12:23:11 +0000] "GET /wp-content/themes/woodmart/css/parts/footer-base.min.css?ver=8.2.7 HTTP/2" 200 352 "https://alkhidmahnaturalcare.com/" "Mozilla/5.0 (Windows NT 10.0; Win64; x64) AppleWebKit/537.36 (KHTML, like Gecko) Chrome/142.0.0.0 Safari/537.36"
107.181.234.74 - - [30/Nov/2025:12:23:11 +0000] "POST /wp-admin/admin-ajax.php?action=elementor_1_elementor_updater&nonce=096f261203 HTTP/2" 200 0 "-" "WordPress/6.8.3; https://alkhidmahnaturalcare.com"
118.179.97.190 - - [30/Nov/2025:12:23:11 +0000] "GET /wp-content/themes/woodmart/fonts/woodmart-font-1-400.woff2?v=8.2.7 HTTP/2" 200 12080 "https://alkhidmahnaturalcare.com/" "Mozilla/5.0 (Windows NT 10.0; Win64; x64) AppleWebKit/537.36 (KHTML, like Gecko) Chrome/142.0.0.0 Safari/537.36"
118.179.97.190 - - [30/Nov/2025:12:23:10 +0000] "GET /wp-admin/update.php?action=activate-plugin&success=true&plugin=elementor%2Felementor.php&_wpnonce=edac1399a7 HTTP/2" 200 17154 "https://alkhidmahnaturalcare.com/wp-admin/update.php?action=upgrade-plugin&plugin=elementor%2Felementor.php&_wpnonce=28ff0c3503" "Mozilla/5.0 (Windows NT 10.0; Win64; x64) AppleWebKit/537.36 (KHTML, like Gecko) Chrome/142.0.0.0 Safari/537.36"
118.179.97.190 - - [30/Nov/2025:12:23:12 +0000] "GET /wp-content/themes/woodmart/css/parts/woo-mod-product-labels.min.css?ver=8.2.7 HTTP/2" 200 371 "https://alkhidmahnaturalcare.com/" "Mozilla/5.0 (Windows NT 10.0; Win64; x64) AppleWebKit/537.36 (KHTML, like Gecko) Chrome/142.0.0.0 Safari/537.36"
118.179.97.190 - - [30/Nov/2025:12:23:12 +0000] "GET /wp-admin/load-styles.php?c=1&dir=ltr&load%5Bchunk_0%5D=dashicons,common,forms,admin-menu,dashboard,list-tables,edit,revisions,media,themes,about,nav-menus,wp-pointer,widgets,site-icon&load%5Bchunk_1%5D=,l10n,buttons&ver=6.8.3 HTTP/2" 200 100788 "https://alkhidmahnaturalcare.com/wp-admin/update.php?action=activate-plugin&success=true&plugin=elementor%2Felementor.php&_wpnonce=edac1399a7" "Mozilla/5.0 (Windows NT 10.0; Win64; x64) AppleWebKit/537.36 (KHTML, like Gecko) Chrome/142.0.0.0 Safari/537.36"
118.179.97.190 - - [30/Nov/2025:12:23:12 +0000] "GET /wp-content/plugins/elementor/assets/js/common-modules.min.js?ver=3.33.2 HTTP/2" 200 36089 "https://alkhidmahnaturalcare.com/wp-admin/update.php?action=activate-plugin&success=true&plugin=elementor%2Felementor.php&_wpnonce=edac1399a7" "Mozilla/5.0 (Windows NT 10.0; Win64; x64) AppleWebKit/537.36 (KHTML, like Gecko) Chrome/142.0.0.0 Safari/537.36"
118.179.97.190 - - [30/Nov/2025:12:23:11 +0000] "GET /wp-content/uploads/2025/11/Green-Watercolor-Organic-Presentation-2-scaled-1.png HTTP/2" 200 1326963 "https://alkhidmahnaturalcare.com/" "Mozilla/5.0 (Windows NT 10.0; Win64; x64) AppleWebKit/537.36 (KHTML, like Gecko) Chrome/142.0.0.0 Safari/537.36"
118.179.97.190 - - [30/Nov/2025:12:23:13 +0000] "GET /wp-content/plugins/elementor/assets/js/web-cli.min.js?ver=3.33.2 HTTP/2" 200 38945 "https://alkhidmahnaturalcare.com/wp-admin/update.php?action=activate-plugin&success=true&plugin=elementor%2Felementor.php&_wpnonce=edac1399a7" "Mozilla/5.0 (Windows NT 10.0; Win64; x64) AppleWebKit/537.36 (KHTML, like Gecko) Chrome/142.0.0.0 Safari/537.36"
118.179.97.190 - - [30/Nov/2025:12:23:13 +0000] "GET /wp-content/plugins/elementor/assets/js/dev-tools.min.js?ver=3.33.2 HTTP/2" 200 2346 "https://alkhidmahnaturalcare.com/wp-admin/update.php?action=activate-plugin&success=true&plugin=elementor%2Felementor.php&_wpnonce=edac1399a7" "Mozilla/5.0 (Windows NT 10.0; Win64; x64) AppleWebKit/537.36 (KHTML, like Gecko) Chrome/142.0.0.0 Safari/537.36"
118.179.97.190 - - [30/Nov/2025:12:23:13 +0000] "GET /wp-content/uploads/2025/11/cropped-cropped-speaker-template-6-1-32x32.png HTTP/2" 200 697 "https://alkhidmahnaturalcare.com/" "Mozilla/5.0 (Windows NT 10.0; Win64; x64) AppleWebKit/537.36 (KHTML, like Gecko) Chrome/142.0.0.0 Safari/537.36"
118.179.97.190 - - [30/Nov/2025:12:23:13 +0000] "GET /wp-content/plugins/elementor/assets/js/app-loader.min.js?ver=3.33.2 HTTP/2" 200 23494 "https://alkhidmahnaturalcare.com/wp-admin/update.php?action=activate-plugin&success=true&plugin=elementor%2Felementor.php&_wpnonce=edac1399a7" "Mozilla/5.0 (Windows NT 10.0; Win64; x64) AppleWebKit/537.36 (KHTML, like Gecko) Chrome/142.0.0.0 Safari/537.36"
118.179.97.190 - - [30/Nov/2025:12:23:13 +0000] "GET /wp-content/plugins/elementor/assets/js/common.min.js?ver=3.33.2 HTTP/2" 200 115621 "https://alkhidmahnaturalcare.com/wp-admin/update.php?action=activate-plugin&success=true&plugin=elementor%2Felementor.php&_wpnonce=edac1399a7" "Mozilla/5.0 (Windows NT 10.0; Win64; x64) AppleWebKit/537.36 (KHTML, like Gecko) Chrome/142.0.0.0 Safari/537.36"
118.179.97.190 - - [30/Nov/2025:12:23:13 +0000] "POST /?wc-ajax=get_refreshed_fragments HTTP/2" 200 538 "https://alkhidmahnaturalcare.com/" "Mozilla/5.0 (Windows NT 10.0; Win64; x64) AppleWebKit/537.36 (KHTML, like Gecko) Chrome/142.0.0.0 Safari/537.36"
118.179.97.190 - - [30/Nov/2025:12:23:14 +0000] "GET /wp-content/plugins/elementor/assets/js/admin-modules.min.js?ver=3.33.2 HTTP/2" 200 4663 "https://alkhidmahnaturalcare.com/wp-admin/update.php?action=activate-plugin&success=true&plugin=elementor%2Felementor.php&_wpnonce=edac1399a7" "Mozilla/5.0 (Windows NT 10.0; Win64; x64) AppleWebKit/537.36 (KHTML, like Gecko) Chrome/142.0.0.0 Safari/537.36"
118.179.97.190 - - [30/Nov/2025:12:23:14 +0000] "GET /wp-content/plugins/elementor/assets/js/admin.min.js?ver=3.33.2 HTTP/2" 200 13272 "https://alkhidmahnaturalcare.com/wp-admin/update.php?action=activate-plugin&success=true&plugin=elementor%2Felementor.php&_wpnonce=edac1399a7" "Mozilla/5.0 (Windows NT 10.0; Win64; x64) AppleWebKit/537.36 (KHTML, like Gecko) Chrome/142.0.0.0 Safari/537.36"
118.179.97.190 - - [30/Nov/2025:12:23:14 +0000] "GET /wp-content/plugins/elementor/assets/js/import-export-admin.min.js?ver=3.33.2 HTTP/2" 200 1972 "https://alkhidmahnaturalcare.com/wp-admin/update.php?action=activate-plugin&success=true&plugin=elementor%2Felementor.php&_wpnonce=edac1399a7" "Mozilla/5.0 (Windows NT 10.0; Win64; x64) AppleWebKit/537.36 (KHTML, like Gecko) Chrome/142.0.0.0 Safari/537.36"
118.179.97.190 - - [30/Nov/2025:12:23:15 +0000] "GET /wp-content/plugins/elementor/assets/js/import-export-customization-admin.min.js?ver=3.33.2 HTTP/2" 200 9490 "https://alkhidmahnaturalcare.com/wp-admin/update.php?action=activate-plugin&success=true&plugin=elementor%2Felementor.php&_wpnonce=edac1399a7" "Mozilla/5.0 (Windows NT 10.0; Win64; x64) AppleWebKit/537.36 (KHTML, like Gecko) Chrome/142.0.0.0 Safari/537.36"
118.179.97.190 - - [30/Nov/2025:12:23:15 +0000] "GET /wp-content/plugins/elementor/assets/js/media-hints.min.js?ver=3.33.2 HTTP/2" 200 2181 "https://alkhidmahnaturalcare.com/wp-admin/update.php?action=activate-plugin&success=true&plugin=elementor%2Felementor.php&_wpnonce=edac1399a7" "Mozilla/5.0 (Windows NT 10.0; Win64; x64) AppleWebKit/537.36 (KHTML, like Gecko) Chrome/142.0.0.0 Safari/537.36"
118.179.97.190 - - [30/Nov/2025:12:23:25 +0000] "GET /wp-admin/admin.php?page=elementor-tools HTTP/2" 200 31711 "https://alkhidmahnaturalcare.com/wp-admin/update.php?action=upgrade-plugin&plugin=elementor%2Felementor.php&_wpnonce=28ff0c3503" "Mozilla/5.0 (Windows NT 10.0; Win64; x64) AppleWebKit/537.36 (KHTML, like Gecko) Chrome/142.0.0.0 Safari/537.36"
217.113.194.112 - - [30/Nov/2025:12:23:27 +0000] "GET /shop/?filter_cat=122%2C115%2C15%2C116&column=5&filter_campaign=51&per_page=18 HTTP/2" 200 33456 "-" "Mozilla/5.0 (compatible; Barkrowler/0.9; +https://babbar.tech/crawler)"
118.179.97.190 - - [30/Nov/2025:12:23:28 +0000] "GET /wp-content/plugins/elementor/assets/css/admin-top-bar.min.css?ver=3.33.2 HTTP/2" 200 750 "https://alkhidmahnaturalcare.com/wp-admin/admin.php?page=elementor-tools" "Mozilla/5.0 (Windows NT 10.0; Win64; x64) AppleWebKit/537.36 (KHTML, like Gecko) Chrome/142.0.0.0 Safari/537.36"
118.179.97.190 - - [30/Nov/2025:12:23:28 +0000] "GET /wp-content/plugins/elementor/assets/js/packages/icons/icons.min.js?ver=3.33.2 HTTP/2" 200 98479 "https://alkhidmahnaturalcare.com/wp-admin/admin.php?page=elementor-tools" "Mozilla/5.0 (Windows NT 10.0; Win64; x64) AppleWebKit/537.36 (KHTML, like Gecko) Chrome/142.0.0.0 Safari/537.36"
118.179.97.190 - - [30/Nov/2025:12:23:28 +0000] "GET /wp-content/plugins/elementor/assets/js/beta-tester.min.js?ver=3.33.2 HTTP/2" 200 2337 "https://alkhidmahnaturalcare.com/wp-admin/admin.php?page=elementor-tools" "Mozilla/5.0 (Windows NT 10.0; Win64; x64) AppleWebKit/537.36 (KHTML, like Gecko) Chrome/142.0.0.0 Safari/537.36"
118.179.97.190 - - [30/Nov/2025:12:23:28 +0000] "GET /wp-content/plugins/elementor/assets/js/admin-top-bar.min.js?ver=3.33.2 HTTP/2" 200 3606 "https://alkhidmahnaturalcare.com/wp-admin/admin.php?page=elementor-tools" "Mozilla/5.0 (Windows NT 10.0; Win64; x64) AppleWebKit/537.36 (KHTML, like Gecko) Chrome/142.0.0.0 Safari/537.36"
118.179.97.190 - - [30/Nov/2025:12:23:28 +0000] "GET /wp-content/plugins/elementor/assets/lib/tipsy/tipsy.min.js?ver=1.0.0 HTTP/2" 200 1565 "https://alkhidmahnaturalcare.com/wp-admin/admin.php?page=elementor-tools" "Mozilla/5.0 (Windows NT 10.0; Win64; x64) AppleWebKit/537.36 (KHTML, like Gecko) Chrome/142.0.0.0 Safari/537.36"
118.179.97.190 - - [30/Nov/2025:12:23:28 +0000] "GET /wp-content/plugins/elementor/assets/js/admin-notifications.min.js?ver=3.33.2 HTTP/2" 200 4215 "https://alkhidmahnaturalcare.com/wp-admin/admin.php?page=elementor-tools" "Mozilla/5.0 (Windows NT 10.0; Win64; x64) AppleWebKit/537.36 (KHTML, like Gecko) Chrome/142.0.0.0 Safari/537.36"
118.179.97.190 - - [30/Nov/2025:12:23:28 +0000] "GET /wp-content/plugins/elementor/assets/js/packages/query/query.min.js?ver=3.33.2 HTTP/2" 200 10885 "https://alkhidmahnaturalcare.com/wp-admin/admin.php?page=elementor-tools" "Mozilla/5.0 (Windows NT 10.0; Win64; x64) AppleWebKit/537.36 (KHTML, like Gecko) Chrome/142.0.0.0 Safari/537.36"
118.179.97.190 - - [30/Nov/2025:12:23:28 +0000] "GET /wp-content/plugins/elementor/assets/js/packages/ui/ui.min.js?ver=3.33.2 HTTP/2" 200 246268 "https://alkhidmahnaturalcare.com/wp-admin/admin.php?page=elementor-tools" "Mozilla/5.0 (Windows NT 10.0; Win64; x64) AppleWebKit/537.36 (KHTML, like Gecko) Chrome/142.0.0.0 Safari/537.36"
107.181.234.74 - - [30/Nov/2025:12:23:32 +0000] "POST /wp-cron.php?doing_wp_cron=1764505412.7899770736694335937500 HTTP/2" 200 0 "-" "WordPress/6.8.3; https://alkhidmahnaturalcare.com"
118.179.97.190 - - [30/Nov/2025:12:23:32 +0000] "POST /wp-admin/admin-ajax.php HTTP/2" 200 20 "https://alkhidmahnaturalcare.com/wp-admin/admin.php?page=elementor-tools" "Mozilla/5.0 (Windows NT 10.0; Win64; x64) AppleWebKit/537.36 (KHTML, like Gecko) Chrome/142.0.0.0 Safari/537.36"
118.179.97.190 - - [30/Nov/2025:12:23:35 +0000] "POST /wp-admin/admin-ajax.php HTTP/2" 200 51 "https://alkhidmahnaturalcare.com/wp-admin/admin.php?page=wc-settings&tab=site-visibility" "Mozilla/5.0 (Windows NT 10.0; Win64; x64) AppleWebKit/537.36 (KHTML, like Gecko) Chrome/142.0.0.0 Safari/537.36"
118.179.97.190 - - [30/Nov/2025:12:23:35 +0000] "POST /wp-admin/admin-ajax.php HTTP/2" 200 20 "https://alkhidmahnaturalcare.com/wp-admin/admin.php?page=elementor-tools" "Mozilla/5.0 (Windows NT 10.0; Win64; x64) AppleWebKit/537.36 (KHTML, like Gecko) Chrome/142.0.0.0 Safari/537.36"
118.179.97.190 - - [30/Nov/2025:12:23:38 +0000] "GET / HTTP/2" 200 34453 "-" "Mozilla/5.0 (Windows NT 10.0; Win64; x64) AppleWebKit/537.36 (KHTML, like Gecko) Chrome/142.0.0.0 Safari/537.36"
118.179.97.190 - - [30/Nov/2025:12:23:39 +0000] "GET /wp-content/plugins/elementor/assets/css/widget-image-carousel.min.css?ver=3.33.2 HTTP/2" 200 140 "https://alkhidmahnaturalcare.com/" "Mozilla/5.0 (Windows NT 10.0; Win64; x64) AppleWebKit/537.36 (KHTML, like Gecko) Chrome/142.0.0.0 Safari/537.36"
118.179.97.190 - - [30/Nov/2025:12:23:39 +0000] "GET /wp-content/plugins/elementor-pro/assets/css/widget-form.min.css?ver=3.30.1 HTTP/2" 200 1407 "https://alkhidmahnaturalcare.com/" "Mozilla/5.0 (Windows NT 10.0; Win64; x64) AppleWebKit/537.36 (KHTML, like Gecko) Chrome/142.0.0.0 Safari/537.36"
118.179.97.190 - - [30/Nov/2025:12:23:39 +0000] "GET /wp-content/uploads/elementor/css/post-7.css?ver=1764505418 HTTP/2" 200 336 "https://alkhidmahnaturalcare.com/" "Mozilla/5.0 (Windows NT 10.0; Win64; x64) AppleWebKit/537.36 (KHTML, like Gecko) Chrome/142.0.0.0 Safari/537.36"
118.179.97.190 - - [30/Nov/2025:12:23:39 +0000] "GET /wp-content/uploads/elementor/css/custom-frontend.min.css?ver=1764505418 HTTP/2" 200 6511 "https://alkhidmahnaturalcare.com/" "Mozilla/5.0 (Windows NT 10.0; Win64; x64) AppleWebKit/537.36 (KHTML, like Gecko) Chrome/142.0.0.0 Safari/537.36"
118.179.97.190 - - [30/Nov/2025:12:23:39 +0000] "GET /wp-content/plugins/elementor/assets/css/widget-heading.min.css?ver=3.33.2 HTTP/2" 200 126 "https://alkhidmahnaturalcare.com/" "Mozilla/5.0 (Windows NT 10.0; Win64; x64) AppleWebKit/537.36 (KHTML, like Gecko) Chrome/142.0.0.0 Safari/537.36"
118.179.97.190 - - [30/Nov/2025:12:23:39 +0000] "GET /wp-content/plugins/elementor/assets/css/conditionals/e-swiper.min.css?ver=3.33.2 HTTP/2" 200 699 "https://alkhidmahnaturalcare.com/" "Mozilla/5.0 (Windows NT 10.0; Win64; x64) AppleWebKit/537.36 (KHTML, like Gecko) Chrome/142.0.0.0 Safari/537.36"
118.179.97.190 - - [30/Nov/2025:12:23:39 +0000] "GET /wp-content/plugins/elementor/assets/lib/swiper/v8/css/swiper.min.css?ver=8.4.5 HTTP/2" 200 4248 "https://alkhidmahnaturalcare.com/" "Mozilla/5.0 (Windows NT 10.0; Win64; x64) AppleWebKit/537.36 (KHTML, like Gecko) Chrome/142.0.0.0 Safari/537.36"
118.179.97.190 - - [30/Nov/2025:12:23:39 +0000] "GET /wp-content/uploads/elementor/css/post-29013.css?ver=1764505418 HTTP/2" 200 1453 "https://alkhidmahnaturalcare.com/" "Mozilla/5.0 (Windows NT 10.0; Win64; x64) AppleWebKit/537.36 (KHTML, like Gecko) Chrome/142.0.0.0 Safari/537.36"
118.179.97.190 - - [30/Nov/2025:12:23:39 +0000] "GET /wp-content/plugins/elementor/assets/js/webpack.runtime.min.js?ver=3.33.2 HTTP/2" 200 2251 "https://alkhidmahnaturalcare.com/" "Mozilla/5.0 (Windows NT 10.0; Win64; x64) AppleWebKit/537.36 (KHTML, like Gecko) Chrome/142.0.0.0 Safari/537.36"
118.179.97.190 - - [30/Nov/2025:12:23:39 +0000] "GET /wp-content/plugins/elementor/assets/js/frontend-modules.min.js?ver=3.33.2 HTTP/2" 200 22744 "https://alkhidmahnaturalcare.com/" "Mozilla/5.0 (Windows NT 10.0; Win64; x64) AppleWebKit/537.36 (KHTML, like Gecko) Chrome/142.0.0.0 Safari/537.36"
118.179.97.190 - - [30/Nov/2025:12:23:39 +0000] "GET /wp-content/plugins/elementor/assets/js/frontend.min.js?ver=3.33.2 HTTP/2" 200 10035 "https://alkhidmahnaturalcare.com/" "Mozilla/5.0 (Windows NT 10.0; Win64; x64) AppleWebKit/537.36 (KHTML, like Gecko) Chrome/142.0.0.0 Safari/537.36"
118.179.97.190 - - [30/Nov/2025:12:23:39 +0000] "GET /wp-content/uploads/2025/11/images_-Health-care-products_1751483975531.png HTTP/2" 200 81774 "https://alkhidmahnaturalcare.com/" "Mozilla/5.0 (Windows NT 10.0; Win64; x64) AppleWebKit/537.36 (KHTML, like Gecko) Chrome/142.0.0.0 Safari/537.36"
118.179.97.190 - - [30/Nov/2025:12:23:39 +0000] "GET /wp-content/uploads/2025/11/images_blob_1751373870833.png HTTP/2" 200 32067 "https://alkhidmahnaturalcare.com/" "Mozilla/5.0 (Windows NT 10.0; Win64; x64) AppleWebKit/537.36 (KHTML, like Gecko) Chrome/142.0.0.0 Safari/537.36"
118.179.97.190 - - [30/Nov/2025:12:23:39 +0000] "GET /wp-content/uploads/2025/11/images_-Health-care-products_1751382212020.png HTTP/2" 200 104861 "https://alkhidmahnaturalcare.com/" "Mozilla/5.0 (Windows NT 10.0; Win64; x64) AppleWebKit/537.36 (KHTML, like Gecko) Chrome/142.0.0.0 Safari/537.36"
118.179.97.190 - - [30/Nov/2025:12:23:39 +0000] "GET /wp-content/uploads/2025/11/images_-Health-care-products_1751482322119.png HTTP/2" 200 79915 "https://alkhidmahnaturalcare.com/" "Mozilla/5.0 (Windows NT 10.0; Win64; x64) AppleWebKit/537.36 (KHTML, like Gecko) Chrome/142.0.0.0 Safari/537.36"
118.179.97.190 - - [30/Nov/2025:12:23:39 +0000] "GET /wp-content/uploads/2025/11/Grey-and-Brown-Modern-Skincare-Amazon-Product-Image-2-1.webp HTTP/2" 200 53622 "https://alkhidmahnaturalcare.com/" "Mozilla/5.0 (Windows NT 10.0; Win64; x64) AppleWebKit/537.36 (KHTML, like Gecko) Chrome/142.0.0.0 Safari/537.36"
118.179.97.190 - - [30/Nov/2025:12:23:39 +0000] "GET /wp-content/uploads/2025/11/selfeb-health-care-products-1753624619179.png HTTP/2" 200 114077 "https://alkhidmahnaturalcare.com/" "Mozilla/5.0 (Windows NT 10.0; Win64; x64) AppleWebKit/537.36 (KHTML, like Gecko) Chrome/142.0.0.0 Safari/537.36"
118.179.97.190 - - [30/Nov/2025:12:23:39 +0000] "GET /wp-content/uploads/2025/11/6.webp HTTP/2" 200 136446 "https://alkhidmahnaturalcare.com/" "Mozilla/5.0 (Windows NT 10.0; Win64; x64) AppleWebKit/537.36 (KHTML, like Gecko) Chrome/142.0.0.0 Safari/537.36"
118.179.97.190 - - [30/Nov/2025:12:23:39 +0000] "GET /wp-content/uploads/2025/11/5fd5d5ae-0029-4190-8f58-cefb8acd2f40.jpg HTTP/2" 200 126736 "https://alkhidmahnaturalcare.com/" "Mozilla/5.0 (Windows NT 10.0; Win64; x64) AppleWebKit/537.36 (KHTML, like Gecko) Chrome/142.0.0.0 Safari/537.36"
118.179.97.190 - - [30/Nov/2025:12:23:39 +0000] "GET /wp-content/uploads/2025/11/images_-Health-care-products_1751483808790.png HTTP/2" 200 101565 "https://alkhidmahnaturalcare.com/" "Mozilla/5.0 (Windows NT 10.0; Win64; x64) AppleWebKit/537.36 (KHTML, like Gecko) Chrome/142.0.0.0 Safari/537.36"
118.179.97.190 - - [30/Nov/2025:12:23:39 +0000] "GET /wp-content/uploads/2025/11/5.webp HTTP/2" 200 59570 "https://alkhidmahnaturalcare.com/" "Mozilla/5.0 (Windows NT 10.0; Win64; x64) AppleWebKit/537.36 (KHTML, like Gecko) Chrome/142.0.0.0 Safari/537.36"
118.179.97.190 - - [30/Nov/2025:12:23:39 +0000] "GET /wp-content/uploads/2025/11/selfeb-health-care-products-1753617123640.png HTTP/2" 200 41928 "https://alkhidmahnaturalcare.com/" "Mozilla/5.0 (Windows NT 10.0; Win64; x64) AppleWebKit/537.36 (KHTML, like Gecko) Chrome/142.0.0.0 Safari/537.36"
118.179.97.190 - - [30/Nov/2025:12:23:39 +0000] "GET /wp-content/uploads/2025/11/1.webp HTTP/2" 200 76970 "https://alkhidmahnaturalcare.com/" "Mozilla/5.0 (Windows NT 10.0; Win64; x64) AppleWebKit/537.36 (KHTML, like Gecko) Chrome/142.0.0.0 Safari/537.36"
118.179.97.190 - - [30/Nov/2025:12:23:39 +0000] "GET /wp-content/uploads/2025/11/selfeb-health-care-products-1753616547278.png HTTP/2" 200 123624 "https://alkhidmahnaturalcare.com/" "Mozilla/5.0 (Windows NT 10.0; Win64; x64) AppleWebKit/537.36 (KHTML, like Gecko) Chrome/142.0.0.0 Safari/537.36"
118.179.97.190 - - [30/Nov/2025:12:23:39 +0000] "GET /wp-content/uploads/2025/11/2.webp HTTP/2" 200 75216 "https://alkhidmahnaturalcare.com/" "Mozilla/5.0 (Windows NT 10.0; Win64; x64) AppleWebKit/537.36 (KHTML, like Gecko) Chrome/142.0.0.0 Safari/537.36"
118.179.97.190 - - [30/Nov/2025:12:23:39 +0000] "GET /wp-content/uploads/2025/11/Grey-and-Brown-Modern-Skincare-Amazon-Product-Image-3.webp HTTP/2" 200 69482 "https://alkhidmahnaturalcare.com/" "Mozilla/5.0 (Windows NT 10.0; Win64; x64) AppleWebKit/537.36 (KHTML, like Gecko) Chrome/142.0.0.0 Safari/537.36"
118.179.97.190 - - [30/Nov/2025:12:23:39 +0000] "GET /wp-content/uploads/2025/11/selfeb-blob-1753602281762.png HTTP/2" 200 127241 "https://alkhidmahnaturalcare.com/" "Mozilla/5.0 (Windows NT 10.0; Win64; x64) AppleWebKit/537.36 (KHTML, like Gecko) Chrome/142.0.0.0 Safari/537.36"
118.179.97.190 - - [30/Nov/2025:12:23:39 +0000] "GET /wp-content/uploads/2025/11/selfeb-1753617963546.png HTTP/2" 200 99305 "https://alkhidmahnaturalcare.com/" "Mozilla/5.0 (Windows NT 10.0; Win64; x64) AppleWebKit/537.36 (KHTML, like Gecko) Chrome/142.0.0.0 Safari/537.36"
66.249.70.164 - - [30/Nov/2025:12:23:39 +0000] "GET /?_g=218366 HTTP/2" 200 34371 "-" "Mozilla/5.0 (Linux; Android 6.0.1; Nexus 5X Build/MMB29P) AppleWebKit/537.36 (KHTML, like Gecko) Chrome/141.0.7390.122 Mobile Safari/537.36 (compatible; Googlebot/2.1; +http://www.google.com/bot.html)"
118.179.97.190 - - [30/Nov/2025:12:23:39 +0000] "GET /wp-content/uploads/2025/11/Grey-and-Brown-Modern-Skincare-Amazon-Product-Image-2.webp HTTP/2" 200 48604 "https://alkhidmahnaturalcare.com/" "Mozilla/5.0 (Windows NT 10.0; Win64; x64) AppleWebKit/537.36 (KHTML, like Gecko) Chrome/142.0.0.0 Safari/537.36"
66.249.70.163 - - [30/Nov/2025:12:23:41 +0000] "GET /wp-content/themes/woodmart/css/parts/woo-mod-login-form.min.css?ver=8.2.7 HTTP/2" 200 645 "https://alkhidmahnaturalcare.com/?_g=218366" "Mozilla/5.0 (Linux; Android 6.0.1; Nexus 5X Build/MMB29P) AppleWebKit/537.36 (KHTML, like Gecko) Chrome/141.0.7390.122 Mobile Safari/537.36 (compatible; Googlebot/2.1; +http://www.google.com/bot.html)"
66.249.70.163 - - [30/Nov/2025:12:23:42 +0000] "GET /wp-content/themes/woodmart/css/parts/woo-widget-product-list.min.css?ver=8.2.7 HTTP/2" 200 313 "https://alkhidmahnaturalcare.com/?_g=218366" "Mozilla/5.0 (Linux; Android 6.0.1; Nexus 5X Build/MMB29P) AppleWebKit/537.36 (KHTML, like Gecko) Chrome/141.0.7390.122 Mobile Safari/537.36 (compatible; Googlebot/2.1; +http://www.google.com/bot.html)"
217.113.194.119 - - [30/Nov/2025:12:23:43 +0000] "GET /shop/?filter_cat=122%2C114%2C113&per_page=24&filter_brand=40%2C37&column=4 HTTP/2" 500 1021 "-" "Mozilla/5.0 (compatible; Barkrowler/0.9; +https://babbar.tech/crawler)"
118.179.97.190 - - [30/Nov/2025:12:23:43 +0000] "GET /wp-content/uploads/2025/11/selfeb-1753624468414.png HTTP/2" 200 110425 "https://alkhidmahnaturalcare.com/" "Mozilla/5.0 (Windows NT 10.0; Win64; x64) AppleWebKit/537.36 (KHTML, like Gecko) Chrome/142.0.0.0 Safari/537.36"
118.179.97.190 - - [30/Nov/2025:12:23:43 +0000] "GET /wp-content/uploads/2025/11/images_-Itchy-Allergic-Skin-Disease-Subject-Products_1751448203335.png HTTP/2" 200 38325 "https://alkhidmahnaturalcare.com/" "Mozilla/5.0 (Windows NT 10.0; Win64; x64) AppleWebKit/537.36 (KHTML, like Gecko) Chrome/142.0.0.0 Safari/537.36"
66.249.70.163 - - [30/Nov/2025:12:23:44 +0000] "GET /wp-content/themes/woodmart/js/scripts/wc/productImagesGallery.min.js?ver=8.2.7 HTTP/2" 200 1872 "https://alkhidmahnaturalcare.com/?_g=218366" "Mozilla/5.0 (Linux; Android 6.0.1; Nexus 5X Build/MMB29P) AppleWebKit/537.36 (KHTML, like Gecko) Chrome/141.0.7390.122 Mobile Safari/537.36 (compatible; Googlebot/2.1; +http://www.google.com/bot.html)"
118.179.97.190 - - [30/Nov/2025:12:23:44 +0000] "GET /wp-content/uploads/2025/11/selfeb-1753613078224.png HTTP/2" 200 102987 "https://alkhidmahnaturalcare.com/" "Mozilla/5.0 (Windows NT 10.0; Win64; x64) AppleWebKit/537.36 (KHTML, like Gecko) Chrome/142.0.0.0 Safari/537.36"
66.249.70.163 - - [30/Nov/2025:12:23:45 +0000] "GET /wp-content/themes/woodmart/js/libs/magnific-popup.min.js?ver=8.2.7 HTTP/2" 200 7180 "https://alkhidmahnaturalcare.com/?_g=218366" "Mozilla/5.0 (Linux; Android 6.0.1; Nexus 5X Build/MMB29P) AppleWebKit/537.36 (KHTML, like Gecko) Chrome/141.0.7390.122 Mobile Safari/537.36 (compatible; Googlebot/2.1; +http://www.google.com/bot.html)"
66.249.70.162 - - [30/Nov/2025:12:23:46 +0000] "GET /wp-content/themes/woodmart/js/libs/swiper.min.js?ver=8.2.7 HTTP/2" 200 29257 "https://alkhidmahnaturalcare.com/?_g=218366" "Mozilla/5.0 (Linux; Android 6.0.1; Nexus 5X Build/MMB29P) AppleWebKit/537.36 (KHTML, like Gecko) Chrome/141.0.7390.122 Mobile Safari/537.36 (compatible; Googlebot/2.1; +http://www.google.com/bot.html)"
66.249.70.162 - - [30/Nov/2025:12:23:46 +0000] "GET /wp-content/themes/woodmart/js/scripts/wc/woocommerceQuantity.min.js?ver=8.2.7 HTTP/2" 200 446 "https://alkhidmahnaturalcare.com/?_g=218366" "Mozilla/5.0 (Linux; Android 6.0.1; Nexus 5X Build/MMB29P) AppleWebKit/537.36 (KHTML, like Gecko) Chrome/141.0.7390.122 Mobile Safari/537.36 (compatible; Googlebot/2.1; +http://www.google.com/bot.html)"
66.249.70.163 - - [30/Nov/2025:12:23:47 +0000] "GET /wp-content/themes/woodmart/js/scripts/wc/cartWidget.min.js?ver=8.2.7 HTTP/2" 200 341 "https://alkhidmahnaturalcare.com/?_g=218366" "Mozilla/5.0 (Linux; Android 6.0.1; Nexus 5X Build/MMB29P) AppleWebKit/537.36 (KHTML, like Gecko) Chrome/141.0.7390.122 Mobile Safari/537.36 (compatible; Googlebot/2.1; +http://www.google.com/bot.html)"
66.249.70.162 - - [30/Nov/2025:12:23:48 +0000] "GET /wp-content/themes/woodmart/js/libs/tooltips.min.js?ver=8.2.7 HTTP/2" 200 4079 "https://alkhidmahnaturalcare.com/?_g=218366" "Mozilla/5.0 (Linux; Android 6.0.1; Nexus 5X Build/MMB29P) AppleWebKit/537.36 (KHTML, like Gecko) Chrome/141.0.7390.122 Mobile Safari/537.36 (compatible; Googlebot/2.1; +http://www.google.com/bot.html)"
66.249.70.162 - - [30/Nov/2025:12:23:48 +0000] "GET /wp-content/plugins/woocommerce/assets/js/frontend/cart-fragments.min.js?ver=10.3.5 HTTP/2" 200 943 "https://alkhidmahnaturalcare.com/?_g=218366" "Mozilla/5.0 (Linux; Android 6.0.1; Nexus 5X Build/MMB29P) AppleWebKit/537.36 (KHTML, like Gecko) Chrome/141.0.7390.122 Mobile Safari/537.36 (compatible; Googlebot/2.1; +http://www.google.com/bot.html)"
66.249.70.162 - - [30/Nov/2025:12:23:49 +0000] "GET /wp-content/themes/woodmart/js/scripts/wc/addToCartAllTypes.min.js?ver=8.2.7 HTTP/2" 200 833 "https://alkhidmahnaturalcare.com/?_g=218366" "Mozilla/5.0 (Linux; Android 6.0.1; Nexus 5X Build/MMB29P) AppleWebKit/537.36 (KHTML, like Gecko) Chrome/141.0.7390.122 Mobile Safari/537.36 (compatible; Googlebot/2.1; +http://www.google.com/bot.html)"
66.249.70.162 - - [30/Nov/2025:12:23:50 +0000] "GET /wp-content/themes/woodmart/js/scripts/global/btnsToolTips.min.js?ver=8.2.7 HTTP/2" 200 948 "https://alkhidmahnaturalcare.com/?_g=218366" "Mozilla/5.0 (Linux; Android 6.0.1; Nexus 5X Build/MMB29P) AppleWebKit/537.36 (KHTML, like Gecko) Chrome/141.0.7390.122 Mobile Safari/537.36 (compatible; Googlebot/2.1; +http://www.google.com/bot.html)"
66.249.70.162 - - [30/Nov/2025:12:23:50 +0000] "GET /wp-content/themes/woodmart/js/scripts/wc/actionAfterAddToCart.min.js?ver=8.2.7 HTTP/2" 200 685 "https://alkhidmahnaturalcare.com/?_g=218366" "Mozilla/5.0 (Linux; Android 6.0.1; Nexus 5X Build/MMB29P) AppleWebKit/537.36 (KHTML, like Gecko) Chrome/141.0.7390.122 Mobile Safari/537.36 (compatible; Googlebot/2.1; +http://www.google.com/bot.html)"
66.249.70.162 - - [30/Nov/2025:12:23:51 +0000] "GET /wp-content/themes/woodmart/js/scripts/wc/swatchesVariations.min.js?ver=8.2.7 HTTP/2" 200 2944 "https://alkhidmahnaturalcare.com/?_g=218366" "Mozilla/5.0 (Linux; Android 6.0.1; Nexus 5X Build/MMB29P) AppleWebKit/537.36 (KHTML, like Gecko) Chrome/141.0.7390.122 Mobile Safari/537.36 (compatible; Googlebot/2.1; +http://www.google.com/bot.html)"
66.249.70.162 - - [30/Nov/2025:12:23:51 +0000] "GET /wp-content/themes/woodmart/js/scripts/wc/quickShop.min.js?ver=8.2.7 HTTP/2" 200 535 "https://alkhidmahnaturalcare.com/?_g=218366" "Mozilla/5.0 (Linux; Android 6.0.1; Nexus 5X Build/MMB29P) AppleWebKit/537.36 (KHTML, like Gecko) Chrome/141.0.7390.122 Mobile Safari/537.36 (compatible; Googlebot/2.1; +http://www.google.com/bot.html)"
66.249.70.162 - - [30/Nov/2025:12:23:52 +0000] "GET /wp-content/plugins/woocommerce/assets/js/frontend/add-to-cart-variation.min.js?ver=10.3.5 HTTP/2" 200 3712 "https://alkhidmahnaturalcare.com/?_g=218366" "Mozilla/5.0 (Linux; Android 6.0.1; Nexus 5X Build/MMB29P) AppleWebKit/537.36 (KHTML, like Gecko) Chrome/141.0.7390.122 Mobile Safari/537.36 (compatible; Googlebot/2.1; +http://www.google.com/bot.html)"
66.249.70.162 - - [30/Nov/2025:12:23:52 +0000] "GET /wp-content/themes/woodmart/js/scripts/wc/quickView.min.js?ver=8.2.7 HTTP/2" 200 746 "https://alkhidmahnaturalcare.com/?_g=218366" "Mozilla/5.0 (Linux; Android 6.0.1; Nexus 5X Build/MMB29P) AppleWebKit/537.36 (KHTML, like Gecko) Chrome/141.0.7390.122 Mobile Safari/537.36 (compatible; Googlebot/2.1; +http://www.google.com/bot.html)"
66.249.70.162 - - [30/Nov/2025:12:23:53 +0000] "GET /wp-content/themes/woodmart/js/scripts/wc/onRemoveFromCart.min.js?ver=8.2.7 HTTP/2" 200 179 "https://alkhidmahnaturalcare.com/?_g=218366" "Mozilla/5.0 (Linux; Android 6.0.1; Nexus 5X Build/MMB29P) AppleWebKit/537.36 (KHTML, like Gecko) Chrome/141.0.7390.122 Mobile Safari/537.36 (compatible; Googlebot/2.1; +http://www.google.com/bot.html)"
66.249.70.162 - - [30/Nov/2025:12:23:53 +0000] "POST /?wc-ajax=get_refreshed_fragments HTTP/2" 200 538 "https://alkhidmahnaturalcare.com/?_g=218366" "Mozilla/5.0 (Linux; Android 6.0.1; Nexus 5X Build/MMB29P) AppleWebKit/537.36 (KHTML, like Gecko) Chrome/141.0.7390.122 Mobile Safari/537.36 (compatible; Googlebot/2.1; +http://www.google.com/bot.html)"
66.249.70.162 - - [30/Nov/2025:12:23:54 +0000] "GET /wp-content/plugins/elementor/assets/js/image-carousel.6167d20b95b33386757b.bundle.min.js HTTP/2" 200 229 "https://alkhidmahnaturalcare.com/?_g=218366" "Mozilla/5.0 (Linux; Android 6.0.1; Nexus 5X Build/MMB29P) AppleWebKit/537.36 (KHTML, like Gecko) Chrome/141.0.7390.122 Mobile Safari/537.36 (compatible; Googlebot/2.1; +http://www.google.com/bot.html)"
66.249.70.162 - - [30/Nov/2025:12:23:55 +0000] "GET /wp-content/plugins/elementor-pro/assets/js/form.5fb35271b8ba3fb1e7d6.bundle.min.js HTTP/2" 200 4961 "https://alkhidmahnaturalcare.com/?_g=218366" "Mozilla/5.0 (Linux; Android 6.0.1; Nexus 5X Build/MMB29P) AppleWebKit/537.36 (KHTML, like Gecko) Chrome/141.0.7390.122 Mobile Safari/537.36 (compatible; Googlebot/2.1; +http://www.google.com/bot.html)"
66.249.70.162 - - [30/Nov/2025:12:23:55 +0000] "GET /wp-content/plugins/elementor/assets/js/shared-frontend-handlers.03caa53373b56d3bab67.bundle.min.js HTTP/2" 200 2511 "https://alkhidmahnaturalcare.com/?_g=218366" "Mozilla/5.0 (Linux; Android 6.0.1; Nexus 5X Build/MMB29P) AppleWebKit/537.36 (KHTML, like Gecko) Chrome/141.0.7390.122 Mobile Safari/537.36 (compatible; Googlebot/2.1; +http://www.google.com/bot.html)"
66.249.70.162 - - [30/Nov/2025:12:23:56 +0000] "GET /wp-content/plugins/elementor-pro/assets/js/popup.f7b15b2ca565b152bf98.bundle.min.js HTTP/2" 200 394 "https://alkhidmahnaturalcare.com/?_g=218366" "Mozilla/5.0 (Linux; Android 6.0.1; Nexus 5X Build/MMB29P) AppleWebKit/537.36 (KHTML, like Gecko) Chrome/141.0.7390.122 Mobile Safari/537.36 (compatible; Googlebot/2.1; +http://www.google.com/bot.html)"
217.113.194.115 - - [30/Nov/2025:12:23:59 +0000] "GET /shop/?filter_cat=122%2C114%2C113&per_page=24&filter_brand=40%2C38&column=4 HTTP/2" 200 35628 "-" "Mozilla/5.0 (compatible; Barkrowler/0.9; +https://babbar.tech/crawler)"
31.220.97.173 - - [30/Nov/2025:12:24:01 +0000] "GET / HTTP/2" 500 1021 "-" "Mozilla/5.0 (Macintosh; Intel Mac OS X 10_15_7) AppleWebKit/537.36 (KHTML, like Gecko) Chrome/93.0.4577.0 Safari/537.36"
217.113.194.119 - - [30/Nov/2025:12:24:15 +0000] "GET /shop/?filter_cat=122%2C114%2C15%2C121&per_page=24&filter_campaign=51&column=1 HTTP/2" 200 35481 "-" "Mozilla/5.0 (compatible; Barkrowler/0.9; +https://babbar.tech/crawler)"
107.181.234.74 - - [30/Nov/2025:12:24:31 +0000] "POST /wp-cron.php?doing_wp_cron=1764505471.4409439563751220703125 HTTP/2" 200 0 "-" "WordPress/6.8.3; https://alkhidmahnaturalcare.com"
118.179.97.190 - - [30/Nov/2025:12:24:30 +0000] "POST /wp-admin/admin-ajax.php HTTP/2" 200 51 "https://alkhidmahnaturalcare.com/wp-admin/admin.php?page=elementor-tools" "Mozilla/5.0 (Windows NT 10.0; Win64; x64) AppleWebKit/537.36 (KHTML, like Gecko) Chrome/142.0.0.0 Safari/537.36"
107.181.234.74 - - [30/Nov/2025:12:24:32 +0000] "POST /wp-admin/admin-ajax.php?action=wp_1_wc_privacy_cleanup&nonce=c1ad5a6e1d HTTP/2" 200 0 "-" "WordPress/6.8.3; https://alkhidmahnaturalcare.com"
217.113.194.226 - - [30/Nov/2025:12:24:31 +0000] "GET /shop/?filter_cat=122%2C114%2C15%2C112&column=2&filter_brand=38&filter_campaign=51 HTTP/2" 200 31548 "-" "Mozilla/5.0 (compatible; Barkrowler/0.9; +https://babbar.tech/crawler)"
66.249.70.163 - - [30/Nov/2025:12:24:32 +0000] "GET /?_g=207416 HTTP/2" 200 34347 "-" "Mozilla/5.0 (Linux; Android 6.0.1; Nexus 5X Build/MMB29P) AppleWebKit/537.36 (KHTML, like Gecko) Chrome/141.0.7390.122 Mobile Safari/537.36 (compatible; Googlebot/2.1; +http://www.google.com/bot.html)"
66.249.70.162 - - [30/Nov/2025:12:24:37 +0000] "GET /wp-content/themes/woodmart/css/parts/woo-widget-shopping-cart.min.css?ver=8.2.7 HTTP/2" 200 1219 "https://alkhidmahnaturalcare.com/?_g=207416" "Mozilla/5.0 (Linux; Android 6.0.1; Nexus 5X Build/MMB29P) AppleWebKit/537.36 (KHTML, like Gecko) Chrome/141.0.7390.122 Mobile Safari/537.36 (compatible; Googlebot/2.1; +http://www.google.com/bot.html)"
66.249.70.163 - - [30/Nov/2025:12:24:38 +0000] "GET /wp-content/themes/woodmart/css/parts/header-el-my-account-sidebar.min.css?ver=8.2.7 HTTP/2" 200 314 "https://alkhidmahnaturalcare.com/?_g=207416" "Mozilla/5.0 (Linux; Android 6.0.1; Nexus 5X Build/MMB29P) AppleWebKit/537.36 (KHTML, like Gecko) Chrome/141.0.7390.122 Mobile Safari/537.36 (compatible; Googlebot/2.1; +http://www.google.com/bot.html)"
66.249.70.162 - - [30/Nov/2025:12:24:39 +0000] "GET /wp-content/themes/woodmart/js/scripts/global/swiperInit.min.js?ver=8.2.7 HTTP/2" 200 2111 "https://alkhidmahnaturalcare.com/?_g=207416" "Mozilla/5.0 (Linux; Android 6.0.1; Nexus 5X Build/MMB29P) AppleWebKit/537.36 (KHTML, like Gecko) Chrome/141.0.7390.122 Mobile Safari/537.36 (compatible; Googlebot/2.1; +http://www.google.com/bot.html)"
66.249.70.163 - - [30/Nov/2025:12:24:39 +0000] "GET /wp-includes/js/imagesloaded.min.js?ver=5.0.0 HTTP/2" 200 1687 "https://alkhidmahnaturalcare.com/?_g=207416" "Mozilla/5.0 (Linux; Android 6.0.1; Nexus 5X Build/MMB29P) AppleWebKit/537.36 (KHTML, like Gecko) Chrome/141.0.7390.122 Mobile Safari/537.36 (compatible; Googlebot/2.1; +http://www.google.com/bot.html)"
107.181.234.74 - - [30/Nov/2025:12:24:50 +0000] "POST /wp-cron.php?doing_wp_cron=1764505490.0979840755462646484375 HTTP/2" 200 0 "-" "WordPress/6.8.3; https://alkhidmahnaturalcare.com"
154.54.249.204 - - [30/Nov/2025:12:24:49 +0000] "GET /shop/?filter_cat=122%2C15%2C117%2C115&per_page=24&filter_brand=39&filter_campaign=51 HTTP/2" 200 35676 "-" "Mozilla/5.0 (compatible; Barkrowler/0.9; +https://babbar.tech/crawler)"
217.113.194.119 - - [30/Nov/2025:12:25:06 +0000] "GET /shop/?filter_cat=122%2C15%2C117%2C114&per_page=24&filter_brand=36&filter_campaign=50 HTTP/2" 200 35605 "-" "Mozilla/5.0 (compatible; Barkrowler/0.9; +https://babbar.tech/crawler)"
217.113.194.118 - - [30/Nov/2025:12:25:22 +0000] "GET /shop/?filter_cat=122%2C113%2C115&per_page=9&filter_brand=39%2C36&column=2 HTTP/2" 200 30376 "-" "Mozilla/5.0 (compatible; Barkrowler/0.9; +https://babbar.tech/crawler)"
118.179.97.190 - - [30/Nov/2025:12:25:36 +0000] "POST /wp-admin/admin-ajax.php HTTP/2" 200 51 "https://alkhidmahnaturalcare.com/wp-admin/admin.php?page=wc-settings&tab=site-visibility" "Mozilla/5.0 (Windows NT 10.0; Win64; x64) AppleWebKit/537.36 (KHTML, like Gecko) Chrome/142.0.0.0 Safari/537.36"
107.181.234.74 - - [30/Nov/2025:12:25:37 +0000] "POST /wp-admin/admin-ajax.php?action=as_async_request_queue_runner&nonce=3aabc0ceb7 HTTP/2" 200 0 "-" "WordPress/6.8.3; https://alkhidmahnaturalcare.com"
217.113.194.120 - - [30/Nov/2025:12:25:38 +0000] "GET /shop/?filter_cat=122%2C113%2C112&per_page=24&filter_brand=36%2C35&column=5 HTTP/2" 200 35651 "-" "Mozilla/5.0 (compatible; Barkrowler/0.9; +https://babbar.tech/crawler)"
107.181.234.74 - - [30/Nov/2025:12:25:56 +0000] "POST /wp-cron.php?doing_wp_cron=1764505556.0876929759979248046875 HTTP/2" 200 0 "-" "WordPress/6.8.3; https://alkhidmahnaturalcare.com"
217.113.194.116 - - [30/Nov/2025:12:25:55 +0000] "GET /shop/?filter_cat=122%2C113%2C117&per_page=24&filter_brand=35%2C37&column=5 HTTP/2" 200 35559 "-" "Mozilla/5.0 (compatible; Barkrowler/0.9; +https://babbar.tech/crawler)"
217.113.194.120 - - [30/Nov/2025:12:26:11 +0000] "GET /shop/?filter_cat=122,121,113,15&per_page=24&filter_brand=37%2C41&column=4 HTTP/2" 200 35617 "-" "Mozilla/5.0 (compatible; Barkrowler/0.9; +https://babbar.tech/crawler)"
66.249.70.170 - - [30/Nov/2025:12:26:21 +0000] "GET /?_g=2077288 HTTP/2" 200 34282 "-" "Mozilla/5.0 (Linux; Android 6.0.1; Nexus 5X Build/MMB29P) AppleWebKit/537.36 (KHTML, like Gecko) Chrome/141.0.7390.122 Mobile Safari/537.36 (compatible; Googlebot/2.1; +http://www.google.com/bot.html)"
66.249.70.169 - - [30/Nov/2025:12:26:22 +0000] "GET /item/10619470 HTTP/2" 404 21709 "-" "Mozilla/5.0 (Linux; Android 6.0.1; Nexus 5X Build/MMB29P) AppleWebKit/537.36 (KHTML, like Gecko) Chrome/141.0.7390.122 Mobile Safari/537.36 (compatible; Googlebot/2.1; +http://www.google.com/bot.html)"
66.249.70.169 - - [30/Nov/2025:12:26:25 +0000] "POST /?wc-ajax=get_refreshed_fragments HTTP/2" 500 1021 "https://alkhidmahnaturalcare.com/?_g=2077288" "Mozilla/5.0 (Linux; Android 6.0.1; Nexus 5X Build/MMB29P) AppleWebKit/537.36 (KHTML, like Gecko) Chrome/141.0.7390.122 Mobile Safari/537.36 (compatible; Googlebot/2.1; +http://www.google.com/bot.html)"
217.113.194.226 - - [30/Nov/2025:12:26:28 +0000] "GET /shop/?filter_cat=122,112,116,117,113,15&column=2&filter_brand=39%2C42 HTTP/2" 200 31576 "-" "Mozilla/5.0 (compatible; Barkrowler/0.9; +https://babbar.tech/crawler)"
107.181.234.74 - - [30/Nov/2025:12:26:31 +0000] "POST /wp-cron.php?doing_wp_cron=1764505591.5770039558410644531250 HTTP/2" 200 0 "-" "WordPress/6.8.3; https://alkhidmahnaturalcare.com"
118.179.97.190 - - [30/Nov/2025:12:26:30 +0000] "POST /wp-admin/admin-ajax.php HTTP/2" 200 51 "https://alkhidmahnaturalcare.com/wp-admin/admin.php?page=elementor-tools" "Mozilla/5.0 (Windows NT 10.0; Win64; x64) AppleWebKit/537.36 (KHTML, like Gecko) Chrome/142.0.0.0 Safari/537.36"
74.7.241.26 - - [30/Nov/2025:12:26:37 +0000] "GET / HTTP/2" 301 0 "-" "Mozilla/5.0 AppleWebKit/537.36 (KHTML, like Gecko; compatible; GPTBot/1.3; +https://openai.com/gptbot)"
217.113.194.115 - - [30/Nov/2025:12:26:44 +0000] "GET /shop/?filter_cat=15%2C121%2C115%2C122%2C114&per_page=24&filter_brand=41&column=3 HTTP/2" 200 35606 "-" "Mozilla/5.0 (compatible; Barkrowler/0.9; +https://babbar.tech/crawler)"
217.113.194.114 - - [30/Nov/2025:12:27:00 +0000] "GET /shop/?filter_cat=15%2C122&filter_brand=40%2C41%2C36&column=2&filter_campaign=51 HTTP/2" 200 31571 "-" "Mozilla/5.0 (compatible; Barkrowler/0.9; +https://babbar.tech/crawler)"
66.249.70.170 - - [30/Nov/2025:12:27:15 +0000] "GET /?_g=857048 HTTP/2" 200 34370 "-" "Mozilla/5.0 (Linux; Android 6.0.1; Nexus 5X Build/MMB29P) AppleWebKit/537.36 (KHTML, like Gecko) Chrome/141.0.7390.122 Mobile Safari/537.36 (compatible; Googlebot/2.1; +http://www.google.com/bot.html)"
66.249.70.171 - - [30/Nov/2025:12:27:16 +0000] "GET /shop/?column=2&filter_cat=112%2C15%2C117&add-to-cart=10156&filter_brand=38%2C35&per_page=12 HTTP/2" 200 31643 "-" "Mozilla/5.0 (Linux; Android 6.0.1; Nexus 5X Build/MMB29P) AppleWebKit/537.36 (KHTML, like Gecko) Chrome/141.0.7390.122 Mobile Safari/537.36 (compatible; Googlebot/2.1; +http://www.google.com/bot.html)"
217.113.194.119 - - [30/Nov/2025:12:27:18 +0000] "GET /shop/?filter_cat=15%2C113%2C117&per_page=24&filter_brand=36&column=1&filter_campaign=51 HTTP/2" 200 35596 "-" "Mozilla/5.0 (compatible; Barkrowler/0.9; +https://babbar.tech/crawler)"
66.249.70.169 - - [30/Nov/2025:12:27:31 +0000] "GET /wp-content/themes/woodmart/js/scripts/wc/productMoreDescription.min.js?ver=8.2.7 HTTP/2" 200 476 "https://alkhidmahnaturalcare.com/shop/?column=2&filter_cat=112%2C15%2C117&add-to-cart=10156&filter_brand=38%2C35&per_page=12" "Mozilla/5.0 (Linux; Android 6.0.1; Nexus 5X Build/MMB29P) AppleWebKit/537.36 (KHTML, like Gecko) Chrome/141.0.7390.122 Mobile Safari/537.36 (compatible; Googlebot/2.1; +http://www.google.com/bot.html)"
107.181.234.74 - - [30/Nov/2025:12:27:34 +0000] "POST /wp-cron.php?doing_wp_cron=1764505654.8954429626464843750000 HTTP/2" 200 0 "-" "WordPress/6.8.3; https://alkhidmahnaturalcare.com"
217.113.194.113 - - [30/Nov/2025:12:27:34 +0000] "GET /shop/?filter_cat=15%2C113%2C112&per_page=9&filter_brand=40%2C41&filter_campaign=50 HTTP/2" 200 30520 "-" "Mozilla/5.0 (compatible; Barkrowler/0.9; +https://babbar.tech/crawler)"
66.249.70.169 - - [30/Nov/2025:12:27:35 +0000] "POST /?wc-ajax=get_refreshed_fragments HTTP/2" 200 538 "https://alkhidmahnaturalcare.com/?_g=857048" "Mozilla/5.0 (Linux; Android 6.0.1; Nexus 5X Build/MMB29P) AppleWebKit/537.36 (KHTML, like Gecko) Chrome/141.0.7390.122 Mobile Safari/537.36 (compatible; Googlebot/2.1; +http://www.google.com/bot.html)"
118.179.97.190 - - [30/Nov/2025:12:27:36 +0000] "POST /wp-admin/admin-ajax.php HTTP/2" 200 51 "https://alkhidmahnaturalcare.com/wp-admin/admin.php?page=wc-settings&tab=site-visibility" "Mozilla/5.0 (Windows NT 10.0; Win64; x64) AppleWebKit/537.36 (KHTML, like Gecko) Chrome/142.0.0.0 Safari/537.36"
217.113.194.114 - - [30/Nov/2025:12:27:51 +0000] "GET /shop/?filter_cat=15%2C115%2C112&filter_brand=38%2C39&column=1&filter_campaign=51 HTTP/2" 200 31466 "-" "Mozilla/5.0 (compatible; Barkrowler/0.9; +https://babbar.tech/crawler)"
107.181.234.74 - - [30/Nov/2025:12:27:56 +0000] "POST /wp-cron.php?doing_wp_cron=1764505676.1774809360504150390625 HTTP/2" 200 0 "-" "WordPress/6.8.3; https://alkhidmahnaturalcare.com"
66.249.70.169 - - [30/Nov/2025:12:27:55 +0000] "GET /?_g=786616 HTTP/2" 200 34370 "-" "Mozilla/5.0 (Linux; Android 6.0.1; Nexus 5X Build/MMB29P) AppleWebKit/537.36 (KHTML, like Gecko) Chrome/141.0.7390.122 Mobile Safari/537.36 (compatible; Googlebot/2.1; +http://www.google.com/bot.html)"
217.113.194.114 - - [30/Nov/2025:12:28:07 +0000] "GET /shop/?filter_cat=15%2C115%2C122&filter_brand=38%2C37%2C39%2C36&column=5 HTTP/2" 200 31500 "-" "Mozilla/5.0 (compatible; Barkrowler/0.9; +https://babbar.tech/crawler)"
66.249.70.169 - - [30/Nov/2025:12:28:10 +0000] "POST /?wc-ajax=get_refreshed_fragments HTTP/2" 500 1021 "https://alkhidmahnaturalcare.com/?_g=786616" "Mozilla/5.0 (Linux; Android 6.0.1; Nexus 5X Build/MMB29P) AppleWebKit/537.36 (KHTML, like Gecko) Chrome/141.0.7390.122 Mobile Safari/537.36 (compatible; Googlebot/2.1; +http://www.google.com/bot.html)"
217.113.194.225 - - [30/Nov/2025:12:28:23 +0000] "GET /shop/?filter_cat=15%2C112%2C122&per_page=9&filter_brand=40%2C41&filter_campaign=51 HTTP/2" 200 30486 "-" "Mozilla/5.0 (compatible; Barkrowler/0.9; +https://babbar.tech/crawler)"
107.181.234.74 - - [30/Nov/2025:12:28:32 +0000] "POST /wp-cron.php?doing_wp_cron=1764505712.2633659839630126953125 HTTP/2" 200 0 "-" "WordPress/6.8.3; https://alkhidmahnaturalcare.com"
118.179.97.190 - - [30/Nov/2025:12:28:31 +0000] "POST /wp-admin/admin-ajax.php HTTP/2" 200 51 "https://alkhidmahnaturalcare.com/wp-admin/admin.php?page=elementor-tools" "Mozilla/5.0 (Windows NT 10.0; Win64; x64) AppleWebKit/537.36 (KHTML, like Gecko) Chrome/142.0.0.0 Safari/537.36"
217.113.194.114 - - [30/Nov/2025:12:28:39 +0000] "GET /shop/?filter_cat=15,121,114&per_page=9&filter_brand=42%2C39&filter_campaign=51 HTTP/2" 200 30460 "-" "Mozilla/5.0 (compatible; Barkrowler/0.9; +https://babbar.tech/crawler)"
217.113.194.113 - - [30/Nov/2025:12:28:55 +0000] "GET /shop/?filter_cat=112,116,115,113,121,114,122&column=3&filter_campaign=50 HTTP/2" 200 31502 "-" "Mozilla/5.0 (compatible; Barkrowler/0.9; +https://babbar.tech/crawler)"
66.249.70.169 - - [30/Nov/2025:12:29:08 +0000] "GET /wp-login.php?redirect_to=https%3A%2F%2Falkhidmahnaturalcare.com%2F%3F_g%3D26042 HTTP/2" 200 1911 "-" "Mozilla/5.0 (Linux; Android 6.0.1; Nexus 5X Build/MMB29P) AppleWebKit/537.36 (KHTML, like Gecko) Chrome/141.0.7390.122 Mobile Safari/537.36 (compatible; Googlebot/2.1; +http://www.google.com/bot.html)"
217.113.194.120 - - [30/Nov/2025:12:29:11 +0000] "GET /shop/?filter_cat=116%2C114%2C122&per_page=12&filter_brand=42%2C38&column=1 HTTP/2" 200 31605 "-" "Mozilla/5.0 (compatible; Barkrowler/0.9; +https://babbar.tech/crawler)"
118.179.97.190 - - [30/Nov/2025:12:29:25 +0000] "POST /wp-admin/admin-ajax.php HTTP/2" 200 51 "https://alkhidmahnaturalcare.com/wp-admin/admin.php?page=wc-settings&tab=site-visibility" "Mozilla/5.0 (Windows NT 10.0; Win64; x64) AppleWebKit/537.36 (KHTML, like Gecko) Chrome/142.0.0.0 Safari/537.36"
217.113.194.120 - - [30/Nov/2025:12:29:27 +0000] "GET /shop/?filter_cat=116%2C114%2C15%2C122&filter_brand=38%2C42%2C41&per_page=9 HTTP/2" 200 30493 "-" "Mozilla/5.0 (compatible; Barkrowler/0.9; +https://babbar.tech/crawler)"
107.181.234.74 - - [30/Nov/2025:12:29:32 +0000] "POST /wp-cron.php?doing_wp_cron=1764505772.0890600681304931640625 HTTP/2" 200 0 "-" "WordPress/6.8.3; https://alkhidmahnaturalcare.com"
118.179.97.190 - - [30/Nov/2025:12:29:31 +0000] "POST /wp-admin/admin-ajax.php HTTP/2" 200 51 "https://alkhidmahnaturalcare.com/wp-admin/admin.php?page=elementor-tools" "Mozilla/5.0 (Windows NT 10.0; Win64; x64) AppleWebKit/537.36 (KHTML, like Gecko) Chrome/142.0.0.0 Safari/537.36"
217.113.194.113 - - [30/Nov/2025:12:29:44 +0000] "GET /shop/?filter_cat=117%2C113%2C112&per_page=24&filter_campaign=51%2C50&column=3 HTTP/2" 200 35686 "-" "Mozilla/5.0 (compatible; Barkrowler/0.9; +https://babbar.tech/crawler)"
217.113.194.226 - - [30/Nov/2025:12:30:00 +0000] "GET /shop/?filter_cat=117%2C113%2C115&per_page=24&filter_brand=40%2C38&filter_campaign=51 HTTP/2" 200 35257 "-" "Mozilla/5.0 (compatible; Barkrowler/0.9; +https://babbar.tech/crawler)"
217.113.194.117 - - [30/Nov/2025:12:30:18 +0000] "GET /shop/?filter_cat=117%2C113%2C115&per_page=24&filter_brand=37%2C35&column=4 HTTP/2" 200 35554 "-" "Mozilla/5.0 (compatible; Barkrowler/0.9; +https://babbar.tech/crawler)"
107.181.234.74 - - [30/Nov/2025:12:30:35 +0000] "POST /wp-cron.php?doing_wp_cron=1764505834.9681990146636962890625 HTTP/2" 200 0 "-" "WordPress/6.8.3; https://alkhidmahnaturalcare.com"
217.113.194.120 - - [30/Nov/2025:12:30:34 +0000] "GET /shop/?filter_cat=117%2C113%2C115&per_page=24&filter_brand=35%2C38&filter_campaign=51 HTTP/2" 200 35625 "-" "Mozilla/5.0 (compatible; Barkrowler/0.9; +https://babbar.tech/crawler)"
217.113.194.225 - - [30/Nov/2025:12:30:51 +0000] "GET /shop/?filter_cat=117%2C113%2C15&per_page=9&filter_campaign=50%2C51&column=1 HTTP/2" 200 30484 "-" "Mozilla/5.0 (compatible; Barkrowler/0.9; +https://babbar.tech/crawler)"
66.249.70.170 - - [30/Nov/2025:12:31:06 +0000] "GET /wp-login.php?redirect_to=https%3A%2F%2Falkhidmahnaturalcare.com%2Fshop%2F%3Fcolumn%3D5%26filter_cat%3D122%2C113%2C15%2C117%26add-to-cart%3D10669%26filter_brand%3D37%252C40%252C35%252C39%26per_page%3D24%26filter_campaign%3D51 HTTP/2" 200 1991 "-" "Mozilla/5.0 (Linux; Android 6.0.1; Nexus 5X Build/MMB29P) AppleWebKit/537.36 (KHTML, like Gecko) Chrome/141.0.7390.122 Mobile Safari/537.36 (compatible; Googlebot/2.1; +http://www.google.com/bot.html)"
217.113.194.113 - - [30/Nov/2025:12:31:07 +0000] "GET /shop/?filter_cat=117%2C112%2C116%2C115&per_page=24&filter_brand=35&filter_campaign=51 HTTP/2" 200 35673 "-" "Mozilla/5.0 (compatible; Barkrowler/0.9; +https://babbar.tech/crawler)"
154.54.249.204 - - [30/Nov/2025:12:31:23 +0000] "GET /shop/?filter_cat=117%2C112%2C15&column=5&filter_brand=36%2C41&filter_campaign=50 HTTP/2" 200 31499 "-" "Mozilla/5.0 (compatible; Barkrowler/0.9; +https://babbar.tech/crawler)"
118.179.97.190 - - [30/Nov/2025:12:31:27 +0000] "POST /wp-admin/admin-ajax.php HTTP/2" 200 51 "https://alkhidmahnaturalcare.com/wp-admin/admin.php?page=wc-settings&tab=site-visibility" "Mozilla/5.0 (Windows NT 10.0; Win64; x64) AppleWebKit/537.36 (KHTML, like Gecko) Chrome/142.0.0.0 Safari/537.36"
107.181.234.74 - - [30/Nov/2025:12:31:33 +0000] "POST /wp-cron.php?doing_wp_cron=1764505893.2611420154571533203125 HTTP/2" 200 0 "-" "WordPress/6.8.3; https://alkhidmahnaturalcare.com"
118.179.97.190 - - [30/Nov/2025:12:31:32 +0000] "POST /wp-admin/admin-ajax.php HTTP/2" 200 49 "https://alkhidmahnaturalcare.com/wp-admin/admin.php?page=elementor-tools" "Mozilla/5.0 (Windows NT 10.0; Win64; x64) AppleWebKit/537.36 (KHTML, like Gecko) Chrome/142.0.0.0 Safari/537.36"
