54.247.50.127 - - [30/Nov/2025:12:48:58 +0000] "GET /wp-content/themes/woodmart/css/parts/mod-star-rating.min.css?ver=8.2.7 HTTP/2" 200 220 "https://alkhidmahnaturalcare.com/" "Plesk screenshot bot https://support.plesk.com/hc/en-us/articles/10301006946066"
54.247.50.127 - - [30/Nov/2025:12:48:58 +0000] "GET /wp-content/themes/woodmart/css/parts/header-el-my-account.min.css?ver=8.2.7 HTTP/2" 200 157 "https://alkhidmahnaturalcare.com/" "Plesk screenshot bot https://support.plesk.com/hc/en-us/articles/10301006946066"
54.247.50.127 - - [30/Nov/2025:12:48:58 +0000] "GET /wp-content/themes/woodmart/css/parts/woo-opt-coming-soon.min.css?ver=8.2.7 HTTP/2" 200 687 "https://alkhidmahnaturalcare.com/" "Plesk screenshot bot https://support.plesk.com/hc/en-us/articles/10301006946066"
54.247.50.127 - - [30/Nov/2025:12:48:58 +0000] "GET /wp-content/themes/woodmart/js/scripts/global/scrollBar.min.js?ver=8.2.7 HTTP/2" 200 143 "https://alkhidmahnaturalcare.com/" "Plesk screenshot bot https://support.plesk.com/hc/en-us/articles/10301006946066"
54.247.50.127 - - [30/Nov/2025:12:48:58 +0000] "GET /wp-includes/js/jquery/jquery-migrate.min.js?ver=3.4.1 HTTP/2" 200 4678 "https://alkhidmahnaturalcare.com/" "Plesk screenshot bot https://support.plesk.com/hc/en-us/articles/10301006946066"
54.247.50.127 - - [30/Nov/2025:12:48:58 +0000] "GET /wp-content/uploads/2025/11/speaker-template-8.png HTTP/2" 200 80388 "https://alkhidmahnaturalcare.com/" "Plesk screenshot bot https://support.plesk.com/hc/en-us/articles/10301006946066"
54.247.50.127 - - [30/Nov/2025:12:48:58 +0000] "GET /wp-content/themes/woodmart/css/parts/header-el-search.min.css?ver=8.2.7 HTTP/2" 200 442 "https://alkhidmahnaturalcare.com/" "Plesk screenshot bot https://support.plesk.com/hc/en-us/articles/10301006946066"
54.247.50.127 - - [30/Nov/2025:12:48:58 +0000] "GET /wp-content/themes/woodmart/css/parts/header-el-base.min.css?ver=8.2.7 HTTP/2" 200 356 "https://alkhidmahnaturalcare.com/" "Plesk screenshot bot https://support.plesk.com/hc/en-us/articles/10301006946066"
54.247.50.127 - - [30/Nov/2025:12:48:58 +0000] "GET /wp-content/themes/woodmart/css/parts/header-el-cart.min.css?ver=8.2.7 HTTP/2" 200 568 "https://alkhidmahnaturalcare.com/" "Plesk screenshot bot https://support.plesk.com/hc/en-us/articles/10301006946066"
54.247.50.127 - - [30/Nov/2025:12:48:58 +0000] "GET /wp-content/themes/woodmart/css/parts/header-el-cart-side.min.css?ver=8.2.7 HTTP/2" 200 300 "https://alkhidmahnaturalcare.com/" "Plesk screenshot bot https://support.plesk.com/hc/en-us/articles/10301006946066"
54.247.50.127 - - [30/Nov/2025:12:48:58 +0000] "GET /wp-content/themes/woodmart/css/parts/header-base.min.css?ver=8.2.7 HTTP/2" 200 2882 "https://alkhidmahnaturalcare.com/" "Plesk screenshot bot https://support.plesk.com/hc/en-us/articles/10301006946066"
54.247.50.127 - - [30/Nov/2025:12:48:58 +0000] "GET /wp-content/plugins/elementor/assets/css/widget-heading.min.css?ver=3.33.2 HTTP/2" 200 126 "https://alkhidmahnaturalcare.com/" "Plesk screenshot bot https://support.plesk.com/hc/en-us/articles/10301006946066"
54.247.50.127 - - [30/Nov/2025:12:48:58 +0000] "GET /wp-content/themes/woodmart/css/parts/mod-tools.min.css?ver=8.2.7 HTTP/2" 200 910 "https://alkhidmahnaturalcare.com/" "Plesk screenshot bot https://support.plesk.com/hc/en-us/articles/10301006946066"
54.247.50.127 - - [30/Nov/2025:12:48:58 +0000] "GET /wp-includes/js/jquery/jquery.min.js?ver=3.7.1 HTTP/2" 200 29744 "https://alkhidmahnaturalcare.com/" "Plesk screenshot bot https://support.plesk.com/hc/en-us/articles/10301006946066"
54.247.50.127 - - [30/Nov/2025:12:48:59 +0000] "GET /wp-content/themes/woodmart/css/parts/woo-product-loop.min.css?ver=8.2.7 HTTP/2" 200 1524 "https://alkhidmahnaturalcare.com/" "Plesk screenshot bot https://support.plesk.com/hc/en-us/articles/10301006946066"
54.247.50.127 - - [30/Nov/2025:12:48:59 +0000] "GET /wp-content/themes/woodmart/css/parts/woo-mod-product-labels.min.css?ver=8.2.7 HTTP/2" 200 371 "https://alkhidmahnaturalcare.com/" "Plesk screenshot bot https://support.plesk.com/hc/en-us/articles/10301006946066"
54.247.50.127 - - [30/Nov/2025:12:48:59 +0000] "GET /wp-content/plugins/elementor-pro/assets/js/frontend.min.js?ver=3.30.1 HTTP/2" 200 6279 "https://alkhidmahnaturalcare.com/" "Plesk screenshot bot https://support.plesk.com/hc/en-us/articles/10301006946066"
54.247.50.127 - - [30/Nov/2025:12:48:59 +0000] "GET /wp-includes/js/dist/i18n.min.js?ver=5e580eb46a90c2b997e6 HTTP/2" 200 3542 "https://alkhidmahnaturalcare.com/" "Plesk screenshot bot https://support.plesk.com/hc/en-us/articles/10301006946066"
54.247.50.127 - - [30/Nov/2025:12:48:59 +0000] "GET /wp-content/plugins/elementor/assets/js/frontend-modules.min.js?ver=3.33.2 HTTP/2" 200 22744 "https://alkhidmahnaturalcare.com/" "Plesk screenshot bot https://support.plesk.com/hc/en-us/articles/10301006946066"
54.247.50.127 - - [30/Nov/2025:12:48:59 +0000] "GET /wp-content/themes/woodmart/js/scripts/wc/loginSidebar.min.js?ver=8.2.7 HTTP/2" 200 347 "https://alkhidmahnaturalcare.com/" "Plesk screenshot bot https://support.plesk.com/hc/en-us/articles/10301006946066"
54.247.50.127 - - [30/Nov/2025:12:48:59 +0000] "GET /wp-content/themes/woodmart/js/scripts/wc/actionAfterAddToCart.min.js?ver=8.2.7 HTTP/2" 200 685 "https://alkhidmahnaturalcare.com/" "Plesk screenshot bot https://support.plesk.com/hc/en-us/articles/10301006946066"
54.247.50.127 - - [30/Nov/2025:12:48:59 +0000] "GET /wp-content/plugins/revslider/public/js/sr7.js?ver=6.7.38 HTTP/2" 200 92543 "https://alkhidmahnaturalcare.com/" "Plesk screenshot bot https://support.plesk.com/hc/en-us/articles/10301006946066"
54.247.50.127 - - [30/Nov/2025:12:48:59 +0000] "GET /wp-content/plugins/woocommerce/assets/js/frontend/cart-fragments.min.js?ver=10.3.5 HTTP/2" 200 943 "https://alkhidmahnaturalcare.com/" "Plesk screenshot bot https://support.plesk.com/hc/en-us/articles/10301006946066"
54.247.50.127 - - [30/Nov/2025:12:48:59 +0000] "GET /wp-content/themes/woodmart/css/parts/header-el-search-form.min.css?ver=8.2.7 HTTP/2" 200 268 "https://alkhidmahnaturalcare.com/" "Plesk screenshot bot https://support.plesk.com/hc/en-us/articles/10301006946066"
54.247.50.127 - - [30/Nov/2025:12:48:59 +0000] "GET /wp-content/themes/woodmart/css/parts/wd-search-dropdown.min.css?ver=8.2.7 HTTP/2" 200 582 "https://alkhidmahnaturalcare.com/" "Plesk screenshot bot https://support.plesk.com/hc/en-us/articles/10301006946066"
54.247.50.127 - - [30/Nov/2025:12:48:59 +0000] "GET /wp-content/uploads/2025/11/Green-Watercolor-Organic-Presentation-3.webp HTTP/2" 200 123432 "https://alkhidmahnaturalcare.com/" "Plesk screenshot bot https://support.plesk.com/hc/en-us/articles/10301006946066"
54.247.50.127 - - [30/Nov/2025:12:48:59 +0000] "GET /wp-content/themes/woodmart/css/parts/woo-widget-product-list.min.css?ver=8.2.7 HTTP/2" 200 313 "https://alkhidmahnaturalcare.com/" "Plesk screenshot bot https://support.plesk.com/hc/en-us/articles/10301006946066"
54.247.50.127 - - [30/Nov/2025:12:48:59 +0000] "GET /wp-content/themes/woodmart/css/parts/woo-mod-login-form.min.css?ver=8.2.7 HTTP/2" 200 645 "https://alkhidmahnaturalcare.com/" "Plesk screenshot bot https://support.plesk.com/hc/en-us/articles/10301006946066"
54.247.50.127 - - [30/Nov/2025:12:48:59 +0000] "GET /wp-content/themes/woodmart/css/parts/header-el-mobile-nav-dropdown.min.css?ver=8.2.7 HTTP/2" 200 90 "https://alkhidmahnaturalcare.com/" "Plesk screenshot bot https://support.plesk.com/hc/en-us/articles/10301006946066"
54.247.50.127 - - [30/Nov/2025:12:48:59 +0000] "GET /wp-content/plugins/elementor/assets/js/frontend.min.js?ver=3.33.2 HTTP/2" 200 10035 "https://alkhidmahnaturalcare.com/" "Plesk screenshot bot https://support.plesk.com/hc/en-us/articles/10301006946066"
54.247.50.127 - - [30/Nov/2025:12:48:59 +0000] "GET /wp-content/themes/woodmart/css/parts/woo-opt-stretch-cont.min.css?ver=8.2.7 HTTP/2" 200 237 "https://alkhidmahnaturalcare.com/" "Plesk screenshot bot https://support.plesk.com/hc/en-us/articles/10301006946066"
54.247.50.127 - - [30/Nov/2025:12:48:59 +0000] "GET /wp-content/themes/woodmart/css/parts/wd-search-results.min.css?ver=8.2.7 HTTP/2" 200 812 "https://alkhidmahnaturalcare.com/" "Plesk screenshot bot https://support.plesk.com/hc/en-us/articles/10301006946066"
54.247.50.127 - - [30/Nov/2025:12:48:59 +0000] "GET /wp-content/themes/woodmart/css/parts/wd-search-form.min.css?ver=8.2.7 HTTP/2" 200 640 "https://alkhidmahnaturalcare.com/" "Plesk screenshot bot https://support.plesk.com/hc/en-us/articles/10301006946066"
54.247.50.127 - - [30/Nov/2025:12:48:59 +0000] "GET /wp-content/themes/woodmart/css/parts/opt-widget-collapse.min.css?ver=8.2.7 HTTP/2" 200 393 "https://alkhidmahnaturalcare.com/" "Plesk screenshot bot https://support.plesk.com/hc/en-us/articles/10301006946066"
54.247.50.127 - - [30/Nov/2025:12:48:59 +0000] "GET /wp-content/themes/woodmart/css/parts/woo-widget-shopping-cart.min.css?ver=8.2.7 HTTP/2" 200 1219 "https://alkhidmahnaturalcare.com/" "Plesk screenshot bot https://support.plesk.com/hc/en-us/articles/10301006946066"
54.247.50.127 - - [30/Nov/2025:12:48:59 +0000] "GET /wp-content/themes/woodmart/css/parts/woo-opt-products-shadow.min.css?ver=8.2.7 HTTP/2" 200 117 "https://alkhidmahnaturalcare.com/" "Plesk screenshot bot https://support.plesk.com/hc/en-us/articles/10301006946066"
54.247.50.127 - - [30/Nov/2025:12:48:59 +0000] "GET /wp-content/themes/woodmart/css/parts/woo-opt-products-bg.min.css?ver=8.2.7 HTTP/2" 200 116 "https://alkhidmahnaturalcare.com/" "Plesk screenshot bot https://support.plesk.com/hc/en-us/articles/10301006946066"
54.247.50.127 - - [30/Nov/2025:12:48:59 +0000] "GET /wp-content/uploads/2025/11/images_-Health-care-products_1751482968639.png HTTP/2" 200 37735 "https://alkhidmahnaturalcare.com/" "Plesk screenshot bot https://support.plesk.com/hc/en-us/articles/10301006946066"
54.247.50.127 - - [30/Nov/2025:12:48:59 +0000] "GET /wp-content/plugins/elementor/assets/js/webpack.runtime.min.js?ver=3.33.2 HTTP/2" 200 2251 "https://alkhidmahnaturalcare.com/" "Plesk screenshot bot https://support.plesk.com/hc/en-us/articles/10301006946066"
54.247.50.127 - - [30/Nov/2025:12:48:59 +0000] "GET /wp-content/plugins/elementor-pro/assets/js/elements-handlers.min.js?ver=3.30.1 HTTP/2" 200 10180 "https://alkhidmahnaturalcare.com/" "Plesk screenshot bot https://support.plesk.com/hc/en-us/articles/10301006946066"
54.247.50.127 - - [30/Nov/2025:12:48:59 +0000] "GET /wp-content/themes/woodmart/css/parts/footer-base.min.css?ver=8.2.7 HTTP/2" 200 352 "https://alkhidmahnaturalcare.com/" "Plesk screenshot bot https://support.plesk.com/hc/en-us/articles/10301006946066"
54.247.50.127 - - [30/Nov/2025:12:48:59 +0000] "GET /wp-content/themes/woodmart/css/parts/header-el-my-account-sidebar.min.css?ver=8.2.7 HTTP/2" 200 314 "https://alkhidmahnaturalcare.com/" "Plesk screenshot bot https://support.plesk.com/hc/en-us/articles/10301006946066"
54.247.50.127 - - [30/Nov/2025:12:48:59 +0000] "GET /wp-content/themes/woodmart/js/scripts/wc/updateCartFragmentsFix.js?ver=8.2.7 HTTP/2" 200 539 "https://alkhidmahnaturalcare.com/" "Plesk screenshot bot https://support.plesk.com/hc/en-us/articles/10301006946066"
54.247.50.127 - - [30/Nov/2025:12:48:59 +0000] "GET /wp-content/plugins/woocommerce/assets/js/frontend/order-attribution.min.js?ver=10.3.5 HTTP/2" 200 998 "https://alkhidmahnaturalcare.com/" "Plesk screenshot bot https://support.plesk.com/hc/en-us/articles/10301006946066"
54.247.50.127 - - [30/Nov/2025:12:48:59 +0000] "GET /wp-content/plugins/elementor/assets/lib/swiper/v8/swiper.min.js?ver=8.4.5 HTTP/2" 200 38152 "https://alkhidmahnaturalcare.com/" "Plesk screenshot bot https://support.plesk.com/hc/en-us/articles/10301006946066"
54.247.50.127 - - [30/Nov/2025:12:48:59 +0000] "GET /wp-content/plugins/elementor-pro/assets/js/webpack-pro.runtime.min.js?ver=3.30.1 HTTP/2" 200 2621 "https://alkhidmahnaturalcare.com/" "Plesk screenshot bot https://support.plesk.com/hc/en-us/articles/10301006946066"
54.247.50.127 - - [30/Nov/2025:12:48:59 +0000] "GET /wp-content/themes/woodmart/js/scripts/global/helpers.min.js?ver=8.2.7 HTTP/2" 200 1725 "https://alkhidmahnaturalcare.com/" "Plesk screenshot bot https://support.plesk.com/hc/en-us/articles/10301006946066"
54.247.50.127 - - [30/Nov/2025:12:48:59 +0000] "GET /wp-content/themes/woodmart/js/scripts/menu/menuOffsets.min.js?ver=8.2.7 HTTP/2" 200 935 "https://alkhidmahnaturalcare.com/" "Plesk screenshot bot https://support.plesk.com/hc/en-us/articles/10301006946066"
54.247.50.127 - - [30/Nov/2025:12:48:59 +0000] "GET /wp-includes/js/dist/hooks.min.js?ver=4d63a3d491d11ffd8ac6 HTTP/2" 200 1571 "https://alkhidmahnaturalcare.com/" "Plesk screenshot bot https://support.plesk.com/hc/en-us/articles/10301006946066"
54.247.50.127 - - [30/Nov/2025:12:48:59 +0000] "GET /wp-content/themes/woodmart/css/parts/woo-product-loop-alt.min.css?ver=8.2.7 HTTP/2" 200 783 "https://alkhidmahnaturalcare.com/" "Plesk screenshot bot https://support.plesk.com/hc/en-us/articles/10301006946066"
54.247.50.127 - - [30/Nov/2025:12:48:59 +0000] "GET /wp-content/themes/woodmart/js/scripts/wc/woocommerceNotices.min.js?ver=8.2.7 HTTP/2" 200 232 "https://alkhidmahnaturalcare.com/" "Plesk screenshot bot https://support.plesk.com/hc/en-us/articles/10301006946066"
54.247.50.127 - - [30/Nov/2025:12:48:59 +0000] "GET /wp-content/themes/woodmart/js/scripts/global/ajaxSearch.min.js?ver=8.2.7 HTTP/2" 200 1635 "https://alkhidmahnaturalcare.com/" "Plesk screenshot bot https://support.plesk.com/hc/en-us/articles/10301006946066"
54.247.50.127 - - [30/Nov/2025:12:48:59 +0000] "GET /wp-content/themes/woodmart/js/libs/autocomplete.min.js?ver=8.2.7 HTTP/2" 200 4384 "https://alkhidmahnaturalcare.com/" "Plesk screenshot bot https://support.plesk.com/hc/en-us/articles/10301006946066"
54.247.50.127 - - [30/Nov/2025:12:48:59 +0000] "GET /wp-content/themes/woodmart/js/scripts/global/widgetCollapse.min.js?ver=8.2.7 HTTP/2" 200 355 "https://alkhidmahnaturalcare.com/" "Plesk screenshot bot https://support.plesk.com/hc/en-us/articles/10301006946066"
54.247.50.127 - - [30/Nov/2025:12:48:59 +0000] "GET /wp-content/themes/woodmart/js/scripts/global/clearSearch.min.js?ver=8.2.7 HTTP/2" 200 482 "https://alkhidmahnaturalcare.com/" "Plesk screenshot bot https://support.plesk.com/hc/en-us/articles/10301006946066"
54.247.50.127 - - [30/Nov/2025:12:48:59 +0000] "GET /wp-content/themes/woodmart/js/scripts/header/headerBuilder.min.js?ver=8.2.7 HTTP/2" 200 963 "https://alkhidmahnaturalcare.com/" "Plesk screenshot bot https://support.plesk.com/hc/en-us/articles/10301006946066"
54.247.50.127 - - [30/Nov/2025:12:48:59 +0000] "GET /wp-content/plugins/woocommerce/assets/client/blocks/wc-blocks.css?ver=wc-10.3.5 HTTP/2" 200 2391 "https://alkhidmahnaturalcare.com/" "Plesk screenshot bot https://support.plesk.com/hc/en-us/articles/10301006946066"
54.247.50.127 - - [30/Nov/2025:12:48:59 +0000] "GET /wp-content/themes/woodmart/js/scripts/wc/wishlist.min.js?ver=8.2.7 HTTP/2" 200 1968 "https://alkhidmahnaturalcare.com/" "Plesk screenshot bot https://support.plesk.com/hc/en-us/articles/10301006946066"
54.247.50.127 - - [30/Nov/2025:12:48:59 +0000] "GET /wp-content/themes/woodmart/js/scripts/wc/onRemoveFromCart.min.js?ver=8.2.7 HTTP/2" 200 179 "https://alkhidmahnaturalcare.com/" "Plesk screenshot bot https://support.plesk.com/hc/en-us/articles/10301006946066"
54.247.50.127 - - [30/Nov/2025:12:48:59 +0000] "GET /wp-content/themes/woodmart/js/scripts/wc/swatchesVariations.min.js?ver=8.2.7 HTTP/2" 200 2944 "https://alkhidmahnaturalcare.com/" "Plesk screenshot bot https://support.plesk.com/hc/en-us/articles/10301006946066"
54.247.50.127 - - [30/Nov/2025:12:48:59 +0000] "GET /wp-content/themes/woodmart/css/parts/opt-scrolltotop.min.css?ver=8.2.7 HTTP/2" 200 345 "https://alkhidmahnaturalcare.com/" "Plesk screenshot bot https://support.plesk.com/hc/en-us/articles/10301006946066"
54.247.50.127 - - [30/Nov/2025:12:48:59 +0000] "GET /wp-content/themes/woodmart/js/libs/swiper.min.js?ver=8.2.7 HTTP/2" 200 29257 "https://alkhidmahnaturalcare.com/" "Plesk screenshot bot https://support.plesk.com/hc/en-us/articles/10301006946066"
54.247.50.127 - - [30/Nov/2025:12:48:59 +0000] "GET /wp-content/themes/woodmart/js/scripts/wc/quickShop.min.js?ver=8.2.7 HTTP/2" 200 535 "https://alkhidmahnaturalcare.com/" "Plesk screenshot bot https://support.plesk.com/hc/en-us/articles/10301006946066"
54.247.50.127 - - [30/Nov/2025:12:48:59 +0000] "GET /wp-includes/js/wp-util.min.js?ver=6.8.3 HTTP/2" 200 690 "https://alkhidmahnaturalcare.com/" "Plesk screenshot bot https://support.plesk.com/hc/en-us/articles/10301006946066"
54.247.50.127 - - [30/Nov/2025:12:48:59 +0000] "GET /wp-content/themes/woodmart/js/libs/magnific-popup.min.js?ver=8.2.7 HTTP/2" 200 7180 "https://alkhidmahnaturalcare.com/" "Plesk screenshot bot https://support.plesk.com/hc/en-us/articles/10301006946066"
54.247.50.127 - - [30/Nov/2025:12:48:59 +0000] "GET /wp-content/themes/woodmart/js/scripts/wc/productImagesGallery.min.js?ver=8.2.7 HTTP/2" 200 1872 "https://alkhidmahnaturalcare.com/" "Plesk screenshot bot https://support.plesk.com/hc/en-us/articles/10301006946066"
54.247.50.127 - - [30/Nov/2025:12:48:59 +0000] "GET /wp-content/themes/woodmart/js/scripts/wc/woocommerceQuantity.min.js?ver=8.2.7 HTTP/2" 200 446 "https://alkhidmahnaturalcare.com/" "Plesk screenshot bot https://support.plesk.com/hc/en-us/articles/10301006946066"
54.247.50.127 - - [30/Nov/2025:12:48:59 +0000] "GET /wp-content/themes/woodmart/js/scripts/global/scrollTop.min.js?ver=8.2.7 HTTP/2" 200 171 "https://alkhidmahnaturalcare.com/" "Plesk screenshot bot https://support.plesk.com/hc/en-us/articles/10301006946066"
54.247.50.127 - - [30/Nov/2025:12:48:59 +0000] "GET /wp-content/themes/woodmart/js/scripts/wc/addToCartAllTypes.min.js?ver=8.2.7 HTTP/2" 200 833 "https://alkhidmahnaturalcare.com/" "Plesk screenshot bot https://support.plesk.com/hc/en-us/articles/10301006946066"
54.247.50.127 - - [30/Nov/2025:12:48:59 +0000] "GET /wp-content/plugins/woocommerce/assets/js/js-cookie/js.cookie.min.js?ver=2.1.4-wc.10.3.5 HTTP/2" 200 760 "https://alkhidmahnaturalcare.com/" "Plesk screenshot bot https://support.plesk.com/hc/en-us/articles/10301006946066"
54.247.50.127 - - [30/Nov/2025:12:48:59 +0000] "GET /wp-content/themes/woodmart/js/scripts/global/btnsToolTips.min.js?ver=8.2.7 HTTP/2" 200 948 "https://alkhidmahnaturalcare.com/" "Plesk screenshot bot https://support.plesk.com/hc/en-us/articles/10301006946066"
54.247.50.127 - - [30/Nov/2025:12:48:59 +0000] "GET /wp-content/plugins/woocommerce/assets/js/frontend/woocommerce.min.js?ver=10.3.5 HTTP/2" 200 1275 "https://alkhidmahnaturalcare.com/" "Plesk screenshot bot https://support.plesk.com/hc/en-us/articles/10301006946066"
54.247.50.127 - - [30/Nov/2025:12:48:59 +0000] "GET /wp-content/themes/woodmart/js/scripts/global/mailchimp.min.js?ver=8.2.7 HTTP/2" 200 285 "https://alkhidmahnaturalcare.com/" "Plesk screenshot bot https://support.plesk.com/hc/en-us/articles/10301006946066"
54.247.50.127 - - [30/Nov/2025:12:48:59 +0000] "GET /wp-content/themes/woodmart/js/scripts/menu/mobileNavigation.min.js?ver=8.2.7 HTTP/2" 200 1491 "https://alkhidmahnaturalcare.com/" "Plesk screenshot bot https://support.plesk.com/hc/en-us/articles/10301006946066"
54.247.50.127 - - [30/Nov/2025:12:48:59 +0000] "GET /wp-content/plugins/woocommerce/assets/js/jquery-blockui/jquery.blockUI.min.js?ver=2.7.0-wc.10.3.5 HTTP/2" 200 3277 "https://alkhidmahnaturalcare.com/" "Plesk screenshot bot https://support.plesk.com/hc/en-us/articles/10301006946066"
54.247.50.127 - - [30/Nov/2025:12:48:59 +0000] "GET /wp-includes/js/underscore.min.js?ver=1.13.7 HTTP/2" 200 7185 "https://alkhidmahnaturalcare.com/" "Plesk screenshot bot https://support.plesk.com/hc/en-us/articles/10301006946066"
54.247.50.127 - - [30/Nov/2025:12:48:59 +0000] "GET /wp-content/themes/woodmart/js/scripts/menu/menuSetUp.min.js?ver=8.2.7 HTTP/2" 200 606 "https://alkhidmahnaturalcare.com/" "Plesk screenshot bot https://support.plesk.com/hc/en-us/articles/10301006946066"
54.247.50.127 - - [30/Nov/2025:12:48:59 +0000] "GET /wp-content/plugins/woocommerce/assets/js/frontend/add-to-cart-variation.min.js?ver=10.3.5 HTTP/2" 200 3712 "https://alkhidmahnaturalcare.com/" "Plesk screenshot bot https://support.plesk.com/hc/en-us/articles/10301006946066"
54.247.50.127 - - [30/Nov/2025:12:48:59 +0000] "GET /wp-includes/js/imagesloaded.min.js?ver=5.0.0 HTTP/2" 200 1687 "https://alkhidmahnaturalcare.com/" "Plesk screenshot bot https://support.plesk.com/hc/en-us/articles/10301006946066"
54.247.50.127 - - [30/Nov/2025:12:48:59 +0000] "GET /wp-content/plugins/woocommerce/assets/js/frontend/add-to-cart.min.js?ver=10.3.5 HTTP/2" 200 1225 "https://alkhidmahnaturalcare.com/" "Plesk screenshot bot https://support.plesk.com/hc/en-us/articles/10301006946066"
54.247.50.127 - - [30/Nov/2025:12:48:59 +0000] "GET /wp-content/themes/woodmart/js/scripts/global/swiperInit.min.js?ver=8.2.7 HTTP/2" 200 2111 "https://alkhidmahnaturalcare.com/" "Plesk screenshot bot https://support.plesk.com/hc/en-us/articles/10301006946066"
54.247.50.127 - - [30/Nov/2025:12:48:59 +0000] "GET /wp-content/themes/woodmart/js/scripts/wc/cartWidget.min.js?ver=8.2.7 HTTP/2" 200 341 "https://alkhidmahnaturalcare.com/" "Plesk screenshot bot https://support.plesk.com/hc/en-us/articles/10301006946066"
54.247.50.127 - - [30/Nov/2025:12:48:59 +0000] "GET /wp-content/uploads/2025/11/images_-Health-care-products_1751482601139-1.png HTTP/2" 200 40964 "https://alkhidmahnaturalcare.com/" "Plesk screenshot bot https://support.plesk.com/hc/en-us/articles/10301006946066"
54.247.50.127 - - [30/Nov/2025:12:48:59 +0000] "GET /wp-content/themes/woodmart/css/parts/lib-magnific-popup.min.css?ver=8.2.7 HTTP/2" 200 750 "https://alkhidmahnaturalcare.com/" "Plesk screenshot bot https://support.plesk.com/hc/en-us/articles/10301006946066"
54.247.50.127 - - [30/Nov/2025:12:48:59 +0000] "GET /wp-content/plugins/woocommerce/assets/js/sourcebuster/sourcebuster.min.js?ver=10.3.5 HTTP/2" 200 4609 "https://alkhidmahnaturalcare.com/" "Plesk screenshot bot https://support.plesk.com/hc/en-us/articles/10301006946066"
54.247.50.127 - - [30/Nov/2025:12:48:59 +0000] "GET /wp-includes/js/jquery/ui/core.min.js?ver=1.13.3 HTTP/2" 200 6812 "https://alkhidmahnaturalcare.com/" "Plesk screenshot bot https://support.plesk.com/hc/en-us/articles/10301006946066"
54.247.50.127 - - [30/Nov/2025:12:48:59 +0000] "GET /wp-content/themes/woodmart/js/libs/tooltips.min.js?ver=8.2.7 HTTP/2" 200 4079 "https://alkhidmahnaturalcare.com/" "Plesk screenshot bot https://support.plesk.com/hc/en-us/articles/10301006946066"
54.247.50.127 - - [30/Nov/2025:12:48:59 +0000] "GET /wp-content/themes/woodmart/css/parts/woo-mod-product-labels-round.min.css?ver=8.2.7 HTTP/2" 200 174 "https://alkhidmahnaturalcare.com/" "Plesk screenshot bot https://support.plesk.com/hc/en-us/articles/10301006946066"
54.247.50.127 - - [30/Nov/2025:12:48:59 +0000] "GET /wp-content/themes/woodmart/js/scripts/wc/quickView.min.js?ver=8.2.7 HTTP/2" 200 746 "https://alkhidmahnaturalcare.com/" "Plesk screenshot bot https://support.plesk.com/hc/en-us/articles/10301006946066"
54.247.50.127 - - [30/Nov/2025:12:48:59 +0000] "GET /wp-content/plugins/revslider/public/js/libs/tptools.js?ver=6.7.38 HTTP/2" 200 72940 "https://alkhidmahnaturalcare.com/" "Plesk screenshot bot https://support.plesk.com/hc/en-us/articles/10301006946066"
54.247.50.127 - - [30/Nov/2025:12:48:59 +0000] "GET /wp-content/uploads/2025/11/images_-Health-care-products_1751483975531.png HTTP/2" 200 81774 "https://alkhidmahnaturalcare.com/" "Plesk screenshot bot https://support.plesk.com/hc/en-us/articles/10301006946066"
54.247.50.127 - - [30/Nov/2025:12:48:59 +0000] "GET /wp-content/uploads/2025/11/images_-Health-care-products_1751483808790.png HTTP/2" 200 101565 "https://alkhidmahnaturalcare.com/" "Plesk screenshot bot https://support.plesk.com/hc/en-us/articles/10301006946066"
54.247.50.127 - - [30/Nov/2025:12:48:59 +0000] "GET /wp-content/uploads/2025/11/selfeb-health-care-products-1753624619179.png HTTP/2" 200 114077 "https://alkhidmahnaturalcare.com/" "Plesk screenshot bot https://support.plesk.com/hc/en-us/articles/10301006946066"
54.247.50.127 - - [30/Nov/2025:12:48:59 +0000] "GET /wp-content/uploads/2025/11/2-1536x1536.webp HTTP/2" 200 89002 "https://alkhidmahnaturalcare.com/" "Plesk screenshot bot https://support.plesk.com/hc/en-us/articles/10301006946066"
54.247.50.127 - - [30/Nov/2025:12:48:59 +0000] "GET /wp-content/themes/woodmart/fonts/woodmart-font-1-400.woff2?v=8.2.7 HTTP/2" 200 12080 "https://alkhidmahnaturalcare.com/" "Plesk screenshot bot https://support.plesk.com/hc/en-us/articles/10301006946066"
54.247.50.127 - - [30/Nov/2025:12:49:00 +0000] "GET /wp-content/uploads/2025/11/images_blob_1751373870833.png HTTP/2" 200 32067 "https://alkhidmahnaturalcare.com/" "Plesk screenshot bot https://support.plesk.com/hc/en-us/articles/10301006946066"
54.247.50.127 - - [30/Nov/2025:12:49:00 +0000] "GET /wp-content/uploads/2025/11/5fd5d5ae-0029-4190-8f58-cefb8acd2f40.jpg HTTP/2" 200 126736 "https://alkhidmahnaturalcare.com/" "Plesk screenshot bot https://support.plesk.com/hc/en-us/articles/10301006946066"
54.247.50.127 - - [30/Nov/2025:12:49:00 +0000] "GET /wp-content/uploads/2025/11/selfeb-health-care-products-1753616547278.png HTTP/2" 200 123624 "https://alkhidmahnaturalcare.com/" "Plesk screenshot bot https://support.plesk.com/hc/en-us/articles/10301006946066"
54.247.50.127 - - [30/Nov/2025:12:49:00 +0000] "GET /wp-content/uploads/2025/11/images_-Health-care-products_1751482322119.png HTTP/2" 200 79915 "https://alkhidmahnaturalcare.com/" "Plesk screenshot bot https://support.plesk.com/hc/en-us/articles/10301006946066"
54.247.50.127 - - [30/Nov/2025:12:49:00 +0000] "GET /wp-content/uploads/2025/11/images_-Health-care-products_1751382212020.png HTTP/2" 200 104861 "https://alkhidmahnaturalcare.com/" "Plesk screenshot bot https://support.plesk.com/hc/en-us/articles/10301006946066"
54.247.50.127 - - [30/Nov/2025:12:49:00 +0000] "GET /wp-content/uploads/2025/11/Grey-and-Brown-Modern-Skincare-Amazon-Product-Image-2.webp HTTP/2" 200 48604 "https://alkhidmahnaturalcare.com/" "Plesk screenshot bot https://support.plesk.com/hc/en-us/articles/10301006946066"
54.247.50.127 - - [30/Nov/2025:12:49:00 +0000] "GET /wp-content/uploads/2025/11/1-1536x1536.webp HTTP/2" 200 93808 "https://alkhidmahnaturalcare.com/" "Plesk screenshot bot https://support.plesk.com/hc/en-us/articles/10301006946066"
54.247.50.127 - - [30/Nov/2025:12:49:00 +0000] "GET /wp-content/uploads/2025/11/Grey-and-Brown-Modern-Skincare-Amazon-Product-Image-2-1.webp HTTP/2" 200 53622 "https://alkhidmahnaturalcare.com/" "Plesk screenshot bot https://support.plesk.com/hc/en-us/articles/10301006946066"
54.247.50.127 - - [30/Nov/2025:12:49:00 +0000] "GET /wp-content/uploads/2025/11/selfeb-health-care-products-1753617123640.png HTTP/2" 200 41928 "https://alkhidmahnaturalcare.com/" "Plesk screenshot bot https://support.plesk.com/hc/en-us/articles/10301006946066"
54.247.50.127 - - [30/Nov/2025:12:48:59 +0000] "GET /wp-content/uploads/2025/11/Green-Watercolor-Organic-Presentation-2-scaled-1.png HTTP/2" 200 1326963 "https://alkhidmahnaturalcare.com/" "Plesk screenshot bot https://support.plesk.com/hc/en-us/articles/10301006946066"
54.247.50.127 - - [30/Nov/2025:12:49:00 +0000] "POST /?wc-ajax=get_refreshed_fragments HTTP/2" 500 1021 "https://alkhidmahnaturalcare.com/" "Plesk screenshot bot https://support.plesk.com/hc/en-us/articles/10301006946066"
54.247.50.127 - - [30/Nov/2025:12:49:00 +0000] "GET /wp-content/plugins/elementor/assets/js/shared-frontend-handlers.03caa53373b56d3bab67.bundle.min.js HTTP/2" 200 2511 "https://alkhidmahnaturalcare.com/" "Plesk screenshot bot https://support.plesk.com/hc/en-us/articles/10301006946066"
54.247.50.127 - - [30/Nov/2025:12:49:00 +0000] "GET /wp-content/plugins/elementor/assets/js/image-carousel.6167d20b95b33386757b.bundle.min.js HTTP/2" 200 229 "https://alkhidmahnaturalcare.com/" "Plesk screenshot bot https://support.plesk.com/hc/en-us/articles/10301006946066"
54.247.50.127 - - [30/Nov/2025:12:49:00 +0000] "GET /wp-content/plugins/elementor-pro/assets/js/form.5fb35271b8ba3fb1e7d6.bundle.min.js HTTP/2" 200 4961 "https://alkhidmahnaturalcare.com/" "Plesk screenshot bot https://support.plesk.com/hc/en-us/articles/10301006946066"
54.247.50.127 - - [30/Nov/2025:12:49:00 +0000] "GET /wp-content/plugins/elementor-pro/assets/js/popup.f7b15b2ca565b152bf98.bundle.min.js HTTP/2" 200 394 "https://alkhidmahnaturalcare.com/" "Plesk screenshot bot https://support.plesk.com/hc/en-us/articles/10301006946066"
54.247.50.127 - - [30/Nov/2025:12:49:01 +0000] "GET /wp-content/uploads/2025/11/cropped-cropped-speaker-template-6-1-32x32.png HTTP/2" 200 697 "https://alkhidmahnaturalcare.com/" "Plesk screenshot bot https://support.plesk.com/hc/en-us/articles/10301006946066"
66.249.70.164 - - [30/Nov/2025:12:49:02 +0000] "POST /?wc-ajax=get_refreshed_fragments HTTP/2" 200 538 "https://alkhidmahnaturalcare.com/shop/?column=5&filter_cat=112,121,115,114,122&filter_brand=35%2C41%2C42&add-to-cart=10157&filter_campaign=50%2C51" "Mozilla/5.0 (Linux; Android 6.0.1; Nexus 5X Build/MMB29P) AppleWebKit/537.36 (KHTML, like Gecko) Chrome/141.0.7390.122 Mobile Safari/537.36 (compatible; Googlebot/2.1; +http://www.google.com/bot.html)"
217.113.194.116 - - [30/Nov/2025:12:49:04 +0000] "GET /shop/page/22/?per_page=24&filter_cat=115%2C117%2C113%2C116%2C15&column=3 HTTP/2" 404 21895 "-" "Mozilla/5.0 (compatible; Barkrowler/0.9; +https://babbar.tech/crawler)"
217.113.194.118 - - [30/Nov/2025:12:49:20 +0000] "GET /shop/page/23/?per_page=24&filter_cat=117%2C114%2C115%2C116%2C113&column=2 HTTP/2" 404 21889 "-" "Mozilla/5.0 (compatible; Barkrowler/0.9; +https://babbar.tech/crawler)"
107.181.234.74 - - [30/Nov/2025:12:49:36 +0000] "POST /wp-cron.php?doing_wp_cron=1764506976.7837951183319091796875 HTTP/2" 200 0 "-" "WordPress/6.8.3; https://alkhidmahnaturalcare.com"
217.113.194.121 - - [30/Nov/2025:12:49:36 +0000] "GET /shop/page/16/?column=5&filter_cat=114%2C112%2C115%2C121%2C116&per_page=9 HTTP/2" 404 21896 "-" "Mozilla/5.0 (compatible; Barkrowler/0.9; +https://babbar.tech/crawler)"
66.249.70.162 - - [30/Nov/2025:12:49:52 +0000] "GET /shop/?column=5&filter_cat=116,115,15,113,117,121&per_page=24&filter_brand=35%2C42 HTTP/2" 200 35636 "-" "Mozilla/5.0 (Linux; Android 6.0.1; Nexus 5X Build/MMB29P) AppleWebKit/537.36 (KHTML, like Gecko) Chrome/141.0.7390.122 Mobile Safari/537.36 (compatible; Googlebot/2.1; +http://www.google.com/bot.html)"
217.113.194.117 - - [30/Nov/2025:12:49:53 +0000] "GET /shop/page/38/?filter_cat=116%2C115%2C112%2C122%2C121%2C117%2C114&per_page=9 HTTP/2" 404 21883 "-" "Mozilla/5.0 (compatible; Barkrowler/0.9; +https://babbar.tech/crawler)"
217.113.194.116 - - [30/Nov/2025:12:50:09 +0000] "GET /shop/page/35/?per_page=24&filter_cat=113%2C121%2C112%2C116%2C117&column=5 HTTP/2" 404 21892 "-" "Mozilla/5.0 (compatible; Barkrowler/0.9; +https://babbar.tech/crawler)"
40.77.167.15 - - [30/Nov/2025:12:50:16 +0000] "GET /a294022.shtm HTTP/2" 500 1021 "-" "Mozilla/5.0 AppleWebKit/537.36 (KHTML, like Gecko; compatible; bingbot/2.0; +http://www.bing.com/bingbot.htm) Chrome/116.0.1938.76 Safari/537.36"
66.249.70.162 - - [30/Nov/2025:12:50:19 +0000] "GET /wp-content/plugins/woocommerce/assets/js/accounting/accounting.min.js?ver=0.4.2 HTTP/2" 200 1321 "https://alkhidmahnaturalcare.com/shop/?column=5&filter_cat=116,115,15,113,117,121&per_page=24&filter_brand=35%2C42" "Mozilla/5.0 (Linux; Android 6.0.1; Nexus 5X Build/MMB29P) AppleWebKit/537.36 (KHTML, like Gecko) Chrome/141.0.7390.122 Mobile Safari/537.36 (compatible; Googlebot/2.1; +http://www.google.com/bot.html)"
217.113.194.113 - - [30/Nov/2025:12:50:25 +0000] "GET /shop/page/32/?filter_cat=114%2C115%2C112%2C117%2C113%2C116%2C15&column=4 HTTP/2" 404 21890 "-" "Mozilla/5.0 (compatible; Barkrowler/0.9; +https://babbar.tech/crawler)"
66.249.70.162 - - [30/Nov/2025:12:50:26 +0000] "POST /?wc-ajax=get_refreshed_fragments HTTP/2" 200 538 "https://alkhidmahnaturalcare.com/shop/?column=5&filter_cat=116,115,15,113,117,121&per_page=24&filter_brand=35%2C42" "Mozilla/5.0 (Linux; Android 6.0.1; Nexus 5X Build/MMB29P) AppleWebKit/537.36 (KHTML, like Gecko) Chrome/141.0.7390.122 Mobile Safari/537.36 (compatible; Googlebot/2.1; +http://www.google.com/bot.html)"
107.181.234.74 - - [30/Nov/2025:12:50:42 +0000] "POST /wp-cron.php?doing_wp_cron=1764507042.0927200317382812500000 HTTP/2" 200 0 "-" "WordPress/6.8.3; https://alkhidmahnaturalcare.com"
217.113.194.112 - - [30/Nov/2025:12:50:41 +0000] "GET /shop/page/43/?filter_cat=112%2C122%2C121%2C116%2C15%2C117%2C113&per_page=24 HTTP/2" 404 21887 "-" "Mozilla/5.0 (compatible; Barkrowler/0.9; +https://babbar.tech/crawler)"
217.113.194.117 - - [30/Nov/2025:12:50:57 +0000] "GET /shop/?filter_cat=121%2C15%2C117&column=4&filter_brand=41%2C37&filter_campaign=50 HTTP/2" 500 1021 "-" "Mozilla/5.0 (compatible; Barkrowler/0.9; +https://babbar.tech/crawler)"
66.249.70.163 - - [30/Nov/2025:12:51:06 +0000] "GET /shop/?column=2&filter_brand=36%2C41%2C42&per_page=24&add-to-cart=10166&filter_cat=15,121 HTTP/2" 200 35615 "-" "Mozilla/5.0 (Linux; Android 6.0.1; Nexus 5X Build/MMB29P) AppleWebKit/537.36 (KHTML, like Gecko) Chrome/141.0.7390.122 Mobile Safari/537.36 (compatible; Googlebot/2.1; +http://www.google.com/bot.html)"
217.113.194.114 - - [30/Nov/2025:12:51:13 +0000] "GET /shop/?filter_cat=121%2C15%2C113%2C112&per_page=12&filter_brand=42&filter_campaign=50 HTTP/2" 200 31437 "-" "Mozilla/5.0 (compatible; Barkrowler/0.9; +https://babbar.tech/crawler)"
217.113.194.119 - - [30/Nov/2025:12:51:29 +0000] "GET /shop/?filter_cat=121%2C117%2C122%2C112&column=5&filter_campaign=51%2C50&per_page=24 HTTP/2" 200 35648 "-" "Mozilla/5.0 (compatible; Barkrowler/0.9; +https://babbar.tech/crawler)"
107.181.234.74 - - [30/Nov/2025:12:51:45 +0000] "POST /wp-cron.php?doing_wp_cron=1764507105.8313720226287841796875 HTTP/2" 200 0 "-" "WordPress/6.8.3; https://alkhidmahnaturalcare.com"
217.113.194.225 - - [30/Nov/2025:12:51:45 +0000] "GET /shop/?filter_cat=121%2C114%2C122&per_page=24&filter_brand=37%2C41&filter_campaign=50 HTTP/2" 200 35488 "-" "Mozilla/5.0 (compatible; Barkrowler/0.9; +https://babbar.tech/crawler)"
217.113.194.120 - - [30/Nov/2025:12:52:01 +0000] "GET /shop/?filter_cat=121%2C114%2C15%2C122%2C112&column=5&filter_brand=37&filter_campaign=50 HTTP/2" 200 31547 "-" "Mozilla/5.0 (compatible; Barkrowler/0.9; +https://babbar.tech/crawler)"
154.54.249.204 - - [30/Nov/2025:12:45:49 +0000] "GET /shop/?per_page=12&filter_brand=35&filter_cat=15%2C117%2C122%2C121&column=5 HTTP/2" 200 31482 "-" "Mozilla/5.0 (compatible; Barkrowler/0.9; +https://babbar.tech/crawler)"
217.113.194.120 - - [30/Nov/2025:12:46:06 +0000] "GET /shop/?per_page=12&filter_brand=39%2C38&filter_cat=112%2C117%2C122&column=3 HTTP/2" 200 31506 "-" "Mozilla/5.0 (compatible; Barkrowler/0.9; +https://babbar.tech/crawler)"
217.113.194.118 - - [30/Nov/2025:12:46:22 +0000] "GET /shop/?per_page=18&filter_brand=35&filter_cat=115%2C117%2C112&filter_campaign=51 HTTP/2" 200 33529 "-" "Mozilla/5.0 (compatible; Barkrowler/0.9; +https://babbar.tech/crawler)"
43.166.253.94 - - [30/Nov/2025:12:46:32 +0000] "GET /wp-content/plugins/ HTTP/2" 200 0 "-" "Mozilla/5.0 (iPhone; CPU iPhone OS 13_2_3 like Mac OS X) AppleWebKit/605.1.15 (KHTML, like Gecko) Version/13.0.3 Mobile/15E148 Safari/604.1"
217.113.194.118 - - [30/Nov/2025:12:46:38 +0000] "GET /shop/?per_page=18&filter_brand=41%2C35&filter_cat=116%2C121%2C122&column=1 HTTP/2" 200 33470 "-" "Mozilla/5.0 (compatible; Barkrowler/0.9; +https://babbar.tech/crawler)"
217.113.194.115 - - [30/Nov/2025:12:46:54 +0000] "GET /shop/?per_page=18&filter_cat=113,112,15,121,114&column=3&filter_campaign=51 HTTP/2" 200 33454 "-" "Mozilla/5.0 (compatible; Barkrowler/0.9; +https://babbar.tech/crawler)"
66.249.70.164 - - [30/Nov/2025:12:47:04 +0000] "GET /shop/?column=5&filter_cat=115%2C116%2C117%2C122&add-to-cart=10167&filter_brand=40%2C36&filter_campaign=50%2C51&per_page=9 HTTP/2" 200 30501 "-" "Mozilla/5.0 (Linux; Android 6.0.1; Nexus 5X Build/MMB29P) AppleWebKit/537.36 (KHTML, like Gecko) Chrome/141.0.7390.122 Mobile Safari/537.36 (compatible; Googlebot/2.1; +http://www.google.com/bot.html)"
217.113.194.116 - - [30/Nov/2025:12:47:10 +0000] "GET /shop/?per_page=18&filter_cat=115%2C114%2C113%2C117&filter_brand=39&column=3 HTTP/2" 200 33386 "-" "Mozilla/5.0 (compatible; Barkrowler/0.9; +https://babbar.tech/crawler)"
66.249.70.162 - - [30/Nov/2025:12:47:22 +0000] "GET /wp-content/uploads/al_opt_content/IMAGE/alkhidmahnaturalcare.com/wp-content/uploads/2025/08/speaker-template-8.png.bv_resized_mobile.png.bv.webp?bv_host=alkhidmahnaturalcare.com HTTP/2" 404 21896 "-" "Googlebot-Image/1.0"
217.113.194.226 - - [30/Nov/2025:12:47:27 +0000] "GET /shop/?per_page=18&filter_cat=115%2C116%2C113%2C117&filter_brand=38&column=1 HTTP/2" 200 33498 "-" "Mozilla/5.0 (compatible; Barkrowler/0.9; +https://babbar.tech/crawler)"
167.114.139.1 - - [30/Nov/2025:12:47:29 +0000] "GET /shop/?filter_cat=122&per_page=12 HTTP/2" 500 1021 "-" "Mozilla/5.0 (compatible; AhrefsBot/7.0; +http://ahrefs.com/robot/)"
154.54.249.204 - - [30/Nov/2025:12:52:18 +0000] "GET /shop/?filter_cat=121%2C114%2C113&per_page=24&filter_brand=36%2C39&filter_campaign=51 HTTP/2" 200 35522 "-" "Mozilla/5.0 (compatible; Barkrowler/0.9; +https://babbar.tech/crawler)"
107.181.234.74 - - [30/Nov/2025:12:52:34 +0000] "POST /wp-cron.php?doing_wp_cron=1764507154.8672170639038085937500 HTTP/2" 200 0 "-" "WordPress/6.8.3; https://alkhidmahnaturalcare.com"
217.113.194.119 - - [30/Nov/2025:12:52:34 +0000] "GET /shop/?filter_cat=121%2C114%2C112&per_page=24&filter_brand=35%2C40&filter_campaign=51 HTTP/2" 200 35647 "-" "Mozilla/5.0 (compatible; Barkrowler/0.9; +https://babbar.tech/crawler)"
217.113.194.115 - - [30/Nov/2025:12:52:50 +0000] "GET /shop/?filter_cat=121%2C112%2C15&column=1&filter_brand=38%2C36&filter_campaign=51 HTTP/2" 200 31486 "-" "Mozilla/5.0 (compatible; Barkrowler/0.9; +https://babbar.tech/crawler)"
66.249.70.162 - - [30/Nov/2025:12:53:03 +0000] "GET /?_g=1744643 HTTP/2" 200 34281 "-" "Mozilla/5.0 (Linux; Android 6.0.1; Nexus 5X Build/MMB29P) AppleWebKit/537.36 (KHTML, like Gecko) Chrome/141.0.7390.122 Mobile Safari/537.36 (compatible; Googlebot/2.1; +http://www.google.com/bot.html)"
66.249.70.163 - - [30/Nov/2025:12:53:06 +0000] "POST /?wc-ajax=get_refreshed_fragments HTTP/2" 200 538 "https://alkhidmahnaturalcare.com/?_g=1744643" "Mozilla/5.0 (Linux; Android 6.0.1; Nexus 5X Build/MMB29P) AppleWebKit/537.36 (KHTML, like Gecko) Chrome/141.0.7390.122 Mobile Safari/537.36 (compatible; Googlebot/2.1; +http://www.google.com/bot.html)"
217.113.194.225 - - [30/Nov/2025:12:53:06 +0000] "GET /shop/?filter_cat=121%2C113%2C122&per_page=24&filter_brand=35%2C39&filter_campaign=51 HTTP/2" 200 35668 "-" "Mozilla/5.0 (compatible; Barkrowler/0.9; +https://babbar.tech/crawler)"
217.113.194.117 - - [30/Nov/2025:12:53:23 +0000] "GET /shop/?filter_cat=121%2C113%2C112&column=5&filter_brand=37%2C36&filter_campaign=50 HTTP/2" 200 31538 "-" "Mozilla/5.0 (compatible; Barkrowler/0.9; +https://babbar.tech/crawler)"
107.181.234.74 - - [30/Nov/2025:12:53:39 +0000] "POST /wp-cron.php?doing_wp_cron=1764507219.7607100009918212890625 HTTP/2" 200 0 "-" "WordPress/6.8.3; https://alkhidmahnaturalcare.com"
217.113.194.116 - - [30/Nov/2025:12:53:39 +0000] "GET /shop/?filter_cat=121%2C113%2C116&per_page=24&filter_brand=39%2C41&filter_campaign=51 HTTP/2" 200 35632 "-" "Mozilla/5.0 (compatible; Barkrowler/0.9; +https://babbar.tech/crawler)"
154.54.249.204 - - [30/Nov/2025:12:53:55 +0000] "GET /shop/?filter_cat=121%2C113%2C115&per_page=18&filter_brand=35%2C42&filter_campaign=50 HTTP/2" 200 33353 "-" "Mozilla/5.0 (compatible; Barkrowler/0.9; +https://babbar.tech/crawler)"
66.249.70.162 - - [30/Nov/2025:12:53:57 +0000] "GET /?_g=1270173 HTTP/2" 200 34281 "-" "Mozilla/5.0 (Linux; Android 6.0.1; Nexus 5X Build/MMB29P) AppleWebKit/537.36 (KHTML, like Gecko) Chrome/141.0.7390.122 Mobile Safari/537.36 (compatible; Googlebot/2.1; +http://www.google.com/bot.html)"
154.54.249.204 - - [30/Nov/2025:12:54:11 +0000] "GET /shop/?filter_cat=121%2C116%2C122&per_page=24&filter_brand=38%2C41&filter_campaign=50 HTTP/2" 200 35640 "-" "Mozilla/5.0 (compatible; Barkrowler/0.9; +https://babbar.tech/crawler)"
217.113.194.114 - - [30/Nov/2025:12:54:27 +0000] "GET /shop/?filter_cat=121,117,113,115&per_page=24&filter_brand=38%2C39&column=2 HTTP/2" 200 35784 "-" "Mozilla/5.0 (compatible; Barkrowler/0.9; +https://babbar.tech/crawler)"
107.181.234.74 - - [30/Nov/2025:12:54:44 +0000] "POST /wp-cron.php?doing_wp_cron=1764507284.2026209831237792968750 HTTP/2" 200 0 "-" "WordPress/6.8.3; https://alkhidmahnaturalcare.com"
217.113.194.114 - - [30/Nov/2025:12:54:43 +0000] "GET /shop/?filter_cat=122%2C112%2C15&per_page=24&filter_brand=39%2C40&filter_campaign=51 HTTP/2" 200 35546 "-" "Mozilla/5.0 (compatible; Barkrowler/0.9; +https://babbar.tech/crawler)"
66.249.70.162 - - [30/Nov/2025:12:54:46 +0000] "POST /?wc-ajax=get_refreshed_fragments HTTP/2" 200 538 "https://alkhidmahnaturalcare.com/shop/?column=2&filter_brand=36%2C41%2C42&per_page=24&add-to-cart=10166&filter_cat=15,121" "Mozilla/5.0 (Linux; Android 6.0.1; Nexus 5X Build/MMB29P) AppleWebKit/537.36 (KHTML, like Gecko) Chrome/141.0.7390.122 Mobile Safari/537.36 (compatible; Googlebot/2.1; +http://www.google.com/bot.html)"
66.249.70.162 - - [30/Nov/2025:12:54:50 +0000] "GET /?_g=1009307 HTTP/2" 200 34282 "-" "Mozilla/5.0 (Linux; Android 6.0.1; Nexus 5X Build/MMB29P) AppleWebKit/537.36 (KHTML, like Gecko) Chrome/141.0.7390.122 Mobile Safari/537.36 (compatible; Googlebot/2.1; +http://www.google.com/bot.html)"
66.249.64.103 - - [30/Nov/2025:12:54:51 +0000] "GET /?_g=224899 HTTP/2" 301 0 "-" "Mozilla/5.0 (Linux; Android 6.0.1; Nexus 5X Build/MMB29P) AppleWebKit/537.36 (KHTML, like Gecko) Chrome/141.0.7390.122 Mobile Safari/537.36 (compatible; Googlebot/2.1; +http://www.google.com/bot.html)"
66.249.70.162 - - [30/Nov/2025:12:54:52 +0000] "GET /?_g=224899 HTTP/2" 200 34371 "-" "Mozilla/5.0 (Linux; Android 6.0.1; Nexus 5X Build/MMB29P) AppleWebKit/537.36 (KHTML, like Gecko) Chrome/141.0.7390.122 Mobile Safari/537.36 (compatible; Googlebot/2.1; +http://www.google.com/bot.html)"
66.249.70.162 - - [30/Nov/2025:12:54:54 +0000] "GET /wp-content/uploads/elementor/css/custom-frontend.min.css?ver=1762560000 HTTP/2" 200 6511 "https://alkhidmahnaturalcare.com/?_g=1009307" "Mozilla/5.0 (Linux; Android 6.0.1; Nexus 5X Build/MMB29P) AppleWebKit/537.36 (KHTML, like Gecko) Chrome/141.0.7390.122 Mobile Safari/537.36 (compatible; Googlebot/2.1; +http://www.google.com/bot.html)"
217.113.194.116 - - [30/Nov/2025:12:55:00 +0000] "GET /shop/?filter_cat=122%2C112%2C15&column=4&filter_brand=37%2C41&filter_campaign=51 HTTP/2" 500 1021 "-" "Mozilla/5.0 (compatible; Barkrowler/0.9; +https://babbar.tech/crawler)"
154.54.249.204 - - [30/Nov/2025:12:55:15 +0000] "GET /shop/?filter_cat=122%2C115%2C121%2C15&filter_brand=42%2C38%2C35&per_page=24 HTTP/2" 200 35629 "-" "Mozilla/5.0 (compatible; Barkrowler/0.9; +https://babbar.tech/crawler)"
107.181.234.74 - - [30/Nov/2025:12:55:33 +0000] "POST /wp-cron.php?doing_wp_cron=1764507333.3068709373474121093750 HTTP/2" 200 0 "-" "WordPress/6.8.3; https://alkhidmahnaturalcare.com"
217.113.194.115 - - [30/Nov/2025:12:55:32 +0000] "GET /shop/?filter_cat=122%2C114%2C112&per_page=24&filter_brand=36%2C42&filter_campaign=50 HTTP/2" 200 35521 "-" "Mozilla/5.0 (compatible; Barkrowler/0.9; +https://babbar.tech/crawler)"
154.54.249.204 - - [30/Nov/2025:12:55:49 +0000] "GET /shop/?filter_cat=122%2C114%2C113%2C121%2C116&filter_brand=42&filter_campaign=51 HTTP/2" 200 31624 "-" "Mozilla/5.0 (compatible; Barkrowler/0.9; +https://babbar.tech/crawler)"
217.113.194.119 - - [30/Nov/2025:12:56:05 +0000] "GET /shop/?filter_cat=122%2C114%2C121&per_page=12&filter_brand=35%2C40&column=4 HTTP/2" 200 31491 "-" "Mozilla/5.0 (compatible; Barkrowler/0.9; +https://babbar.tech/crawler)"
66.249.70.170 - - [30/Nov/2025:12:56:21 +0000] "GET /wp-login.php?redirect_to=https%3A%2F%2Falkhidmahnaturalcare.com%2F%3F_g%3D2468602 HTTP/2" 200 1912 "-" "Mozilla/5.0 (Linux; Android 6.0.1; Nexus 5X Build/MMB29P) AppleWebKit/537.36 (KHTML, like Gecko) Chrome/141.0.7390.122 Mobile Safari/537.36 (compatible; Googlebot/2.1; +http://www.google.com/bot.html)"
217.113.194.119 - - [30/Nov/2025:12:56:21 +0000] "GET /shop/?filter_cat=122%2C114%2C121&per_page=12&filter_brand=35%2C42&column=3 HTTP/2" 200 31521 "-" "Mozilla/5.0 (compatible; Barkrowler/0.9; +https://babbar.tech/crawler)"
107.181.234.74 - - [30/Nov/2025:12:56:38 +0000] "POST /wp-cron.php?doing_wp_cron=1764507398.7103331089019775390625 HTTP/2" 200 0 "-" "WordPress/6.8.3; https://alkhidmahnaturalcare.com"
217.113.194.118 - - [30/Nov/2025:12:56:38 +0000] "GET /shop/?filter_cat=122%2C15%2C117%2C112%2C121%2C116&column=5&filter_campaign=51 HTTP/2" 200 31510 "-" "Mozilla/5.0 (compatible; Barkrowler/0.9; +https://babbar.tech/crawler)"
43.153.10.13 - - [30/Nov/2025:12:56:46 +0000] "GET /feed/ HTTP/2" 200 38059 "-" "Mozilla/5.0 (iPhone; CPU iPhone OS 13_2_3 like Mac OS X) AppleWebKit/605.1.15 (KHTML, like Gecko) Version/13.0.3 Mobile/15E148 Safari/604.1"
154.54.249.204 - - [30/Nov/2025:12:56:54 +0000] "GET /shop/?filter_cat=122%2C15%2C113%2C112&per_page=12&filter_brand=36&filter_campaign=51 HTTP/2" 200 31463 "-" "Mozilla/5.0 (compatible; Barkrowler/0.9; +https://babbar.tech/crawler)"
217.113.194.118 - - [30/Nov/2025:12:57:10 +0000] "GET /shop/?filter_cat=122%2C15%2C121%2C113%2C112&per_page=9&filter_brand=41%2C40 HTTP/2" 200 30295 "-" "Mozilla/5.0 (compatible; Barkrowler/0.9; +https://babbar.tech/crawler)"
66.249.70.171 - - [30/Nov/2025:12:57:15 +0000] "GET /wp-login.php?redirect_to=https%3A%2F%2Falkhidmahnaturalcare.com%2F%3F_g%3D1355925 HTTP/2" 200 1912 "-" "Mozilla/5.0 (Linux; Android 6.0.1; Nexus 5X Build/MMB29P) AppleWebKit/537.36 (KHTML, like Gecko) Chrome/141.0.7390.122 Mobile Safari/537.36 (compatible; Googlebot/2.1; +http://www.google.com/bot.html)"
217.113.194.113 - - [30/Nov/2025:12:57:26 +0000] "GET /shop/?filter_cat=122%2C15%2C112&column=2&filter_brand=35%2C37&filter_campaign=51 HTTP/2" 200 31487 "-" "Mozilla/5.0 (compatible; Barkrowler/0.9; +https://babbar.tech/crawler)"
107.181.234.74 - - [30/Nov/2025:12:57:43 +0000] "POST /wp-cron.php?doing_wp_cron=1764507462.9832000732421875000000 HTTP/2" 200 0 "-" "WordPress/6.8.3; https://alkhidmahnaturalcare.com"
217.113.194.112 - - [30/Nov/2025:12:57:42 +0000] "GET /shop/?filter_cat=122%2C117%2C15&column=5&filter_brand=39%2C40&filter_campaign=51 HTTP/2" 200 31555 "-" "Mozilla/5.0 (compatible; Barkrowler/0.9; +https://babbar.tech/crawler)"
217.113.194.115 - - [30/Nov/2025:12:57:58 +0000] "GET /shop/?filter_cat=122%2C113%2C116&per_page=24&filter_brand=37%2C35&filter_campaign=51 HTTP/2" 200 35557 "-" "Mozilla/5.0 (compatible; Barkrowler/0.9; +https://babbar.tech/crawler)"
217.113.194.120 - - [30/Nov/2025:12:58:14 +0000] "GET /shop/?filter_cat=122%2C113%2C15&column=5&filter_brand=36%2C41&filter_campaign=50 HTTP/2" 200 31500 "-" "Mozilla/5.0 (compatible; Barkrowler/0.9; +https://babbar.tech/crawler)"
107.181.234.74 - - [30/Nov/2025:12:58:31 +0000] "POST /wp-cron.php?doing_wp_cron=1764507511.7616760730743408203125 HTTP/2" 200 0 "-" "WordPress/6.8.3; https://alkhidmahnaturalcare.com"
217.113.194.225 - - [30/Nov/2025:12:58:31 +0000] "GET /shop/?filter_cat=15%2C121%2C112%2C122%2C115&column=4&filter_campaign=51&per_page=18 HTTP/2" 200 33442 "-" "Mozilla/5.0 (compatible; Barkrowler/0.9; +https://babbar.tech/crawler)"
154.54.249.204 - - [30/Nov/2025:12:58:47 +0000] "GET /shop/?filter_cat=15%2C121%2C113%2C114&per_page=24&filter_brand=40%2C37&column=1 HTTP/2" 200 35598 "-" "Mozilla/5.0 (compatible; Barkrowler/0.9; +https://babbar.tech/crawler)"
66.249.70.171 - - [30/Nov/2025:12:59:02 +0000] "GET /wp-login.php?redirect_to=https%3A%2F%2Falkhidmahnaturalcare.com%2F%3F_g%3D2366211 HTTP/2" 200 1911 "-" "Mozilla/5.0 (Linux; Android 6.0.1; Nexus 5X Build/MMB29P) AppleWebKit/537.36 (KHTML, like Gecko) Chrome/141.0.7390.122 Mobile Safari/537.36 (compatible; Googlebot/2.1; +http://www.google.com/bot.html)"
217.113.194.226 - - [30/Nov/2025:12:59:04 +0000] "GET /shop/?filter_cat=15%2C113%2C114%2C122%2C115%2C112&per_page=18&filter_campaign=51 HTTP/2" 200 33524 "-" "Mozilla/5.0 (compatible; Barkrowler/0.9; +https://babbar.tech/crawler)"
217.113.194.115 - - [30/Nov/2025:12:59:20 +0000] "GET /shop/?filter_cat=15%2C114%2C113%2C121%2C117%2C115&per_page=9&filter_campaign=50 HTTP/2" 200 30478 "-" "Mozilla/5.0 (compatible; Barkrowler/0.9; +https://babbar.tech/crawler)"
107.181.234.74 - - [30/Nov/2025:12:59:36 +0000] "POST /wp-cron.php?doing_wp_cron=1764507576.5099329948425292968750 HTTP/2" 200 0 "-" "WordPress/6.8.3; https://alkhidmahnaturalcare.com"
217.113.194.113 - - [30/Nov/2025:12:59:36 +0000] "GET /shop/?filter_cat=15%2C115%2C117&column=4&filter_brand=40&per_page=24&filter_campaign=51,50 HTTP/2" 200 35711 "-" "Mozilla/5.0 (compatible; Barkrowler/0.9; +https://babbar.tech/crawler)"
154.54.249.204 - - [30/Nov/2025:12:59:52 +0000] "GET /shop/?filter_cat=112,116,114,113,115,15&filter_brand=35%2C39%2C42&per_page=9 HTTP/2" 200 30529 "-" "Mozilla/5.0 (compatible; Barkrowler/0.9; +https://babbar.tech/crawler)"
66.249.70.162 - - [30/Nov/2025:12:59:55 +0000] "GET /shop/?column=5&filter_cat=116%2C15%2C117%2C113%2C112%2C114%2C122&filter_brand=41%2C40%2C42&add-to-cart=10156&per_page=18 HTTP/2" 200 33481 "-" "Mozilla/5.0 (Linux; Android 6.0.1; Nexus 5X Build/MMB29P) AppleWebKit/537.36 (KHTML, like Gecko) Chrome/141.0.7390.122 Mobile Safari/537.36 (compatible; Googlebot/2.1; +http://www.google.com/bot.html)"
66.249.70.162 - - [30/Nov/2025:12:59:56 +0000] "GET /wp-login.php?redirect_to=https%3A%2F%2Falkhidmahnaturalcare.com%2F%3F_g%3D69886 HTTP/2" 200 1911 "-" "Mozilla/5.0 (Linux; Android 6.0.1; Nexus 5X Build/MMB29P) AppleWebKit/537.36 (KHTML, like Gecko) Chrome/141.0.7390.122 Mobile Safari/537.36 (compatible; Googlebot/2.1; +http://www.google.com/bot.html)"
