217.113.194.113 - - [30/Nov/2025:12:31:39 +0000] "GET /shop/?filter_cat=117%2C112%2C15&per_page=18&filter_brand=39%2C42&column=5 HTTP/2" 200 33574 "-" "Mozilla/5.0 (compatible; Barkrowler/0.9; +https://babbar.tech/crawler)"
217.113.194.120 - - [30/Nov/2025:12:31:55 +0000] "GET /shop/?filter_cat=117%2C115%2C116%2C112&per_page=24&filter_brand=36&filter_campaign=50 HTTP/2" 200 35670 "-" "Mozilla/5.0 (compatible; Barkrowler/0.9; +https://babbar.tech/crawler)"
66.249.70.170 - - [30/Nov/2025:12:32:00 +0000] "GET /wp-login.php?redirect_to=https%3A%2F%2Falkhidmahnaturalcare.com%2F%3F_g%3D2143943 HTTP/2" 200 1912 "-" "Mozilla/5.0 (Linux; Android 6.0.1; Nexus 5X Build/MMB29P) AppleWebKit/537.36 (KHTML, like Gecko) Chrome/141.0.7390.122 Mobile Safari/537.36 (compatible; Googlebot/2.1; +http://www.google.com/bot.html)"
217.113.194.113 - - [30/Nov/2025:12:32:11 +0000] "GET /shop/?filter_cat=117%2C122%2C112%2C15&filter_brand=41%2C35%2C38&filter_campaign=50 HTTP/2" 200 31586 "-" "Mozilla/5.0 (compatible; Barkrowler/0.9; +https://babbar.tech/crawler)"
217.113.194.116 - - [30/Nov/2025:12:32:28 +0000] "GET /shop/?filter_cat=117%2C116%2C114&per_page=24&filter_brand=42%2C37&filter_campaign=51 HTTP/2" 200 35610 "-" "Mozilla/5.0 (compatible; Barkrowler/0.9; +https://babbar.tech/crawler)"
107.181.234.74 - - [30/Nov/2025:12:32:44 +0000] "POST /wp-cron.php?doing_wp_cron=1764505964.4724519252777099609375 HTTP/2" 200 0 "-" "WordPress/6.8.3; https://alkhidmahnaturalcare.com"
217.113.194.226 - - [30/Nov/2025:12:32:43 +0000] "GET /shop/?filter_cat=117%2C116%2C115%2C15&filter_brand=35%2C39%2C38&filter_campaign=51 HTTP/2" 200 31563 "-" "Mozilla/5.0 (compatible; Barkrowler/0.9; +https://babbar.tech/crawler)"
66.249.70.169 - - [30/Nov/2025:12:32:54 +0000] "GET /wp-login.php?redirect_to=https%3A%2F%2Falkhidmahnaturalcare.com%2F%3F_g%3D1354815 HTTP/2" 200 1911 "-" "Mozilla/5.0 (Linux; Android 6.0.1; Nexus 5X Build/MMB29P) AppleWebKit/537.36 (KHTML, like Gecko) Chrome/141.0.7390.122 Mobile Safari/537.36 (compatible; Googlebot/2.1; +http://www.google.com/bot.html)"
217.113.194.119 - - [30/Nov/2025:12:33:00 +0000] "GET /shop/?filter_cat=116,121,113,15&per_page=24&filter_brand=42%2C38&column=3 HTTP/2" 200 35563 "-" "Mozilla/5.0 (compatible; Barkrowler/0.9; +https://babbar.tech/crawler)"
217.113.194.115 - - [30/Nov/2025:12:33:17 +0000] "GET /shop/?filter_cat=116,115,15,122,113,112&column=4&filter_brand=36%2C35 HTTP/2" 200 31618 "-" "Mozilla/5.0 (compatible; Barkrowler/0.9; +https://babbar.tech/crawler)"
118.179.97.190 - - [30/Nov/2025:12:33:28 +0000] "POST /wp-admin/admin-ajax.php HTTP/2" 200 51 "https://alkhidmahnaturalcare.com/wp-admin/admin.php?page=wc-settings&tab=site-visibility" "Mozilla/5.0 (Windows NT 10.0; Win64; x64) AppleWebKit/537.36 (KHTML, like Gecko) Chrome/142.0.0.0 Safari/537.36"
107.181.234.74 - - [30/Nov/2025:12:33:33 +0000] "POST /wp-cron.php?doing_wp_cron=1764506013.5425388813018798828125 HTTP/2" 200 0 "-" "WordPress/6.8.3; https://alkhidmahnaturalcare.com"
217.113.194.112 - - [30/Nov/2025:12:33:33 +0000] "GET /shop/?filter_cat=113,115&filter_brand=35%2C39%2C40%2C37%2C38&per_page=24 HTTP/2" 200 35522 "-" "Mozilla/5.0 (compatible; Barkrowler/0.9; +https://babbar.tech/crawler)"
118.179.97.190 - - [30/Nov/2025:12:33:33 +0000] "POST /wp-admin/admin-ajax.php HTTP/2" 200 51 "https://alkhidmahnaturalcare.com/wp-admin/admin.php?page=elementor-tools" "Mozilla/5.0 (Windows NT 10.0; Win64; x64) AppleWebKit/537.36 (KHTML, like Gecko) Chrome/142.0.0.0 Safari/537.36"
217.113.194.115 - - [30/Nov/2025:12:33:49 +0000] "GET /shop/?filter_cat=115%2C117%2C122%2C116%2C15&per_page=24&filter_brand=39&column=3 HTTP/2" 200 35569 "-" "Mozilla/5.0 (compatible; Barkrowler/0.9; +https://babbar.tech/crawler)"
217.113.194.113 - - [30/Nov/2025:12:34:05 +0000] "GET /shop/?filter_cat=115%2C112%2C114%2C121%2C113%2C122&column=4&filter_campaign=51 HTTP/2" 200 31644 "-" "Mozilla/5.0 (compatible; Barkrowler/0.9; +https://babbar.tech/crawler)"
217.113.194.121 - - [30/Nov/2025:12:34:22 +0000] "GET /shop/?filter_cat=115%2C122%2C121%2C117%2C112%2C114&per_page=12&column=4 HTTP/2" 200 31478 "-" "Mozilla/5.0 (compatible; Barkrowler/0.9; +https://babbar.tech/crawler)"
107.181.234.74 - - [30/Nov/2025:12:34:39 +0000] "POST /wp-cron.php?doing_wp_cron=1764506079.0433828830718994140625 HTTP/2" 200 0 "-" "WordPress/6.8.3; https://alkhidmahnaturalcare.com"
217.113.194.225 - - [30/Nov/2025:12:34:38 +0000] "GET /shop/?filter_cat=115%2C15%2C116%2C121&per_page=24&filter_brand=38%2C37&column=3 HTTP/2" 200 35693 "-" "Mozilla/5.0 (compatible; Barkrowler/0.9; +https://babbar.tech/crawler)"
66.249.70.171 - - [30/Nov/2025:12:34:41 +0000] "GET /wp-login.php?redirect_to=https%3A%2F%2Falkhidmahnaturalcare.com%2F%3F_g%3D879931 HTTP/2" 200 1910 "-" "Mozilla/5.0 (Linux; Android 6.0.1; Nexus 5X Build/MMB29P) AppleWebKit/537.36 (KHTML, like Gecko) Chrome/141.0.7390.122 Mobile Safari/537.36 (compatible; Googlebot/2.1; +http://www.google.com/bot.html)"
148.113.128.174 - - [30/Nov/2025:12:34:45 +0000] "GET /shop/?per_page=18&filter_brand=36 HTTP/2" 200 33393 "-" "Mozilla/5.0 (compatible; AhrefsBot/7.0; +http://ahrefs.com/robot/)"
107.181.234.74 - - [30/Nov/2025:12:34:56 +0000] "POST /wp-cron.php?doing_wp_cron=1764506096.2677109241485595703125 HTTP/2" 200 0 "-" "WordPress/6.8.3; https://alkhidmahnaturalcare.com"
217.113.194.119 - - [30/Nov/2025:12:34:55 +0000] "GET /shop/?filter_cat=115%2C15%2C116%2C122&per_page=24&filter_brand=39%2C40&column=4 HTTP/2" 200 35612 "-" "Mozilla/5.0 (compatible; Barkrowler/0.9; +https://babbar.tech/crawler)"
107.181.234.74 - - [30/Nov/2025:12:35:12 +0000] "POST /wp-cron.php?doing_wp_cron=1764506112.6591620445251464843750 HTTP/2" 200 0 "-" "WordPress/6.8.3; https://alkhidmahnaturalcare.com"
217.113.194.121 - - [30/Nov/2025:12:35:12 +0000] "GET /shop/?filter_cat=114,115,121,113,15&column=1&filter_brand=35%2C42 HTTP/2" 200 31641 "-" "Mozilla/5.0 (compatible; Barkrowler/0.9; +https://babbar.tech/crawler)"
85.208.96.196 - - [30/Nov/2025:12:35:25 +0000] "GET /robots.txt HTTP/2" 200 126 "-" "Mozilla/5.0 (compatible; SemrushBot/7~bl; +http://www.semrush.com/bot.html)"
185.191.171.2 - - [30/Nov/2025:12:35:27 +0000] "GET /product/%E0%A6%A8%E0%A7%8D%E0%A6%AF%E0%A6%BE%E0%A6%9A%E0%A6%BE%E0%A6%B0%E0%A6%BE%E0%A6%B2-%E0%A6%AA%E0%A7%87%E0%A6%87%E0%A6%A8-%E0%A6%95%E0%A6%BF%E0%A6%B2%E0%A6%BE%E0%A6%B0-%E0%A6%9B%E0%A7%8B%E0%A6%9F/ HTTP/2" 200 31929 "-" "Mozilla/5.0 (compatible; SemrushBot/7~bl; +http://www.semrush.com/bot.html)"
154.54.249.204 - - [30/Nov/2025:12:35:28 +0000] "GET /shop/?filter_cat=112%2C117%2C116%2C15&filter_brand=37%2C38%2C35&filter_campaign=51 HTTP/2" 200 31625 "-" "Mozilla/5.0 (compatible; Barkrowler/0.9; +https://babbar.tech/crawler)"
118.179.97.190 - - [30/Nov/2025:12:35:29 +0000] "POST /wp-admin/admin-ajax.php HTTP/2" 500 0 "https://alkhidmahnaturalcare.com/wp-admin/admin.php?page=wc-settings&tab=site-visibility" "Mozilla/5.0 (Windows NT 10.0; Win64; x64) AppleWebKit/537.36 (KHTML, like Gecko) Chrome/142.0.0.0 Safari/537.36"
107.181.234.74 - - [30/Nov/2025:12:35:35 +0000] "POST /wp-cron.php?doing_wp_cron=1764506135.1050279140472412109375 HTTP/2" 200 0 "-" "WordPress/6.8.3; https://alkhidmahnaturalcare.com"
118.179.97.190 - - [30/Nov/2025:12:35:34 +0000] "POST /wp-admin/admin-ajax.php HTTP/2" 200 51 "https://alkhidmahnaturalcare.com/wp-admin/admin.php?page=elementor-tools" "Mozilla/5.0 (Windows NT 10.0; Win64; x64) AppleWebKit/537.36 (KHTML, like Gecko) Chrome/142.0.0.0 Safari/537.36"
66.249.70.170 - - [30/Nov/2025:12:35:35 +0000] "GET /wp-login.php?redirect_to=https%3A%2F%2Falkhidmahnaturalcare.com%2F%3F_g%3D685174 HTTP/2" 200 1910 "-" "Mozilla/5.0 (Linux; Android 6.0.1; Nexus 5X Build/MMB29P) AppleWebKit/537.36 (KHTML, like Gecko) Chrome/141.0.7390.122 Mobile Safari/537.36 (compatible; Googlebot/2.1; +http://www.google.com/bot.html)"
66.249.64.103 - - [30/Nov/2025:12:35:36 +0000] "GET /?l=62792153034005 HTTP/2" 301 0 "-" "Mozilla/5.0 (Linux; Android 6.0.1; Nexus 5X Build/MMB29P) AppleWebKit/537.36 (KHTML, like Gecko) Chrome/141.0.7390.122 Mobile Safari/537.36 (compatible; Googlebot/2.1; +http://www.google.com/bot.html)"
66.249.70.170 - - [30/Nov/2025:12:35:37 +0000] "GET /?l=62792153034005 HTTP/2" 200 34359 "-" "Mozilla/5.0 (Linux; Android 6.0.1; Nexus 5X Build/MMB29P) AppleWebKit/537.36 (KHTML, like Gecko) Chrome/141.0.7390.122 Mobile Safari/537.36 (compatible; Googlebot/2.1; +http://www.google.com/bot.html)"
66.249.70.170 - - [30/Nov/2025:12:35:41 +0000] "POST /?wc-ajax=get_refreshed_fragments HTTP/2" 200 538 "https://alkhidmahnaturalcare.com/?l=62792153034005" "Mozilla/5.0 (Linux; Android 6.0.1; Nexus 5X Build/MMB29P) AppleWebKit/537.36 (KHTML, like Gecko) Chrome/141.0.7390.122 Mobile Safari/537.36 (compatible; Googlebot/2.1; +http://www.google.com/bot.html)"
217.113.194.225 - - [30/Nov/2025:12:35:44 +0000] "GET /shop/?filter_cat=112%2C113%2C115&per_page=12&filter_brand=41%2C35&column=3 HTTP/2" 200 31519 "-" "Mozilla/5.0 (compatible; Barkrowler/0.9; +https://babbar.tech/crawler)"
43.166.250.187 - - [30/Nov/2025:12:36:00 +0000] "GET /wp-content/plugins/revslider/ HTTP/2" 200 0 "-" "Mozilla/5.0 (iPhone; CPU iPhone OS 13_2_3 like Mac OS X) AppleWebKit/605.1.15 (KHTML, like Gecko) Version/13.0.3 Mobile/15E148 Safari/604.1"
217.113.194.117 - - [30/Nov/2025:12:36:00 +0000] "GET /shop/?filter_cat=112%2C113%2C115&per_page=12&filter_brand=36%2C35&column=3 HTTP/2" 200 31656 "-" "Mozilla/5.0 (compatible; Barkrowler/0.9; +https://babbar.tech/crawler)"
217.113.194.226 - - [30/Nov/2025:12:36:17 +0000] "GET /shop/?filter_cat=112%2C113%2C116&per_page=9&filter_brand=36%2C41&column=5 HTTP/2" 200 30561 "-" "Mozilla/5.0 (compatible; Barkrowler/0.9; +https://babbar.tech/crawler)"
107.181.234.74 - - [30/Nov/2025:12:36:31 +0000] "POST /wp-cron.php?doing_wp_cron=1764506191.8589699268341064453125 HTTP/2" 200 0 "-" "WordPress/6.8.3; https://alkhidmahnaturalcare.com"
66.249.70.170 - - [30/Nov/2025:12:36:31 +0000] "GET /wp-login.php?redirect_to=https%3A%2F%2Falkhidmahnaturalcare.com%2F%3F_g%3D881837 HTTP/2" 200 1910 "-" "Mozilla/5.0 (Linux; Android 6.0.1; Nexus 5X Build/MMB29P) AppleWebKit/537.36 (KHTML, like Gecko) Chrome/141.0.7390.122 Mobile Safari/537.36 (compatible; Googlebot/2.1; +http://www.google.com/bot.html)"
154.54.249.204 - - [30/Nov/2025:12:36:33 +0000] "GET /shop/?filter_cat=112%2C113%2C15&per_page=24&filter_brand=36%2C38&filter_campaign=51 HTTP/2" 200 35552 "-" "Mozilla/5.0 (compatible; Barkrowler/0.9; +https://babbar.tech/crawler)"
217.113.194.113 - - [30/Nov/2025:12:36:49 +0000] "GET /shop/?filter_cat=112%2C115%2C116&per_page=24&filter_brand=38%2C35&filter_campaign=51 HTTP/2" 200 35651 "-" "Mozilla/5.0 (compatible; Barkrowler/0.9; +https://babbar.tech/crawler)"
217.113.194.116 - - [30/Nov/2025:12:37:05 +0000] "GET /shop/?filter_cat=112%2C115%2C121%2C117%2C122%2C15&column=4&filter_campaign=50 HTTP/2" 200 31632 "-" "Mozilla/5.0 (compatible; Barkrowler/0.9; +https://babbar.tech/crawler)"
217.113.194.121 - - [30/Nov/2025:12:37:21 +0000] "GET /shop/?filter_cat=112%2C115%2C121%2C117%2C116%2C114&column=3&filter_campaign=50 HTTP/2" 200 31603 "-" "Mozilla/5.0 (compatible; Barkrowler/0.9; +https://babbar.tech/crawler)"
107.181.234.74 - - [30/Nov/2025:12:37:30 +0000] "POST /wp-cron.php?doing_wp_cron=1764506250.8331570625305175781250 HTTP/2" 200 0 "-" "WordPress/6.8.3; https://alkhidmahnaturalcare.com"
118.179.97.190 - - [30/Nov/2025:12:37:30 +0000] "POST /wp-admin/admin-ajax.php HTTP/2" 200 51 "https://alkhidmahnaturalcare.com/wp-admin/admin.php?page=wc-settings&tab=site-visibility" "Mozilla/5.0 (Windows NT 10.0; Win64; x64) AppleWebKit/537.36 (KHTML, like Gecko) Chrome/142.0.0.0 Safari/537.36"
118.179.97.190 - - [30/Nov/2025:12:37:35 +0000] "POST /wp-admin/admin-ajax.php HTTP/2" 200 51 "https://alkhidmahnaturalcare.com/wp-admin/admin.php?page=elementor-tools" "Mozilla/5.0 (Windows NT 10.0; Win64; x64) AppleWebKit/537.36 (KHTML, like Gecko) Chrome/142.0.0.0 Safari/537.36"
154.54.249.204 - - [30/Nov/2025:12:37:37 +0000] "GET /shop/?filter_cat=112%2C115%2C121%2C15%2C122&filter_brand=42%2C38&column=5 HTTP/2" 200 31507 "-" "Mozilla/5.0 (compatible; Barkrowler/0.9; +https://babbar.tech/crawler)"
217.113.194.118 - - [30/Nov/2025:12:37:54 +0000] "GET /shop/?filter_cat=112%2C114%2C121%2C116%2C122&filter_brand=42&filter_campaign=51 HTTP/2" 200 31555 "-" "Mozilla/5.0 (compatible; Barkrowler/0.9; +https://babbar.tech/crawler)"
217.113.194.120 - - [30/Nov/2025:12:38:09 +0000] "GET /shop/?filter_cat=112%2C114%2C122&per_page=24&filter_brand=36%2C35&filter_campaign=50 HTTP/2" 200 35830 "-" "Mozilla/5.0 (compatible; Barkrowler/0.9; +https://babbar.tech/crawler)"
66.249.70.162 - - [30/Nov/2025:12:38:18 +0000] "GET /wp-login.php?redirect_to=https%3A%2F%2Falkhidmahnaturalcare.com%2F%3F_g%3D1299418 HTTP/2" 200 1911 "-" "Mozilla/5.0 (Linux; Android 6.0.1; Nexus 5X Build/MMB29P) AppleWebKit/537.36 (KHTML, like Gecko) Chrome/141.0.7390.122 Mobile Safari/537.36 (compatible; Googlebot/2.1; +http://www.google.com/bot.html)"
217.113.194.113 - - [30/Nov/2025:12:38:27 +0000] "GET /shop/?filter_cat=112%2C114%2C15%2C122&filter_brand=38%2C40%2C41&column=2 HTTP/2" 200 31479 "-" "Mozilla/5.0 (compatible; Barkrowler/0.9; +https://babbar.tech/crawler)"
107.181.234.74 - - [30/Nov/2025:12:38:43 +0000] "POST /wp-cron.php?doing_wp_cron=1764506323.5643680095672607421875 HTTP/2" 200 0 "-" "WordPress/6.8.3; https://alkhidmahnaturalcare.com"
217.113.194.120 - - [30/Nov/2025:12:38:43 +0000] "GET /robots.txt HTTP/2" 200 126 "-" "Mozilla/5.0 (compatible; Barkrowler/0.9; +https://babbar.tech/crawler)"
217.113.194.226 - - [30/Nov/2025:12:38:59 +0000] "GET /shop/?filter_cat=112%2C122%2C116%2C15&column=2&filter_brand=37&filter_campaign=51 HTTP/2" 200 31582 "-" "Mozilla/5.0 (compatible; Barkrowler/0.9; +https://babbar.tech/crawler)"
66.249.70.162 - - [30/Nov/2025:12:39:11 +0000] "GET /shop/?filter_brand=36&filter_cat=112,121,122&per_page=18&add-to-cart=10167 HTTP/2" 200 33554 "-" "Mozilla/5.0 (Linux; Android 6.0.1; Nexus 5X Build/MMB29P) AppleWebKit/537.36 (KHTML, like Gecko) Chrome/141.0.7390.122 Mobile Safari/537.36 (compatible; Googlebot/2.1; +http://www.google.com/bot.html)"
66.249.70.164 - - [30/Nov/2025:12:39:12 +0000] "GET /wp-login.php?redirect_to=https%3A%2F%2Falkhidmahnaturalcare.com%2F%3F_g%3D80647 HTTP/2" 200 1911 "-" "Mozilla/5.0 (Linux; Android 6.0.1; Nexus 5X Build/MMB29P) AppleWebKit/537.36 (KHTML, like Gecko) Chrome/141.0.7390.122 Mobile Safari/537.36 (compatible; Googlebot/2.1; +http://www.google.com/bot.html)"
154.54.249.204 - - [30/Nov/2025:12:39:15 +0000] "GET /shop/?filter_cat=112%2C15%2C122&filter_brand=37%2C40%2C42%2C41&per_page=9 HTTP/2" 200 30643 "-" "Mozilla/5.0 (compatible; Barkrowler/0.9; +https://babbar.tech/crawler)"
66.249.70.162 - - [30/Nov/2025:12:39:32 +0000] "GET /wp-content/themes/woodmart/css/parts/page-title.min.css?ver=8.2.7 HTTP/2" 200 236 "https://alkhidmahnaturalcare.com/shop/?filter_brand=36&filter_cat=112,121,122&per_page=18&add-to-cart=10167" "Mozilla/5.0 (Linux; Android 6.0.1; Nexus 5X Build/MMB29P) AppleWebKit/537.36 (KHTML, like Gecko) Chrome/141.0.7390.122 Mobile Safari/537.36 (compatible; Googlebot/2.1; +http://www.google.com/bot.html)"
66.249.70.162 - - [30/Nov/2025:12:39:32 +0000] "GET /wp-includes/css/dist/block-library/style.min.css?ver=6.8.3 HTTP/2" 200 14360 "https://alkhidmahnaturalcare.com/shop/?filter_brand=36&filter_cat=112,121,122&per_page=18&add-to-cart=10167" "Mozilla/5.0 (Linux; Android 6.0.1; Nexus 5X Build/MMB29P) AppleWebKit/537.36 (KHTML, like Gecko) Chrome/141.0.7390.122 Mobile Safari/537.36 (compatible; Googlebot/2.1; +http://www.google.com/bot.html)"
107.181.234.74 - - [30/Nov/2025:12:39:32 +0000] "POST /wp-cron.php?doing_wp_cron=1764506372.8196029663085937500000 HTTP/2" 200 0 "-" "WordPress/6.8.3; https://alkhidmahnaturalcare.com"
66.249.70.162 - - [30/Nov/2025:12:39:33 +0000] "GET /wp-content/themes/woodmart/css/parts/opt-off-canvas-sidebar.min.css?ver=8.2.7 HTTP/2" 200 214 "https://alkhidmahnaturalcare.com/shop/?filter_brand=36&filter_cat=112,121,122&per_page=18&add-to-cart=10167" "Mozilla/5.0 (Linux; Android 6.0.1; Nexus 5X Build/MMB29P) AppleWebKit/537.36 (KHTML, like Gecko) Chrome/141.0.7390.122 Mobile Safari/537.36 (compatible; Googlebot/2.1; +http://www.google.com/bot.html)"
118.179.97.190 - - [30/Nov/2025:12:39:32 +0000] "POST /wp-admin/admin-ajax.php HTTP/2" 200 51 "https://alkhidmahnaturalcare.com/wp-admin/admin.php?page=wc-settings&tab=site-visibility" "Mozilla/5.0 (Windows NT 10.0; Win64; x64) AppleWebKit/537.36 (KHTML, like Gecko) Chrome/142.0.0.0 Safari/537.36"
217.113.194.120 - - [30/Nov/2025:12:39:32 +0000] "GET /shop/?filter_cat=112%2C15%2C117%2C115&per_page=24&filter_brand=41&filter_campaign=50 HTTP/2" 200 35823 "-" "Mozilla/5.0 (compatible; Barkrowler/0.9; +https://babbar.tech/crawler)"
66.249.70.162 - - [30/Nov/2025:12:39:33 +0000] "GET /wp-content/themes/woodmart/css/parts/woo-widget-slider-price-filter.min.css?ver=8.2.7 HTTP/2" 200 645 "https://alkhidmahnaturalcare.com/shop/?filter_brand=36&filter_cat=112,121,122&per_page=18&add-to-cart=10167" "Mozilla/5.0 (Linux; Android 6.0.1; Nexus 5X Build/MMB29P) AppleWebKit/537.36 (KHTML, like Gecko) Chrome/141.0.7390.122 Mobile Safari/537.36 (compatible; Googlebot/2.1; +http://www.google.com/bot.html)"
66.249.70.162 - - [30/Nov/2025:12:39:34 +0000] "GET /wp-content/themes/woodmart/css/parts/woo-widget-layered-nav-stock-status.min.css?ver=8.2.7 HTTP/2" 200 454 "https://alkhidmahnaturalcare.com/shop/?filter_brand=36&filter_cat=112,121,122&per_page=18&add-to-cart=10167" "Mozilla/5.0 (Linux; Android 6.0.1; Nexus 5X Build/MMB29P) AppleWebKit/537.36 (KHTML, like Gecko) Chrome/141.0.7390.122 Mobile Safari/537.36 (compatible; Googlebot/2.1; +http://www.google.com/bot.html)"
66.249.70.162 - - [30/Nov/2025:12:39:34 +0000] "GET /wp-content/themes/woodmart/css/parts/woo-shop-el-filters-area.min.css?ver=8.2.7 HTTP/2" 200 181 "https://alkhidmahnaturalcare.com/shop/?filter_brand=36&filter_cat=112,121,122&per_page=18&add-to-cart=10167" "Mozilla/5.0 (Linux; Android 6.0.1; Nexus 5X Build/MMB29P) AppleWebKit/537.36 (KHTML, like Gecko) Chrome/141.0.7390.122 Mobile Safari/537.36 (compatible; Googlebot/2.1; +http://www.google.com/bot.html)"
66.249.70.162 - - [30/Nov/2025:12:39:35 +0000] "GET /wp-content/themes/woodmart/css/parts/woo-mod-add-btn-replace.min.css?ver=8.2.7 HTTP/2" 200 466 "https://alkhidmahnaturalcare.com/shop/?filter_brand=36&filter_cat=112,121,122&per_page=18&add-to-cart=10167" "Mozilla/5.0 (Linux; Android 6.0.1; Nexus 5X Build/MMB29P) AppleWebKit/537.36 (KHTML, like Gecko) Chrome/141.0.7390.122 Mobile Safari/537.36 (compatible; Googlebot/2.1; +http://www.google.com/bot.html)"
66.249.70.162 - - [30/Nov/2025:12:39:36 +0000] "GET /wp-content/themes/woodmart/js/scripts/wc/productHover.min.js?ver=8.2.7 HTTP/2" 200 887 "https://alkhidmahnaturalcare.com/shop/?filter_brand=36&filter_cat=112,121,122&per_page=18&add-to-cart=10167" "Mozilla/5.0 (Linux; Android 6.0.1; Nexus 5X Build/MMB29P) AppleWebKit/537.36 (KHTML, like Gecko) Chrome/141.0.7390.122 Mobile Safari/537.36 (compatible; Googlebot/2.1; +http://www.google.com/bot.html)"
66.249.70.162 - - [30/Nov/2025:12:39:36 +0000] "GET /wp-content/themes/woodmart/js/scripts/menu/categoriesMenu.min.js?ver=8.2.7 HTTP/2" 200 703 "https://alkhidmahnaturalcare.com/shop/?filter_brand=36&filter_cat=112,121,122&per_page=18&add-to-cart=10167" "Mozilla/5.0 (Linux; Android 6.0.1; Nexus 5X Build/MMB29P) AppleWebKit/537.36 (KHTML, like Gecko) Chrome/141.0.7390.122 Mobile Safari/537.36 (compatible; Googlebot/2.1; +http://www.google.com/bot.html)"
118.179.97.190 - - [30/Nov/2025:12:39:36 +0000] "POST /wp-admin/admin-ajax.php HTTP/2" 200 51 "https://alkhidmahnaturalcare.com/wp-admin/admin.php?page=elementor-tools" "Mozilla/5.0 (Windows NT 10.0; Win64; x64) AppleWebKit/537.36 (KHTML, like Gecko) Chrome/142.0.0.0 Safari/537.36"
66.249.70.162 - - [30/Nov/2025:12:39:37 +0000] "GET /wp-content/themes/woodmart/js/scripts/wc/filtersArea.min.js?ver=8.2.7 HTTP/2" 200 316 "https://alkhidmahnaturalcare.com/shop/?filter_brand=36&filter_cat=112,121,122&per_page=18&add-to-cart=10167" "Mozilla/5.0 (Linux; Android 6.0.1; Nexus 5X Build/MMB29P) AppleWebKit/537.36 (KHTML, like Gecko) Chrome/141.0.7390.122 Mobile Safari/537.36 (compatible; Googlebot/2.1; +http://www.google.com/bot.html)"
66.249.70.162 - - [30/Nov/2025:12:39:37 +0000] "GET /wp-content/plugins/woocommerce/assets/js/frontend/price-slider.min.js?ver=10.3.5 HTTP/2" 200 538 "https://alkhidmahnaturalcare.com/shop/?filter_brand=36&filter_cat=112,121,122&per_page=18&add-to-cart=10167" "Mozilla/5.0 (Linux; Android 6.0.1; Nexus 5X Build/MMB29P) AppleWebKit/537.36 (KHTML, like Gecko) Chrome/141.0.7390.122 Mobile Safari/537.36 (compatible; Googlebot/2.1; +http://www.google.com/bot.html)"
66.249.70.162 - - [30/Nov/2025:12:39:38 +0000] "GET /wp-content/themes/woodmart/js/scripts/wc/productsLoadMore.min.js?ver=8.2.7 HTTP/2" 200 1547 "https://alkhidmahnaturalcare.com/shop/?filter_brand=36&filter_cat=112,121,122&per_page=18&add-to-cart=10167" "Mozilla/5.0 (Linux; Android 6.0.1; Nexus 5X Build/MMB29P) AppleWebKit/537.36 (KHTML, like Gecko) Chrome/141.0.7390.122 Mobile Safari/537.36 (compatible; Googlebot/2.1; +http://www.google.com/bot.html)"
66.249.70.162 - - [30/Nov/2025:12:39:39 +0000] "GET /wp-content/themes/woodmart/css/parts/woo-mod-swatches-filter.min.css?ver=8.2.7 HTTP/2" 200 560 "https://alkhidmahnaturalcare.com/shop/?filter_brand=36&filter_cat=112,121,122&per_page=18&add-to-cart=10167" "Mozilla/5.0 (Linux; Android 6.0.1; Nexus 5X Build/MMB29P) AppleWebKit/537.36 (KHTML, like Gecko) Chrome/141.0.7390.122 Mobile Safari/537.36 (compatible; Googlebot/2.1; +http://www.google.com/bot.html)"
66.249.70.162 - - [30/Nov/2025:12:39:39 +0000] "GET /wp-content/themes/woodmart/css/parts/woo-product-loop-base.min.css?ver=8.2.7 HTTP/2" 200 1665 "https://alkhidmahnaturalcare.com/shop/?filter_brand=36&filter_cat=112,121,122&per_page=18&add-to-cart=10167" "Mozilla/5.0 (Linux; Android 6.0.1; Nexus 5X Build/MMB29P) AppleWebKit/537.36 (KHTML, like Gecko) Chrome/141.0.7390.122 Mobile Safari/537.36 (compatible; Googlebot/2.1; +http://www.google.com/bot.html)"
66.249.70.162 - - [30/Nov/2025:12:39:40 +0000] "GET /wp-content/themes/woodmart/css/parts/el-brand.min.css?ver=8.2.7 HTTP/2" 200 410 "https://alkhidmahnaturalcare.com/shop/?filter_brand=36&filter_cat=112,121,122&per_page=18&add-to-cart=10167" "Mozilla/5.0 (Linux; Android 6.0.1; Nexus 5X Build/MMB29P) AppleWebKit/537.36 (KHTML, like Gecko) Chrome/141.0.7390.122 Mobile Safari/537.36 (compatible; Googlebot/2.1; +http://www.google.com/bot.html)"
66.249.70.162 - - [30/Nov/2025:12:39:40 +0000] "GET /wp-content/themes/woodmart/js/scripts/wc/woocommercePriceSlider.min.js?ver=8.2.7 HTTP/2" 200 579 "https://alkhidmahnaturalcare.com/shop/?filter_brand=36&filter_cat=112,121,122&per_page=18&add-to-cart=10167" "Mozilla/5.0 (Linux; Android 6.0.1; Nexus 5X Build/MMB29P) AppleWebKit/537.36 (KHTML, like Gecko) Chrome/141.0.7390.122 Mobile Safari/537.36 (compatible; Googlebot/2.1; +http://www.google.com/bot.html)"
66.249.70.162 - - [30/Nov/2025:12:39:42 +0000] "GET /wp-content/themes/woodmart/css/parts/woo-categories-loop.min.css?ver=8.2.7 HTTP/2" 200 248 "https://alkhidmahnaturalcare.com/shop/?filter_brand=36&filter_cat=112,121,122&per_page=18&add-to-cart=10167" "Mozilla/5.0 (Linux; Android 6.0.1; Nexus 5X Build/MMB29P) AppleWebKit/537.36 (KHTML, like Gecko) Chrome/141.0.7390.122 Mobile Safari/537.36 (compatible; Googlebot/2.1; +http://www.google.com/bot.html)"
66.249.70.162 - - [30/Nov/2025:12:39:42 +0000] "GET /wp-content/themes/woodmart/css/parts/lib-swiper.min.css?ver=8.2.7 HTTP/2" 200 517 "https://alkhidmahnaturalcare.com/shop/?filter_brand=36&filter_cat=112,121,122&per_page=18&add-to-cart=10167" "Mozilla/5.0 (Linux; Android 6.0.1; Nexus 5X Build/MMB29P) AppleWebKit/537.36 (KHTML, like Gecko) Chrome/141.0.7390.122 Mobile Safari/537.36 (compatible; Googlebot/2.1; +http://www.google.com/bot.html)"
66.249.70.162 - - [30/Nov/2025:12:39:43 +0000] "GET /wp-content/themes/woodmart/css/parts/woo-categories-loop-default-old.min.css?ver=8.2.7 HTTP/2" 200 256 "https://alkhidmahnaturalcare.com/shop/?filter_brand=36&filter_cat=112,121,122&per_page=18&add-to-cart=10167" "Mozilla/5.0 (Linux; Android 6.0.1; Nexus 5X Build/MMB29P) AppleWebKit/537.36 (KHTML, like Gecko) Chrome/141.0.7390.122 Mobile Safari/537.36 (compatible; Googlebot/2.1; +http://www.google.com/bot.html)"
66.249.70.162 - - [30/Nov/2025:12:39:43 +0000] "GET /wp-content/themes/woodmart/css/parts/mod-sticky-loader.min.css?ver=8.2.7 HTTP/2" 200 179 "https://alkhidmahnaturalcare.com/shop/?filter_brand=36&filter_cat=112,121,122&per_page=18&add-to-cart=10167" "Mozilla/5.0 (Linux; Android 6.0.1; Nexus 5X Build/MMB29P) AppleWebKit/537.36 (KHTML, like Gecko) Chrome/141.0.7390.122 Mobile Safari/537.36 (compatible; Googlebot/2.1; +http://www.google.com/bot.html)"
66.249.70.162 - - [30/Nov/2025:12:39:44 +0000] "GET /wp-content/themes/woodmart/css/parts/mod-more-description.min.css?ver=8.2.7 HTTP/2" 200 382 "https://alkhidmahnaturalcare.com/shop/?filter_brand=36&filter_cat=112,121,122&per_page=18&add-to-cart=10167" "Mozilla/5.0 (Linux; Android 6.0.1; Nexus 5X Build/MMB29P) AppleWebKit/537.36 (KHTML, like Gecko) Chrome/141.0.7390.122 Mobile Safari/537.36 (compatible; Googlebot/2.1; +http://www.google.com/bot.html)"
66.249.70.162 - - [30/Nov/2025:12:39:44 +0000] "GET /wp-content/plugins/woocommerce/assets/js/jquery-ui-touch-punch/jquery-ui-touch-punch.min.js?ver=10.3.5 HTTP/2" 200 529 "https://alkhidmahnaturalcare.com/shop/?filter_brand=36&filter_cat=112,121,122&per_page=18&add-to-cart=10167" "Mozilla/5.0 (Linux; Android 6.0.1; Nexus 5X Build/MMB29P) AppleWebKit/537.36 (KHTML, like Gecko) Chrome/141.0.7390.122 Mobile Safari/537.36 (compatible; Googlebot/2.1; +http://www.google.com/bot.html)"
66.249.70.162 - - [30/Nov/2025:12:39:45 +0000] "GET /wp-content/themes/woodmart/css/parts/woo-mod-widget-checkboxes.min.css?ver=8.2.7 HTTP/2" 200 235 "https://alkhidmahnaturalcare.com/shop/?filter_brand=36&filter_cat=112,121,122&per_page=18&add-to-cart=10167" "Mozilla/5.0 (Linux; Android 6.0.1; Nexus 5X Build/MMB29P) AppleWebKit/537.36 (KHTML, like Gecko) Chrome/141.0.7390.122 Mobile Safari/537.36 (compatible; Googlebot/2.1; +http://www.google.com/bot.html)"
66.249.70.162 - - [30/Nov/2025:12:39:46 +0000] "POST /?wc-ajax=get_refreshed_fragments HTTP/2" 200 538 "https://alkhidmahnaturalcare.com/shop/?filter_brand=36&filter_cat=112,121,122&per_page=18&add-to-cart=10167" "Mozilla/5.0 (Linux; Android 6.0.1; Nexus 5X Build/MMB29P) AppleWebKit/537.36 (KHTML, like Gecko) Chrome/141.0.7390.122 Mobile Safari/537.36 (compatible; Googlebot/2.1; +http://www.google.com/bot.html)"
217.113.194.113 - - [30/Nov/2025:12:39:48 +0000] "GET /shop/?filter_cat=112%2C15%2C121%2C117%2C122%2C115&column=4&filter_campaign=50,51 HTTP/2" 200 31507 "-" "Mozilla/5.0 (compatible; Barkrowler/0.9; +https://babbar.tech/crawler)"
184.154.139.41 - - [30/Nov/2025:12:39:55 +0000] "GET / HTTP/2" 200 34355 "http://www.google.com/url?url=alkhidmahnaturalcare.com&yahoo.com" "Mozilla/5.0 (compatible; MSIE 9.0; Windows NT 6.1; WOW64; Trident/6.0)"
184.154.139.41 - - [30/Nov/2025:12:40:03 +0000] "GET /wp-content/plugins/woocommerce/assets/js/frontend/woocommerce.min.js?ver=10.3.5 HTTP/2" 200 1275 "http://www.google.com/url?url=alkhidmahnaturalcare.com&yahoo.com" "Mozilla/5.0 (compatible; MSIE 9.0; Windows NT 6.1; WOW64; Trident/6.0)"
217.113.194.116 - - [30/Nov/2025:12:40:04 +0000] "GET /shop/?filter_cat=112%2C116%2C113%2C15&filter_brand=40%2C39%2C38&filter_campaign=51 HTTP/2" 500 1021 "-" "Mozilla/5.0 (compatible; Barkrowler/0.9; +https://babbar.tech/crawler)"
94.205.249.38 - - [30/Nov/2025:12:40:07 +0000] "POST /xmlrpc.php HTTP/2" 200 186 "-" "Mozilla/5.0 (Windows NT 10.0; Win64; x64; rv:82.0) Gecko/20100101 Firefox/82.0"
184.154.139.41 - - [30/Nov/2025:12:40:08 +0000] "GET /th1s_1s_a_4o4.html HTTP/2" 404 21863 "-" "SiteLockSpider [en] (WinNT; I ;Nav)"
184.154.139.41 - - [30/Nov/2025:12:40:11 +0000] "GET / HTTP/2" 500 1021 "http://www.google.com/url?url=alkhidmahnaturalcare.com&yahoo.com" "Mozilla/5.0 (compatible; MSIE 9.0; Windows NT 6.1; WOW64; Trident/6.0)"
184.154.139.41 - - [30/Nov/2025:12:40:12 +0000] "GET /wp-content/plugins/chaty/js/cht-front-script.min.js?ver=3.4.61754979491 HTTP/2" 404 21858 "http://www.google.com/url?url=alkhidmahnaturalcare.com&yahoo.com" "Mozilla/5.0 (compatible; MSIE 9.0; Windows NT 6.1; WOW64; Trident/6.0)"
184.154.139.41 - - [30/Nov/2025:12:40:16 +0000] "GET /contact/ HTTP/2" 301 0 "http://www.google.com/url?url=alkhidmahnaturalcare.com&yahoo.com" "Mozilla/5.0 (compatible; MSIE 9.0; Windows NT 6.1; WOW64; Trident/6.0)"
184.154.139.41 - - [30/Nov/2025:12:40:17 +0000] "GET /contact-us/ HTTP/2" 200 25443 "http://www.google.com/url?url=alkhidmahnaturalcare.com&yahoo.com" "Mozilla/5.0 (compatible; MSIE 9.0; Windows NT 6.1; WOW64; Trident/6.0)"
184.154.139.41 - - [30/Nov/2025:12:40:20 +0000] "GET //wp-content/plugins/woocommerce/readme.txt HTTP/2" 200 6284 "-" "SiteLockSpider [en] (WinNT; I ;Nav)"
184.154.139.41 - - [30/Nov/2025:12:40:20 +0000] "GET //wp-content/plugins/elementor-pro/changelog.txt HTTP/2" 200 46190 "-" "SiteLockSpider [en] (WinNT; I ;Nav)"
184.154.139.41 - - [30/Nov/2025:12:40:20 +0000] "GET //wp-content/plugins/revslider/release_log.txt HTTP/2" 301 0 "-" "SiteLockSpider [en] (WinNT; I ;Nav)"
217.113.194.113 - - [30/Nov/2025:12:40:21 +0000] "GET /shop/?filter_cat=112%2C116%2C113&per_page=24&filter_brand=41&column=1&filter_campaign=50 HTTP/2" 500 1021 "-" "Mozilla/5.0 (compatible; Barkrowler/0.9; +https://babbar.tech/crawler)"
184.154.139.41 - - [30/Nov/2025:12:40:22 +0000] "GET //wp-content/plugins/elementor/readme.txt HTTP/2" 200 9661 "-" "SiteLockSpider [en] (WinNT; I ;Nav)"
184.154.139.41 - - [30/Nov/2025:12:40:22 +0000] "GET //wp-content/plugins/wp-file-manager/readme.txt HTTP/2" 301 0 "-" "SiteLockSpider [en] (WinNT; I ;Nav)"
107.181.234.74 - - [30/Nov/2025:12:40:38 +0000] "POST /wp-cron.php?doing_wp_cron=1764506438.2647469043731689453125 HTTP/2" 200 0 "-" "WordPress/6.8.3; https://alkhidmahnaturalcare.com"
217.113.194.116 - - [30/Nov/2025:12:40:37 +0000] "GET /shop/?filter_cat=115,122,113,114&per_page=24&filter_brand=39%2C40&column=1 HTTP/2" 200 35694 "-" "Mozilla/5.0 (compatible; Barkrowler/0.9; +https://babbar.tech/crawler)"
66.249.64.99 - - [30/Nov/2025:12:40:45 +0000] "GET /?_g=845065 HTTP/2" 301 0 "-" "Mozilla/5.0 (Linux; Android 6.0.1; Nexus 5X Build/MMB29P) AppleWebKit/537.36 (KHTML, like Gecko) Chrome/141.0.7390.122 Mobile Safari/537.36 (compatible; Googlebot/2.1; +http://www.google.com/bot.html)"
66.249.70.162 - - [30/Nov/2025:12:40:46 +0000] "GET /?_g=845065 HTTP/2" 200 34370 "-" "Mozilla/5.0 (Linux; Android 6.0.1; Nexus 5X Build/MMB29P) AppleWebKit/537.36 (KHTML, like Gecko) Chrome/141.0.7390.122 Mobile Safari/537.36 (compatible; Googlebot/2.1; +http://www.google.com/bot.html)"
217.113.194.225 - - [30/Nov/2025:12:40:54 +0000] "GET /shop/?filter_cat=113%2C112&per_page=9&filter_brand=38%2C40&filter_campaign=50,51 HTTP/2" 500 1021 "-" "Mozilla/5.0 (compatible; Barkrowler/0.9; +https://babbar.tech/crawler)"
217.113.194.116 - - [30/Nov/2025:12:41:10 +0000] "GET /shop/?filter_cat=114%2C15%2C116%2C122&per_page=18&filter_brand=42%2C37&column=2 HTTP/2" 200 33423 "-" "Mozilla/5.0 (compatible; Barkrowler/0.9; +https://babbar.tech/crawler)"
217.113.194.119 - - [30/Nov/2025:12:41:26 +0000] "GET /shop/?filter_cat=114%2C15%2C113%2C115&filter_brand=42%2C39&column=2&per_page=9 HTTP/2" 200 30383 "-" "Mozilla/5.0 (compatible; Barkrowler/0.9; +https://babbar.tech/crawler)"
107.181.234.74 - - [30/Nov/2025:12:41:40 +0000] "POST /wp-cron.php?doing_wp_cron=1764506500.3996410369873046875000 HTTP/2" 200 0 "-" "WordPress/6.8.3; https://alkhidmahnaturalcare.com"
66.249.70.164 - - [30/Nov/2025:12:41:39 +0000] "GET /shop/?column=3&filter_cat=112%2C122%2C15%2C117%2C114%2C113%2C121&per_page=18&filter_brand=35&add-to-cart=10167 HTTP/2" 200 33453 "-" "Mozilla/5.0 (Linux; Android 6.0.1; Nexus 5X Build/MMB29P) AppleWebKit/537.36 (KHTML, like Gecko) Chrome/141.0.7390.122 Mobile Safari/537.36 (compatible; Googlebot/2.1; +http://www.google.com/bot.html)"
217.113.194.117 - - [30/Nov/2025:12:41:42 +0000] "GET /shop/?filter_cat=114%2C115%2C113%2C116%2C122%2C121&column=5&filter_campaign=50 HTTP/2" 200 31453 "-" "Mozilla/5.0 (compatible; Barkrowler/0.9; +https://babbar.tech/crawler)"
66.249.70.162 - - [30/Nov/2025:12:41:46 +0000] "GET /wp-content/themes/woodmart/css/parts/woo-widget-wd-layered-nav.min.css?ver=8.2.7 HTTP/2" 200 311 "https://alkhidmahnaturalcare.com/shop/?column=3&filter_cat=112%2C122%2C15%2C117%2C114%2C113%2C121&per_page=18&filter_brand=35&add-to-cart=10167" "Mozilla/5.0 (Linux; Android 6.0.1; Nexus 5X Build/MMB29P) AppleWebKit/537.36 (KHTML, like Gecko) Chrome/141.0.7390.122 Mobile Safari/537.36 (compatible; Googlebot/2.1; +http://www.google.com/bot.html)"
66.249.70.162 - - [30/Nov/2025:12:41:49 +0000] "GET /wp-content/themes/woodmart/css/parts/woo-mod-swatches-base.min.css?ver=8.2.7 HTTP/2" 200 698 "https://alkhidmahnaturalcare.com/shop/?column=3&filter_cat=112%2C122%2C15%2C117%2C114%2C113%2C121&per_page=18&filter_brand=35&add-to-cart=10167" "Mozilla/5.0 (Linux; Android 6.0.1; Nexus 5X Build/MMB29P) AppleWebKit/537.36 (KHTML, like Gecko) Chrome/141.0.7390.122 Mobile Safari/537.36 (compatible; Googlebot/2.1; +http://www.google.com/bot.html)"
66.249.70.162 - - [30/Nov/2025:12:41:51 +0000] "GET /wp-content/themes/woodmart/css/parts/woo-categories-loop-old.min.css?ver=8.2.7 HTTP/2" 200 313 "https://alkhidmahnaturalcare.com/shop/?column=3&filter_cat=112%2C122%2C15%2C117%2C114%2C113%2C121&per_page=18&filter_brand=35&add-to-cart=10167" "Mozilla/5.0 (Linux; Android 6.0.1; Nexus 5X Build/MMB29P) AppleWebKit/537.36 (KHTML, like Gecko) Chrome/141.0.7390.122 Mobile Safari/537.36 (compatible; Googlebot/2.1; +http://www.google.com/bot.html)"
66.249.70.162 - - [30/Nov/2025:12:41:52 +0000] "GET /wp-content/uploads/elementor/css/post-728.css?ver=1762560000 HTTP/2" 200 138 "https://alkhidmahnaturalcare.com/shop/?column=3&filter_cat=112%2C122%2C15%2C117%2C114%2C113%2C121&per_page=18&filter_brand=35&add-to-cart=10167" "Mozilla/5.0 (Linux; Android 6.0.1; Nexus 5X Build/MMB29P) AppleWebKit/537.36 (KHTML, like Gecko) Chrome/141.0.7390.122 Mobile Safari/537.36 (compatible; Googlebot/2.1; +http://www.google.com/bot.html)"
66.249.70.162 - - [30/Nov/2025:12:41:55 +0000] "GET /wp-includes/js/jquery/ui/mouse.min.js?ver=1.13.3 HTTP/2" 200 1012 "https://alkhidmahnaturalcare.com/shop/?column=3&filter_cat=112%2C122%2C15%2C117%2C114%2C113%2C121&per_page=18&filter_brand=35&add-to-cart=10167" "Mozilla/5.0 (Linux; Android 6.0.1; Nexus 5X Build/MMB29P) AppleWebKit/537.36 (KHTML, like Gecko) Chrome/141.0.7390.122 Mobile Safari/537.36 (compatible; Googlebot/2.1; +http://www.google.com/bot.html)"
66.249.70.162 - - [30/Nov/2025:12:41:57 +0000] "POST /?wc-ajax=get_refreshed_fragments HTTP/2" 200 538 "https://alkhidmahnaturalcare.com/shop/?column=3&filter_cat=112%2C122%2C15%2C117%2C114%2C113%2C121&per_page=18&filter_brand=35&add-to-cart=10167" "Mozilla/5.0 (Linux; Android 6.0.1; Nexus 5X Build/MMB29P) AppleWebKit/537.36 (KHTML, like Gecko) Chrome/141.0.7390.122 Mobile Safari/537.36 (compatible; Googlebot/2.1; +http://www.google.com/bot.html)"
217.113.194.225 - - [30/Nov/2025:12:41:58 +0000] "GET /shop/?filter_cat=114%2C122%2C115%2C15&filter_brand=40%2C39%2C42&filter_campaign=51 HTTP/2" 200 31467 "-" "Mozilla/5.0 (compatible; Barkrowler/0.9; +https://babbar.tech/crawler)"
154.54.249.204 - - [30/Nov/2025:12:42:14 +0000] "GET /shop/?column=1&filter_brand=39&filter_cat=112%2C121%2C114&filter_campaign=50 HTTP/2" 200 31506 "-" "Mozilla/5.0 (compatible; Barkrowler/0.9; +https://babbar.tech/crawler)"
107.181.234.74 - - [30/Nov/2025:12:42:31 +0000] "POST /wp-cron.php?doing_wp_cron=1764506551.8013811111450195312500 HTTP/2" 200 0 "-" "WordPress/6.8.3; https://alkhidmahnaturalcare.com"
217.113.194.112 - - [30/Nov/2025:12:42:31 +0000] "GET /shop/?column=1&filter_brand=41%2C38&filter_cat=114%2C113%2C116&per_page=9 HTTP/2" 200 30486 "-" "Mozilla/5.0 (compatible; Barkrowler/0.9; +https://babbar.tech/crawler)"
66.249.64.97 - - [30/Nov/2025:12:42:34 +0000] "GET /?_g=1735797 HTTP/2" 301 0 "-" "Mozilla/5.0 (Linux; Android 6.0.1; Nexus 5X Build/MMB29P) AppleWebKit/537.36 (KHTML, like Gecko) Chrome/141.0.7390.122 Mobile Safari/537.36 (compatible; Googlebot/2.1; +http://www.google.com/bot.html)"
66.249.70.164 - - [30/Nov/2025:12:42:34 +0000] "GET /?_g=1735797 HTTP/2" 200 34279 "-" "Mozilla/5.0 (Linux; Android 6.0.1; Nexus 5X Build/MMB29P) AppleWebKit/537.36 (KHTML, like Gecko) Chrome/141.0.7390.122 Mobile Safari/537.36 (compatible; Googlebot/2.1; +http://www.google.com/bot.html)"
217.113.194.119 - - [30/Nov/2025:12:42:47 +0000] "GET /shop/?column=1&filter_brand=37&filter_cat=15%2C112%2C116%2C114&per_page=9 HTTP/2" 200 30368 "-" "Mozilla/5.0 (compatible; Barkrowler/0.9; +https://babbar.tech/crawler)"
217.113.194.112 - - [30/Nov/2025:12:43:03 +0000] "GET /shop/?column=1&filter_brand=42&filter_cat=115%2C15%2C117&filter_campaign=50 HTTP/2" 200 31586 "-" "Mozilla/5.0 (compatible; Barkrowler/0.9; +https://babbar.tech/crawler)"
217.113.194.119 - - [30/Nov/2025:12:43:19 +0000] "GET /shop/?column=1&filter_brand=42&filter_cat=15%2C113%2C121&filter_campaign=51 HTTP/2" 200 31724 "-" "Mozilla/5.0 (compatible; Barkrowler/0.9; +https://babbar.tech/crawler)"
107.181.234.74 - - [30/Nov/2025:12:43:36 +0000] "POST /wp-cron.php?doing_wp_cron=1764506616.1296861171722412109375 HTTP/2" 200 0 "-" "WordPress/6.8.3; https://alkhidmahnaturalcare.com"
217.113.194.226 - - [30/Nov/2025:12:43:35 +0000] "GET /shop/?column=1&filter_campaign=50%2C51&filter_brand=42%2C38&filter_cat=115 HTTP/2" 200 31460 "-" "Mozilla/5.0 (compatible; Barkrowler/0.9; +https://babbar.tech/crawler)"
217.113.194.117 - - [30/Nov/2025:12:43:51 +0000] "GET /shop/?column=5&filter_cat=113%2C121%2C115%2C15&filter_campaign=50&per_page=9 HTTP/2" 200 30425 "-" "Mozilla/5.0 (compatible; Barkrowler/0.9; +https://babbar.tech/crawler)"
154.54.249.204 - - [30/Nov/2025:12:44:08 +0000] "GET /shop/?column=5&filter_brand=41%2C42%2C38&filter_cat=117%2C15&per_page=12 HTTP/2" 200 31561 "-" "Mozilla/5.0 (compatible; Barkrowler/0.9; +https://babbar.tech/crawler)"
66.249.70.163 - - [30/Nov/2025:12:44:21 +0000] "GET /shop/?column=3&filter_cat=114,116,113,122,112,121&per_page=24&add-to-cart=10156&filter_brand=42%2C36%2C37%2C40 HTTP/2" 200 35650 "-" "Mozilla/5.0 (Linux; Android 6.0.1; Nexus 5X Build/MMB29P) AppleWebKit/537.36 (KHTML, like Gecko) Chrome/141.0.7390.122 Mobile Safari/537.36 (compatible; Googlebot/2.1; +http://www.google.com/bot.html)"
217.113.194.118 - - [30/Nov/2025:12:44:25 +0000] "GET /shop/?column=3&filter_brand=35%2C42%2C38&filter_cat=122,121,117,112 HTTP/2" 200 31544 "-" "Mozilla/5.0 (compatible; Barkrowler/0.9; +https://babbar.tech/crawler)"
107.181.234.74 - - [30/Nov/2025:12:44:39 +0000] "POST /wp-cron.php?doing_wp_cron=1764506678.9114670753479003906250 HTTP/2" 200 0 "-" "WordPress/6.8.3; https://alkhidmahnaturalcare.com"
66.249.70.162 - - [30/Nov/2025:12:44:38 +0000] "POST /?wc-ajax=get_refreshed_fragments HTTP/2" 200 538 "https://alkhidmahnaturalcare.com/shop/?column=3&filter_cat=114,116,113,122,112,121&per_page=24&add-to-cart=10156&filter_brand=42%2C36%2C37%2C40" "Mozilla/5.0 (Linux; Android 6.0.1; Nexus 5X Build/MMB29P) AppleWebKit/537.36 (KHTML, like Gecko) Chrome/141.0.7390.122 Mobile Safari/537.36 (compatible; Googlebot/2.1; +http://www.google.com/bot.html)"
217.113.194.112 - - [30/Nov/2025:12:44:41 +0000] "GET /shop/?column=4&filter_brand=39&filter_cat=117%2C113%2C121%2C114&per_page=9 HTTP/2" 200 30440 "-" "Mozilla/5.0 (compatible; Barkrowler/0.9; +https://babbar.tech/crawler)"
217.113.194.116 - - [30/Nov/2025:12:44:57 +0000] "GET /shop/?per_page=24&filter_cat=15%2C114%2C113%2C117&filter_brand=42&column=4 HTTP/2" 200 35712 "-" "Mozilla/5.0 (compatible; Barkrowler/0.9; +https://babbar.tech/crawler)"
217.113.194.113 - - [30/Nov/2025:12:45:14 +0000] "GET /shop/?per_page=12&filter_brand=35&filter_cat=117%2C113%2C122%2C121&column=4 HTTP/2" 200 31513 "-" "Mozilla/5.0 (compatible; Barkrowler/0.9; +https://babbar.tech/crawler)"
66.249.70.164 - - [30/Nov/2025:12:45:15 +0000] "GET /shop/?column=5&add-to-cart=10157&per_page=12&filter_cat=116%2C114%2C15%2C121%2C117&filter_brand=35 HTTP/2" 200 31475 "-" "Mozilla/5.0 (Linux; Android 6.0.1; Nexus 5X Build/MMB29P) AppleWebKit/537.36 (KHTML, like Gecko) Chrome/141.0.7390.122 Mobile Safari/537.36 (compatible; Googlebot/2.1; +http://www.google.com/bot.html)"
66.249.70.162 - - [30/Nov/2025:12:45:24 +0000] "POST /?wc-ajax=get_refreshed_fragments HTTP/2" 200 538 "https://alkhidmahnaturalcare.com/shop/?column=5&add-to-cart=10157&per_page=12&filter_cat=116%2C114%2C15%2C121%2C117&filter_brand=35" "Mozilla/5.0 (Linux; Android 6.0.1; Nexus 5X Build/MMB29P) AppleWebKit/537.36 (KHTML, like Gecko) Chrome/141.0.7390.122 Mobile Safari/537.36 (compatible; Googlebot/2.1; +http://www.google.com/bot.html)"
107.181.234.74 - - [30/Nov/2025:12:45:33 +0000] "POST /wp-cron.php?doing_wp_cron=1764506733.8962490558624267578125 HTTP/2" 200 0 "-" "WordPress/6.8.3; https://alkhidmahnaturalcare.com"
217.113.194.115 - - [30/Nov/2025:12:45:32 +0000] "GET /shop/?per_page=12&filter_brand=35&filter_cat=114%2C115%2C122%2C121&column=4 HTTP/2" 200 31511 "-" "Mozilla/5.0 (compatible; Barkrowler/0.9; +https://babbar.tech/crawler)"
107.181.234.74 - - [30/Nov/2025:12:47:43 +0000] "POST /wp-cron.php?doing_wp_cron=1764506863.4457790851593017578125 HTTP/2" 200 0 "-" "WordPress/6.8.3; https://alkhidmahnaturalcare.com"
217.113.194.116 - - [30/Nov/2025:12:47:43 +0000] "GET /shop/?per_page=9&filter_brand=36&filter_cat=122%2C117%2C112%2C113&column=4 HTTP/2" 200 30489 "-" "Mozilla/5.0 (compatible; Barkrowler/0.9; +https://babbar.tech/crawler)"
66.249.70.162 - - [30/Nov/2025:12:47:58 +0000] "GET /shop/?column=4&add-to-cart=10167&per_page=24&filter_cat=15%2C116%2C121%2C117&filter_brand=40,37,41,42 HTTP/2" 200 35812 "-" "Mozilla/5.0 (Linux; Android 6.0.1; Nexus 5X Build/MMB29P) AppleWebKit/537.36 (KHTML, like Gecko) Chrome/141.0.7390.122 Mobile Safari/537.36 (compatible; Googlebot/2.1; +http://www.google.com/bot.html)"
66.249.70.162 - - [30/Nov/2025:12:47:58 +0000] "GET /shop/?column=5&filter_cat=15%2C113%2C114%2C117&add-to-cart=10157&filter_brand=36%2C41%2C40&per_page=18 HTTP/2" 200 33572 "-" "Mozilla/5.0 (Linux; Android 6.0.1; Nexus 5X Build/MMB29P) AppleWebKit/537.36 (KHTML, like Gecko) Chrome/141.0.7390.122 Mobile Safari/537.36 (compatible; Googlebot/2.1; +http://www.google.com/bot.html)"
217.113.194.116 - - [30/Nov/2025:12:47:59 +0000] "GET /shop/?per_page=9&filter_cat=122%2C114%2C15%2C113&column=5&filter_campaign=50 HTTP/2" 200 30460 "-" "Mozilla/5.0 (compatible; Barkrowler/0.9; +https://babbar.tech/crawler)"
66.249.70.162 - - [30/Nov/2025:12:48:15 +0000] "POST /?wc-ajax=get_refreshed_fragments HTTP/2" 200 538 "https://alkhidmahnaturalcare.com/shop/?column=4&add-to-cart=10167&per_page=24&filter_cat=15%2C116%2C121%2C117&filter_brand=40,37,41,42" "Mozilla/5.0 (Linux; Android 6.0.1; Nexus 5X Build/MMB29P) AppleWebKit/537.36 (KHTML, like Gecko) Chrome/141.0.7390.122 Mobile Safari/537.36 (compatible; Googlebot/2.1; +http://www.google.com/bot.html)"
217.113.194.116 - - [30/Nov/2025:12:48:15 +0000] "GET /shop/page/4/?per_page=9&filter_cat=112%2C115%2C15%2C121%2C113&column=3 HTTP/2" 200 30840 "-" "Mozilla/5.0 (compatible; Barkrowler/0.9; +https://babbar.tech/crawler)"
107.181.234.74 - - [30/Nov/2025:12:48:32 +0000] "POST /wp-cron.php?doing_wp_cron=1764506912.2466280460357666015625 HTTP/2" 200 0 "-" "WordPress/6.8.3; https://alkhidmahnaturalcare.com"
217.113.194.115 - - [30/Nov/2025:12:48:31 +0000] "GET /shop/page/3/?filter_cat=117%2C112%2C114%2C15%2C113%2C122&column=2&per_page=9 HTTP/2" 200 30984 "-" "Mozilla/5.0 (compatible; Barkrowler/0.9; +https://babbar.tech/crawler)"
217.113.194.117 - - [30/Nov/2025:12:48:48 +0000] "GET /shop/page/3/?filter_cat=114%2C115%2C113%2C15%2C117%2C116&column=5&per_page=24 HTTP/2" 404 21864 "-" "Mozilla/5.0 (compatible; Barkrowler/0.9; +https://babbar.tech/crawler)"
66.249.70.162 - - [30/Nov/2025:12:48:52 +0000] "GET /shop/?column=5&filter_cat=112,121,115,114,122&filter_brand=35%2C41%2C42&add-to-cart=10157&filter_campaign=50%2C51 HTTP/2" 200 31642 "-" "Mozilla/5.0 (Linux; Android 6.0.1; Nexus 5X Build/MMB29P) AppleWebKit/537.36 (KHTML, like Gecko) Chrome/141.0.7390.122 Mobile Safari/537.36 (compatible; Googlebot/2.1; +http://www.google.com/bot.html)"
66.249.70.162 - - [30/Nov/2025:12:48:53 +0000] "GET /shop/?column=1&filter_cat=15%2C114%2C113%2C121&per_page=9&filter_brand=38%2C35&filter_campaign=50,51&add-to-cart=10156 HTTP/2" 200 30443 "-" "Mozilla/5.0 (Linux; Android 6.0.1; Nexus 5X Build/MMB29P) AppleWebKit/537.36 (KHTML, like Gecko) Chrome/141.0.7390.122 Mobile Safari/537.36 (compatible; Googlebot/2.1; +http://www.google.com/bot.html)"
54.247.50.127 - - [30/Nov/2025:12:48:57 +0000] "GET / HTTP/2" 200 34355 "-" "Plesk screenshot bot https://support.plesk.com/hc/en-us/articles/10301006946066"
54.247.50.127 - - [30/Nov/2025:12:48:58 +0000] "GET /wp-content/uploads/2025/11/speaker-template-8-1300x434.png HTTP/2" 200 62515 "https://alkhidmahnaturalcare.com/" "Plesk screenshot bot https://support.plesk.com/hc/en-us/articles/10301006946066"
54.247.50.127 - - [30/Nov/2025:12:48:58 +0000] "GET /wp-content/plugins/revslider/public/css/sr7.css?ver=6.7.38 HTTP/2" 200 1409 "https://alkhidmahnaturalcare.com/" "Plesk screenshot bot https://support.plesk.com/hc/en-us/articles/10301006946066"
54.247.50.127 - - [30/Nov/2025:12:48:58 +0000] "GET /wp-content/plugins/elementor/assets/lib/swiper/v8/css/swiper.min.css?ver=8.4.5 HTTP/2" 200 4248 "https://alkhidmahnaturalcare.com/" "Plesk screenshot bot https://support.plesk.com/hc/en-us/articles/10301006946066"
54.247.50.127 - - [30/Nov/2025:12:48:58 +0000] "GET /wp-content/plugins/elementor/assets/css/widget-image-carousel.min.css?ver=3.33.2 HTTP/2" 200 140 "https://alkhidmahnaturalcare.com/" "Plesk screenshot bot https://support.plesk.com/hc/en-us/articles/10301006946066"
54.247.50.127 - - [30/Nov/2025:12:48:58 +0000] "GET /wp-content/uploads/elementor/css/post-29013.css?ver=1764505418 HTTP/2" 200 1453 "https://alkhidmahnaturalcare.com/" "Plesk screenshot bot https://support.plesk.com/hc/en-us/articles/10301006946066"
54.247.50.127 - - [30/Nov/2025:12:48:58 +0000] "GET /wp-content/uploads/elementor/css/custom-frontend.min.css?ver=1764505418 HTTP/2" 200 6511 "https://alkhidmahnaturalcare.com/" "Plesk screenshot bot https://support.plesk.com/hc/en-us/articles/10301006946066"
54.247.50.127 - - [30/Nov/2025:12:48:58 +0000] "GET /wp-content/plugins/elementor/assets/css/conditionals/e-swiper.min.css?ver=3.33.2 HTTP/2" 200 699 "https://alkhidmahnaturalcare.com/" "Plesk screenshot bot https://support.plesk.com/hc/en-us/articles/10301006946066"
54.247.50.127 - - [30/Nov/2025:12:48:58 +0000] "GET /wp-content/themes/woodmart/css/parts/helpers-wpb-elem.min.css?ver=8.2.7 HTTP/2" 200 293 "https://alkhidmahnaturalcare.com/" "Plesk screenshot bot https://support.plesk.com/hc/en-us/articles/10301006946066"
54.247.50.127 - - [30/Nov/2025:12:48:58 +0000] "GET /wp-content/uploads/elementor/css/post-7.css?ver=1764505418 HTTP/2" 200 336 "https://alkhidmahnaturalcare.com/" "Plesk screenshot bot https://support.plesk.com/hc/en-us/articles/10301006946066"
54.247.50.127 - - [30/Nov/2025:12:48:58 +0000] "GET /wp-content/themes/woodmart/css/parts/woocommerce-base.min.css?ver=8.2.7 HTTP/2" 200 1603 "https://alkhidmahnaturalcare.com/" "Plesk screenshot bot https://support.plesk.com/hc/en-us/articles/10301006946066"
54.247.50.127 - - [30/Nov/2025:12:48:58 +0000] "GET /wp-content/themes/woodmart/css/parts/base.min.css?ver=8.2.7 HTTP/2" 200 9299 "https://alkhidmahnaturalcare.com/" "Plesk screenshot bot https://support.plesk.com/hc/en-us/articles/10301006946066"
54.247.50.127 - - [30/Nov/2025:12:48:58 +0000] "GET /wp-content/plugins/elementor-pro/assets/css/widget-form.min.css?ver=3.30.1 HTTP/2" 200 1407 "https://alkhidmahnaturalcare.com/" "Plesk screenshot bot https://support.plesk.com/hc/en-us/articles/10301006946066"
54.247.50.127 - - [30/Nov/2025:12:48:58 +0000] "GET /wp-content/themes/woodmart/css/parts/int-elementor-pro.min.css?ver=8.2.7 HTTP/2" 200 1440 "https://alkhidmahnaturalcare.com/" "Plesk screenshot bot https://support.plesk.com/hc/en-us/articles/10301006946066"
54.247.50.127 - - [30/Nov/2025:12:48:58 +0000] "GET /wp-content/themes/woodmart/css/parts/wp-blocks.min.css?ver=8.2.7 HTTP/2" 200 939 "https://alkhidmahnaturalcare.com/" "Plesk screenshot bot https://support.plesk.com/hc/en-us/articles/10301006946066"
54.247.50.127 - - [30/Nov/2025:12:48:58 +0000] "GET /wp-content/themes/woodmart/css/parts/int-elem-base.min.css?ver=8.2.7 HTTP/2" 200 1333 "https://alkhidmahnaturalcare.com/" "Plesk screenshot bot https://support.plesk.com/hc/en-us/articles/10301006946066"
54.247.50.127 - - [30/Nov/2025:12:48:58 +0000] "GET /wp-content/themes/woodmart/css/parts/woo-mod-block-notices.min.css?ver=8.2.7 HTTP/2" 200 635 "https://alkhidmahnaturalcare.com/" "Plesk screenshot bot https://support.plesk.com/hc/en-us/articles/10301006946066"
54.247.50.127 - - [30/Nov/2025:12:48:58 +0000] "GET /wp-content/themes/woodmart/css/parts/int-rev-slider.min.css?ver=8.2.7 HTTP/2" 200 256 "https://alkhidmahnaturalcare.com/" "Plesk screenshot bot https://support.plesk.com/hc/en-us/articles/10301006946066"
54.247.50.127 - - [30/Nov/2025:12:48:58 +0000] "GET /wp-content/themes/woodmart/css/parts/el-social-icons.min.css?ver=8.2.7 HTTP/2" 200 923 "https://alkhidmahnaturalcare.com/" "Plesk screenshot bot https://support.plesk.com/hc/en-us/articles/10301006946066"
54.247.50.127 - - [30/Nov/2025:12:48:58 +0000] "GET /wp-content/themes/woodmart/css/parts/opt-bottom-toolbar.min.css?ver=8.2.7 HTTP/2" 200 670 "https://alkhidmahnaturalcare.com/" "Plesk screenshot bot https://support.plesk.com/hc/en-us/articles/10301006946066"
