148.72.211.168 - - [30/Nov/2025:15:30:07 +0000] "POST /.well-known/acme-challenge/functions_recent.php HTTP/2" 404 21876 "-" "Mozilla/5.0 (Linux; Android 12; Pixel 6) AppleWebKit/537.36 (KHTML, like Gecko) Chrome/99.0.4844.58 Mobile Safari/537.36"
66.249.70.162 - - [30/Nov/2025:15:30:10 +0000] "GET /?_g=241368 HTTP/2" 200 34371 "-" "Mozilla/5.0 (Linux; Android 6.0.1; Nexus 5X Build/MMB29P) AppleWebKit/537.36 (KHTML, like Gecko) Chrome/141.0.7390.122 Mobile Safari/537.36 (compatible; Googlebot/2.1; +http://www.google.com/bot.html)"
190.92.174.39 - - [30/Nov/2025:15:30:15 +0000] "POST /.well-known/acme-challenge/functions_recent.php HTTP/2" 404 21876 "-" "Mozilla/5.0 (Macintosh; Intel Mac OS X 10_15_7) AppleWebKit/537.36 (KHTML, like Gecko) Chrome/120.0.0.0 Safari/537.36"
107.181.234.74 - - [30/Nov/2025:15:30:31 +0000] "POST /wp-cron.php?doing_wp_cron=1764516631.5652179718017578125000 HTTP/2" 200 0 "-" "WordPress/6.8.3; https://alkhidmahnaturalcare.com"
162.214.81.24 - - [30/Nov/2025:15:30:30 +0000] "POST /.well-known/acme-challenge/functions_recent.php HTTP/2" 404 21874 "-" "Mozilla/5.0 (Macintosh; Intel Mac OS X 10_15_7) AppleWebKit/537.36 (KHTML, like Gecko) Chrome/119.0.0.0 Safari/537.36"
192.185.12.167 - - [30/Nov/2025:15:30:44 +0000] "POST /.well-known/acme-challenge/functions_recent.php HTTP/2" 404 21873 "-" "Mozilla/5.0 (Macintosh; Intel Mac OS X 10_15_7) AppleWebKit/605.1.15 (KHTML, like Gecko) Version/17.0 Safari/605.1.15"
46.182.4.125 - - [30/Nov/2025:15:30:55 +0000] "POST /wp-content/plugins/wp-reset/libs/dumper.php HTTP/2" 404 21859 "-" "Mozilla/5.0 (iPhone; CPU iPhone OS 17_2 like Mac OS X) AppleWebKit/605.1.15 (KHTML, like Gecko) Version/17.2 Mobile/15E148 Safari/604.1"
162.241.217.21 - - [30/Nov/2025:15:31:10 +0000] "POST /wp-content/plugins/wp-reset/libs/dumper.php HTTP/2" 404 21859 "-" "Mozilla/5.0 (Windows NT 10.0; Win64; x64) AppleWebKit/537.36 (KHTML, like Gecko) Chrome/101.0.4951.67 Safari/537.36"
162.241.224.32 - - [30/Nov/2025:15:31:24 +0000] "POST /wp-content/plugins/wp-reset/libs/dumper.php HTTP/2" 404 21856 "-" "Mozilla/5.0 (Windows NT 10.0; Win64; x64) AppleWebKit/537.36 (KHTML, like Gecko) Chrome/99.0.4844.51 Safari/537.36"
107.181.234.74 - - [30/Nov/2025:15:31:31 +0000] "POST /wp-cron.php?doing_wp_cron=1764516691.3452649116516113281250 HTTP/2" 200 0 "-" "WordPress/6.8.3; https://alkhidmahnaturalcare.com"
202.61.233.6 - - [30/Nov/2025:15:31:30 +0000] "POST /wp-content/plugins/customer-reviews-woocommerce/templates/review-compat.php HTTP/2" 404 21872 "-" "Mozilla/5.0 (Windows NT 10.0; Win64; x64) AppleWebKit/537.36 (KHTML, like Gecko) Chrome/99.0.4844.51 Safari/537.36 Edg/99.0.1150.30"
171.244.17.74 - - [30/Nov/2025:15:31:35 +0000] "POST /wp-content/plugins/customer-reviews-woocommerce/templates/review-compat.php HTTP/2" 404 21871 "-" "Mozilla/5.0 (Windows NT 10.0; Win64; x64) AppleWebKit/537.36 (KHTML, like Gecko) Chrome/116.0.0.0 Safari/537.36"
206.189.141.3 - - [30/Nov/2025:15:31:41 +0000] "POST /wp-content/plugins/customer-reviews-woocommerce/templates/review-compat.php HTTP/2" 404 21872 "-" "Mozilla/5.0 (Windows NT 10.0; Win64; x64) AppleWebKit/537.36 (KHTML, like Gecko) Chrome/116.0.0.0 Safari/537.36"
69.49.112.67 - - [30/Nov/2025:15:32:13 +0000] "POST /wp-content/plugins/customer-reviews-woocommerce/templates/review-compat.php HTTP/2" 404 21872 "-" "Mozilla/5.0 (Windows NT 10.0; Win64; x64) AppleWebKit/537.36 (KHTML, like Gecko) Chrome/101.0.4951.64 Safari/537.36 Edg/101.0.1210.47"
220.158.233.221 - - [30/Nov/2025:15:32:15 +0000] "POST /wp-content/plugins/customer-reviews-woocommerce/templates/review-compat.php HTTP/2" 404 21872 "-" "Mozilla/5.0 (Windows NT 10.0; Win64; x64) AppleWebKit/537.36 (KHTML, like Gecko) Chrome/99.0.4844.51 Safari/537.36 Edg/99.0.1150.30"
162.214.80.164 - - [30/Nov/2025:15:32:18 +0000] "GET /wp-content/plugins/woo-checkout-field-editor-pro/admin/class-thwcfd-admin-settings-pro.php HTTP/2" 200 0 "-" "Mozilla/5.0 (Windows NT 10.0; Win64; x64) AppleWebKit/537.36 (KHTML, like Gecko) Chrome/110.0.0.0 Safari/537.36"
162.19.70.61 - - [30/Nov/2025:15:32:18 +0000] "GET /wp-content/plugins/woo-checkout-field-editor-pro/admin/class-thwcfd-admin-settings-pro.php HTTP/2" 200 0 "-" "Mozilla/5.0 (Windows NT 10.0; Win64; x64) AppleWebKit/537.36 (KHTML, like Gecko) Chrome/116.0.0.0 Safari/537.36"
220.158.233.76 - - [30/Nov/2025:15:32:32 +0000] "GET /wp-content/plugins/woo-checkout-field-editor-pro/admin/class-thwcfd-admin-settings-pro.php HTTP/2" 200 0 "-" "Mozilla/5.0 (Windows NT 10.0; Win64; x64) AppleWebKit/537.36 (KHTML, like Gecko) Chrome/110.0.0.0 Safari/537.36"
107.181.234.74 - - [30/Nov/2025:15:32:53 +0000] "POST /wp-cron.php?doing_wp_cron=1764516773.8586308956146240234375 HTTP/2" 200 0 "-" "WordPress/6.8.3; https://alkhidmahnaturalcare.com"
162.241.217.138 - - [30/Nov/2025:15:32:53 +0000] "POST /dn.php HTTP/2" 404 21820 "-" "Mozilla/5.0 (Linux; Android 12; Pixel 6) AppleWebKit/537.36 (KHTML, like Gecko) Chrome/99.0.4844.58 Mobile Safari/537.36"
170.106.82.209 - - [30/Nov/2025:15:33:20 +0000] "GET / HTTP/2" 200 34581 "http://www.alkhidmahnaturalcare.com" "Mozilla/5.0 (iPhone; CPU iPhone OS 13_2_3 like Mac OS X) AppleWebKit/605.1.15 (KHTML, like Gecko) Version/13.0.3 Mobile/15E148 Safari/604.1"
66.249.64.97 - - [30/Nov/2025:15:33:20 +0000] "GET /?_g=769586 HTTP/2" 301 0 "-" "Mozilla/5.0 (Linux; Android 6.0.1; Nexus 5X Build/MMB29P) AppleWebKit/537.36 (KHTML, like Gecko) Chrome/141.0.7390.122 Mobile Safari/537.36 (compatible; Googlebot/2.1; +http://www.google.com/bot.html)"
66.249.70.162 - - [30/Nov/2025:15:33:21 +0000] "GET /?_g=769586 HTTP/2" 200 34371 "-" "Mozilla/5.0 (Linux; Android 6.0.1; Nexus 5X Build/MMB29P) AppleWebKit/537.36 (KHTML, like Gecko) Chrome/141.0.7390.122 Mobile Safari/537.36 (compatible; Googlebot/2.1; +http://www.google.com/bot.html)"
212.29.215.93 - - [30/Nov/2025:15:33:24 +0000] "POST /dn.php HTTP/2" 404 21820 "-" "Mozilla/5.0 (iPhone; CPU iPhone OS 17_2 like Mac OS X) AppleWebKit/605.1.15 (KHTML, like Gecko) Version/17.2 Mobile/15E148 Safari/604.1"
162.144.22.176 - - [30/Nov/2025:15:33:32 +0000] "GET /wp-content/plugins/elementor/app/modules/import-export-customization/data/routes/base.php HTTP/2" 500 1021 "-" "Mozilla/5.0 (Windows NT 10.0; Win64; x64) AppleWebKit/537.36 (KHTML, like Gecko) Chrome/110.0.0.0 Safari/537.36"
107.181.234.74 - - [30/Nov/2025:15:33:50 +0000] "POST /wp-cron.php?doing_wp_cron=1764516830.8497550487518310546875 HTTP/2" 200 0 "-" "WordPress/6.8.3; https://alkhidmahnaturalcare.com"
162.241.216.167 - - [30/Nov/2025:15:33:50 +0000] "GET /wp-content/plugins/elementor/app/modules/import-export-customization/data/routes/base.php HTTP/2" 404 21859 "-" "Mozilla/5.0 (Linux; Android 12; Pixel 6) AppleWebKit/537.36 (KHTML, like Gecko) Chrome/99.0.4844.58 Mobile Safari/537.36"
153.123.7.219 - - [30/Nov/2025:15:33:53 +0000] "GET /wp-content/plugins/elementor/app/modules/import-export-customization/data/routes/base.php HTTP/2" 404 21862 "-" "Mozilla/5.0 (Macintosh; Intel Mac OS X 10_15_7) AppleWebKit/605.1.15 (KHTML, like Gecko) Version/15.5 Safari/605.1.15"
75.119.134.183 - - [30/Nov/2025:15:33:56 +0000] "POST /wp-content/plugins/wordfence/crypto/vendor/paragonie/sodium_compat/namespaced/Core/Curve25519/Ge/form_check.js.php HTTP/2" 404 21920 "-" "Mozilla/5.0 (Macintosh; Intel Mac OS X 10_15_7) AppleWebKit/537.36 (KHTML, like Gecko) Chrome/119.0.0.0 Safari/537.36"
162.241.219.203 - - [30/Nov/2025:15:33:58 +0000] "POST /wp-content/plugins/wordfence/crypto/vendor/paragonie/sodium_compat/namespaced/Core/Curve25519/Ge/form_check.js.php HTTP/2" 404 21920 "-" "Mozilla/5.0 (iPhone; CPU iPhone OS 17_2 like Mac OS X) AppleWebKit/605.1.15 (KHTML, like Gecko) Version/17.2 Mobile/15E148 Safari/604.1"
103.90.233.71 - - [30/Nov/2025:15:34:03 +0000] "POST /wp-content/plugins/wordfence/crypto/vendor/paragonie/sodium_compat/namespaced/Core/Curve25519/Ge/form_check.js.php HTTP/2" 500 1021 "-" "Mozilla/5.0 (Windows NT 10.0; Win64; x64) AppleWebKit/537.36 (KHTML, like Gecko) Chrome/116.0.0.0 Safari/537.36"
217.182.193.81 - - [30/Nov/2025:15:34:15 +0000] "POST /wp-content/plugins/wordfence/crypto/vendor/paragonie/sodium_compat/namespaced/Core/Curve25519/Ge/form_check.js.php HTTP/2" 404 21955 "-" "Mozilla/5.0 (Windows NT 10.0; Win64; x64) AppleWebKit/537.36 (KHTML, like Gecko) Chrome/110.0.0.0 Safari/537.36"
185.114.234.103 - - [30/Nov/2025:15:34:25 +0000] "GET /wp-content/plugins/woocommerce/assets/client/admin/product-editor/blocks/product-fields/product-variation-items-field/mantox.php HTTP/2" 404 21866 "-" "Mozilla/5.0 (Windows NT 10.0; Win64; x64) AppleWebKit/537.36 (KHTML, like Gecko) Chrome/101.0.4951.64 Safari/537.36 Edg/101.0.1210.47"
107.181.234.74 - - [30/Nov/2025:15:34:31 +0000] "POST /wp-cron.php?doing_wp_cron=1764516871.3966040611267089843750 HTTP/2" 200 0 "-" "WordPress/6.8.3; https://alkhidmahnaturalcare.com"
192.185.2.110 - - [30/Nov/2025:15:34:30 +0000] "POST /xmlrpc.php HTTP/2" 200 205 "-" "Mozilla/5.0 (Windows NT 6.3; WOW64) AppleWebKit/537.36 (KHTML, like Gecko) Chrome/67.0.3396.87 Safari/537.36"
47.112.205.249 - - [30/Nov/2025:15:34:35 +0000] "GET /wp-content/plugins/woocommerce/assets/client/admin/product-editor/blocks/product-fields/product-variation-items-field/mantox.php HTTP/2" 404 21866 "-" "Mozilla/5.0 (Macintosh; Intel Mac OS X 10_15_7) AppleWebKit/537.36 (KHTML, like Gecko) Chrome/119.0.0.0 Safari/537.36"
184.174.36.218 - - [30/Nov/2025:15:34:45 +0000] "GET /wp-content/plugins/woocommerce/assets/client/admin/product-editor/blocks/product-fields/product-variation-items-field/mantox.php HTTP/2" 404 21866 "-" "Mozilla/5.0 (Windows NT 10.0; Win64; x64) AppleWebKit/537.36 (KHTML, like Gecko) Chrome/107.0.0.0 Safari/537.36"
107.181.234.74 - - [30/Nov/2025:15:35:03 +0000] "POST /wp-cron.php?doing_wp_cron=1764516902.9956040382385253906250 HTTP/2" 200 0 "-" "WordPress/6.8.3; https://alkhidmahnaturalcare.com"
72.167.222.59 - - [30/Nov/2025:15:35:02 +0000] "GET /wp-content/plugins/woocommerce/assets/client/admin/product-editor/blocks/product-fields/product-variation-items-field/mantox.php HTTP/2" 404 21866 "-" "Mozilla/5.0 (Linux; Android 12; Pixel 6) AppleWebKit/537.36 (KHTML, like Gecko) Chrome/99.0.4844.58 Mobile Safari/537.36"
68.178.161.65 - - [30/Nov/2025:15:35:18 +0000] "GET /wp-content/plugins/woocommerce/assets/client/admin/product-editor/blocks/product-fields/product-variation-items-field/mantox.php HTTP/2" 404 21866 "-" "Mozilla/5.0 (Macintosh; Intel Mac OS X 10_15_7) AppleWebKit/537.36 (KHTML, like Gecko) Chrome/120.0.0.0 Safari/537.36"
107.181.234.74 - - [30/Nov/2025:15:35:32 +0000] "POST /wp-cron.php?doing_wp_cron=1764516932.2646369934082031250000 HTTP/2" 200 0 "-" "WordPress/6.8.3; https://alkhidmahnaturalcare.com"
103.153.42.48 - - [30/Nov/2025:15:35:31 +0000] "POST /popup_ask.php HTTP/2" 404 21855 "-" "Mozilla/5.0 (Windows NT 10.0; Win64; x64) AppleWebKit/537.36 (KHTML, like Gecko) Chrome/101.0.4951.64 Safari/537.36 Edg/101.0.1210.47"
103.185.74.193 - - [30/Nov/2025:15:36:19 +0000] "POST /popup_ask.php HTTP/2" 404 21855 "-" "Mozilla/5.0 (Windows NT 10.0; Win64; x64) AppleWebKit/537.36 (KHTML, like Gecko) Chrome/101.0.4951.64 Safari/537.36 Edg/101.0.1210.47"
162.214.80.161 - - [30/Nov/2025:15:36:21 +0000] "POST /popup_ask.php HTTP/2" 404 21856 "-" "Mozilla/5.0 (Windows NT 10.0; Win64; x64) AppleWebKit/537.36 (KHTML, like Gecko) Chrome/99.0.4844.51 Safari/537.36"
66.249.64.103 - - [30/Nov/2025:15:36:22 +0000] "GET /?_g=904390 HTTP/2" 301 0 "-" "Mozilla/5.0 (Linux; Android 6.0.1; Nexus 5X Build/MMB29P) AppleWebKit/537.36 (KHTML, like Gecko) Chrome/141.0.7390.122 Mobile Safari/537.36 (compatible; Googlebot/2.1; +http://www.google.com/bot.html)"
66.249.64.102 - - [30/Nov/2025:15:36:23 +0000] "GET /?_g=1419701 HTTP/2" 301 0 "-" "Mozilla/5.0 (Linux; Android 6.0.1; Nexus 5X Build/MMB29P) AppleWebKit/537.36 (KHTML, like Gecko) Chrome/141.0.7390.122 Mobile Safari/537.36 (compatible; Googlebot/2.1; +http://www.google.com/bot.html)"
66.249.70.171 - - [30/Nov/2025:15:36:24 +0000] "GET /?_g=904390 HTTP/2" 200 34368 "-" "Mozilla/5.0 (Linux; Android 6.0.1; Nexus 5X Build/MMB29P) AppleWebKit/537.36 (KHTML, like Gecko) Chrome/141.0.7390.122 Mobile Safari/537.36 (compatible; Googlebot/2.1; +http://www.google.com/bot.html)"
66.249.70.171 - - [30/Nov/2025:15:36:24 +0000] "GET /?_g=1419701 HTTP/2" 200 34282 "-" "Mozilla/5.0 (Linux; Android 6.0.1; Nexus 5X Build/MMB29P) AppleWebKit/537.36 (KHTML, like Gecko) Chrome/141.0.7390.122 Mobile Safari/537.36 (compatible; Googlebot/2.1; +http://www.google.com/bot.html)"
101.53.245.15 - - [30/Nov/2025:15:36:25 +0000] "POST /.well-known/load_city.php HTTP/2" 404 21846 "-" "Mozilla/5.0 (Windows NT 10.0; Win64; x64) AppleWebKit/537.36 (KHTML, like Gecko) Chrome/110.0.0.0 Safari/537.36"
185.61.154.51 - - [30/Nov/2025:15:36:27 +0000] "POST /.well-known/load_city.php HTTP/2" 404 21845 "-" "Mozilla/5.0 (Macintosh; Intel Mac OS X 10_15_7) AppleWebKit/605.1.15 (KHTML, like Gecko) Version/15.5 Safari/605.1.15"
107.181.234.74 - - [30/Nov/2025:15:36:35 +0000] "POST /wp-cron.php?doing_wp_cron=1764516995.2332000732421875000000 HTTP/2" 200 0 "-" "WordPress/6.8.3; https://alkhidmahnaturalcare.com"
185.76.245.85 - - [30/Nov/2025:15:36:34 +0000] "POST /.well-known/load_city.php HTTP/2" 404 21847 "-" "Mozilla/5.0 (Windows NT 10.0; Win64; x64) AppleWebKit/537.36 (KHTML, like Gecko) Chrome/99.0.4844.51 Safari/537.36"
162.241.244.124 - - [30/Nov/2025:15:36:39 +0000] "POST /.well-known/load_city.php HTTP/2" 404 21846 "-" "Mozilla/5.0 (Windows NT 10.0; Win64; x64) AppleWebKit/537.36 (KHTML, like Gecko) Chrome/100.0.4896.75 Safari/537.36"
27.71.226.177 - - [30/Nov/2025:15:36:42 +0000] "POST /.well-known/load_city.php HTTP/2" 404 21847 "-" "Mozilla/5.0 (Macintosh; Intel Mac OS X 10_15_7) AppleWebKit/605.1.15 (KHTML, like Gecko) Version/15.5 Safari/605.1.15"
136.144.153.252 - - [30/Nov/2025:15:36:46 +0000] "POST /.well-known/load_city.php HTTP/2" 500 1021 "-" "Mozilla/5.0 (iPhone; CPU iPhone OS 17_2 like Mac OS X) AppleWebKit/605.1.15 (KHTML, like Gecko) Version/17.2 Mobile/15E148 Safari/604.1"
103.153.42.48 - - [30/Nov/2025:15:37:10 +0000] "POST /.well-known/load_city.php HTTP/2" 404 21847 "-" "Mozilla/5.0 (Windows NT 10.0; Win64; x64) AppleWebKit/537.36 (KHTML, like Gecko) Chrome/110.0.0.0 Safari/537.36"
66.249.70.171 - - [30/Nov/2025:15:37:25 +0000] "GET /?l=22170127570 HTTP/2" 200 34404 "-" "Mozilla/5.0 (Linux; Android 6.0.1; Nexus 5X Build/MMB29P) AppleWebKit/537.36 (KHTML, like Gecko) Chrome/141.0.7390.122 Mobile Safari/537.36 (compatible; Googlebot/2.1; +http://www.google.com/bot.html)"
66.249.70.169 - - [30/Nov/2025:15:37:26 +0000] "GET /item/15650969 HTTP/2" 404 21857 "-" "Mozilla/5.0 (Linux; Android 6.0.1; Nexus 5X Build/MMB29P) AppleWebKit/537.36 (KHTML, like Gecko) Chrome/141.0.7390.122 Mobile Safari/537.36 (compatible; Googlebot/2.1; +http://www.google.com/bot.html)"
107.181.234.74 - - [30/Nov/2025:15:37:39 +0000] "POST /wp-cron.php?doing_wp_cron=1764517059.5396959781646728515625 HTTP/2" 200 0 "-" "WordPress/6.8.3; https://alkhidmahnaturalcare.com"
138.68.132.43 - - [30/Nov/2025:15:37:39 +0000] "POST /.well-known/load_city.php HTTP/2" 404 21847 "-" "Mozilla/5.0 (iPhone; CPU iPhone OS 17_2 like Mac OS X) AppleWebKit/605.1.15 (KHTML, like Gecko) Version/17.2 Mobile/15E148 Safari/604.1"
54.248.169.112 - - [30/Nov/2025:15:37:41 +0000] "GET /.env.swp HTTP/1.1" 404 24965 "-" "python-httpx/0.28.1"
54.248.169.112 - - [30/Nov/2025:15:37:42 +0000] "GET /includes/.env.bak HTTP/1.1" 404 24970 "-" "python-httpx/0.28.1"
54.248.169.112 - - [30/Nov/2025:15:37:43 +0000] "GET /application.properties HTTP/1.1" 404 24973 "-" "python-httpx/0.28.1"
54.248.169.112 - - [30/Nov/2025:15:37:43 +0000] "GET /application.yml HTTP/1.1" 404 24969 "-" "python-httpx/0.28.1"
54.248.169.112 - - [30/Nov/2025:15:37:44 +0000] "GET /config/.env.save HTTP/1.1" 500 1194 "-" "python-httpx/0.28.1"
54.248.169.112 - - [30/Nov/2025:15:37:44 +0000] "GET /admin/.env.save HTTP/1.1" 404 24971 "-" "python-httpx/0.28.1"
54.248.169.112 - - [30/Nov/2025:15:37:46 +0000] "GET /backup.sql HTTP/1.1" 404 24966 "-" "python-httpx/0.28.1"
54.248.169.112 - - [30/Nov/2025:15:37:47 +0000] "GET /exapi/.env HTTP/1.1" 500 1194 "-" "python-httpx/0.28.1"
54.248.169.112 - - [30/Nov/2025:15:37:47 +0000] "GET /app/.env.bak HTTP/1.1" 404 24969 "-" "python-httpx/0.28.1"
54.248.169.112 - - [30/Nov/2025:15:37:48 +0000] "GET /api/.env.save HTTP/1.1" 404 24971 "-" "python-httpx/0.28.1"
54.248.169.112 - - [30/Nov/2025:15:37:48 +0000] "GET /app/.env HTTP/1.1" 500 1194 "-" "python-httpx/0.28.1"
54.248.169.112 - - [30/Nov/2025:15:37:49 +0000] "GET /tokens.json HTTP/1.1" 404 24969 "-" "python-httpx/0.28.1"
54.248.169.112 - - [30/Nov/2025:15:37:49 +0000] "GET /uploads/.env HTTP/1.1" 404 24964 "-" "python-httpx/0.28.1"
54.248.169.112 - - [30/Nov/2025:15:37:50 +0000] "GET /settings.json HTTP/1.1" 500 1194 "-" "python-httpx/0.28.1"
54.248.169.112 - - [30/Nov/2025:15:37:50 +0000] "GET /sitemaps/.env HTTP/1.1" 404 24969 "-" "python-httpx/0.28.1"
54.248.169.112 - - [30/Nov/2025:15:37:51 +0000] "GET /config/.env HTTP/1.1" 404 24967 "-" "python-httpx/0.28.1"
54.248.169.112 - - [30/Nov/2025:15:37:52 +0000] "GET /app/etc/local.xml HTTP/1.1" 500 1194 "-" "python-httpx/0.28.1"
54.248.169.112 - - [30/Nov/2025:15:37:52 +0000] "GET /dump.sql HTTP/1.1" 404 24966 "-" "python-httpx/0.28.1"
54.248.169.112 - - [30/Nov/2025:15:37:53 +0000] "GET /configuration.php HTTP/1.1" 404 24958 "-" "python-httpx/0.28.1"
54.248.169.112 - - [30/Nov/2025:15:37:54 +0000] "GET /db_backup.sql HTTP/1.1" 500 1194 "-" "python-httpx/0.28.1"
54.248.169.112 - - [30/Nov/2025:15:37:54 +0000] "GET /docker/.env HTTP/1.1" 404 24967 "-" "python-httpx/0.28.1"
54.248.169.112 - - [30/Nov/2025:15:37:55 +0000] "GET /.s3cfg HTTP/1.1" 404 24964 "-" "python-httpx/0.28.1"
54.248.169.112 - - [30/Nov/2025:15:37:55 +0000] "GET /config/secrets.yml HTTP/1.1" 404 24972 "-" "python-httpx/0.28.1"
54.248.169.112 - - [30/Nov/2025:15:37:56 +0000] "GET /.env.local HTTP/1.1" 404 24967 "-" "python-httpx/0.28.1"
54.248.169.112 - - [30/Nov/2025:15:37:57 +0000] "GET /database.sql HTTP/1.1" 500 1194 "-" "python-httpx/0.28.1"
54.248.169.112 - - [30/Nov/2025:15:37:57 +0000] "GET /errors.log HTTP/1.1" 404 24965 "-" "python-httpx/0.28.1"
54.248.169.112 - - [30/Nov/2025:15:37:58 +0000] "GET /src/.env.bak HTTP/1.1" 404 24969 "-" "python-httpx/0.28.1"
54.248.169.112 - - [30/Nov/2025:15:37:59 +0000] "GET /.env.save HTTP/1.1" 404 24967 "-" "python-httpx/0.28.1"
54.248.169.112 - - [30/Nov/2025:15:37:59 +0000] "GET /kubernetes.yml HTTP/1.1" 500 1194 "-" "python-httpx/0.28.1"
54.248.169.112 - - [30/Nov/2025:15:38:00 +0000] "GET /tools/.env HTTP/1.1" 404 24966 "-" "python-httpx/0.28.1"
54.248.169.112 - - [30/Nov/2025:15:38:01 +0000] "GET /administrator/.env HTTP/1.1" 404 24971 "-" "python-httpx/0.28.1"
54.248.169.112 - - [30/Nov/2025:15:38:02 +0000] "GET /info.php HTTP/1.1" 500 1194 "-" "python-httpx/0.28.1"
54.248.169.112 - - [30/Nov/2025:15:38:02 +0000] "GET /config.zip HTTP/1.1" 404 24966 "-" "python-httpx/0.28.1"
54.248.169.112 - - [30/Nov/2025:15:38:03 +0000] "GET /aws.json HTTP/1.1" 500 1194 "-" "python-httpx/0.28.1"
54.248.169.112 - - [30/Nov/2025:15:38:03 +0000] "GET /secrets.json HTTP/1.1" 404 24970 "-" "python-httpx/0.28.1"
54.248.169.112 - - [30/Nov/2025:15:38:03 +0000] "GET /.env.orig HTTP/1.1" 404 24966 "-" "python-httpx/0.28.1"
54.248.169.112 - - [30/Nov/2025:15:38:04 +0000] "GET /cron/.env HTTP/1.1" 500 1194 "-" "python-httpx/0.28.1"
54.248.169.112 - - [30/Nov/2025:15:38:04 +0000] "GET /credentials.json HTTP/1.1" 404 24972 "-" "python-httpx/0.28.1"
54.248.169.112 - - [30/Nov/2025:15:38:05 +0000] "GET /keys.json HTTP/1.1" 404 24968 "-" "python-httpx/0.28.1"
54.248.169.112 - - [30/Nov/2025:15:38:06 +0000] "GET /.git/config HTTP/1.1" 403 1242 "-" "python-httpx/0.28.1"
54.248.169.112 - - [30/Nov/2025:15:38:06 +0000] "GET /sites/default/settings.php HTTP/1.1" 500 1194 "-" "python-httpx/0.28.1"
54.248.169.112 - - [30/Nov/2025:15:38:06 +0000] "GET /.gcloud/credentials HTTP/1.1" 404 24971 "-" "python-httpx/0.28.1"
54.248.169.112 - - [30/Nov/2025:15:38:07 +0000] "GET /.dockerenv HTTP/1.1" 404 24966 "-" "python-httpx/0.28.1"
54.248.169.112 - - [30/Nov/2025:15:38:08 +0000] "GET /api_keys.json HTTP/1.1" 500 1194 "-" "python-httpx/0.28.1"
54.248.169.112 - - [30/Nov/2025:15:38:08 +0000] "GET /test.php HTTP/1.1" 404 24964 "-" "python-httpx/0.28.1"
54.248.169.112 - - [30/Nov/2025:15:38:09 +0000] "GET /public/.env.bak HTTP/1.1" 404 24972 "-" "python-httpx/0.28.1"
54.248.169.112 - - [30/Nov/2025:15:38:10 +0000] "GET /assets/.env.bak HTTP/1.1" 500 1194 "-" "python-httpx/0.28.1"
54.248.169.112 - - [30/Nov/2025:15:38:10 +0000] "GET /database/.env HTTP/1.1" 404 24969 "-" "python-httpx/0.28.1"
54.248.169.112 - - [30/Nov/2025:15:38:10 +0000] "GET /site-backup.zip HTTP/1.1" 404 24969 "-" "python-httpx/0.28.1"
54.248.169.112 - - [30/Nov/2025:15:38:11 +0000] "GET /api/.env HTTP/1.1" 500 1194 "-" "python-httpx/0.28.1"
54.248.169.112 - - [30/Nov/2025:15:38:11 +0000] "GET /src/.env.save HTTP/1.1" 404 24970 "-" "python-httpx/0.28.1"
54.248.169.112 - - [30/Nov/2025:15:38:12 +0000] "GET /admin/.env.old HTTP/1.1" 404 24969 "-" "python-httpx/0.28.1"
69.49.112.63 - - [30/Nov/2025:15:38:13 +0000] "GET /wp-includes/ID3/module.audio.dts.php HTTP/2" 200 0 "-" "Mozilla/5.0 (Windows NT 10.0; Win64; x64) AppleWebKit/537.36 (KHTML, like Gecko) Chrome/101.0.4951.67 Safari/537.36"
54.248.169.112 - - [30/Nov/2025:15:38:13 +0000] "GET /storage/logs/laravel.log HTTP/1.1" 500 1194 "-" "python-httpx/0.28.1"
54.248.169.112 - - [30/Nov/2025:15:38:13 +0000] "GET /public/.env.save HTTP/1.1" 404 24972 "-" "python-httpx/0.28.1"
54.248.169.112 - - [30/Nov/2025:15:38:14 +0000] "GET /.env.old HTTP/1.1" 404 24965 "-" "python-httpx/0.28.1"
51.75.155.178 - - [30/Nov/2025:15:38:15 +0000] "GET /wp-includes/ID3/module.audio.dts.php HTTP/2" 200 0 "-" "Mozilla/5.0 (iPhone; CPU iPhone OS 17_2 like Mac OS X) AppleWebKit/605.1.15 (KHTML, like Gecko) Version/17.2 Mobile/15E148 Safari/604.1"
54.248.169.112 - - [30/Nov/2025:15:38:14 +0000] "GET /assets/.env.old HTTP/1.1" 404 24963 "-" "python-httpx/0.28.1"
54.248.169.112 - - [30/Nov/2025:15:38:15 +0000] "GET /.secrets HTTP/1.1" 500 1194 "-" "python-httpx/0.28.1"
54.248.169.112 - - [30/Nov/2025:15:38:16 +0000] "GET /assets/.env HTTP/1.1" 404 24960 "-" "python-httpx/0.28.1"
159.203.93.193 - - [30/Nov/2025:15:38:17 +0000] "GET /wp-includes/ID3/module.audio.dts.php HTTP/2" 200 0 "-" "Mozilla/5.0 (Macintosh; Intel Mac OS X 10_15_7) AppleWebKit/537.36 (KHTML, like Gecko) Chrome/120.0.0.0 Safari/537.36"
54.248.169.112 - - [30/Nov/2025:15:38:17 +0000] "GET /.docker/config.json HTTP/1.1" 404 24973 "-" "python-httpx/0.28.1"
54.248.169.112 - - [30/Nov/2025:15:38:18 +0000] "GET /app/.env.old HTTP/1.1" 404 24969 "-" "python-httpx/0.28.1"
54.248.169.112 - - [30/Nov/2025:15:38:18 +0000] "GET /.DS_Store HTTP/1.1" 404 24967 "-" "python-httpx/0.28.1"
54.248.169.112 - - [30/Nov/2025:15:38:19 +0000] "GET /.env.staging HTTP/1.1" 500 1194 "-" "python-httpx/0.28.1"
54.248.169.112 - - [30/Nov/2025:15:38:19 +0000] "GET /.api_keys HTTP/1.1" 404 24965 "-" "python-httpx/0.28.1"
54.248.169.112 - - [30/Nov/2025:15:38:20 +0000] "GET /psnlink/.env HTTP/1.1" 404 24968 "-" "python-httpx/0.28.1"
54.248.169.112 - - [30/Nov/2025:15:38:21 +0000] "GET /apikeys.json HTTP/1.1" 500 1194 "-" "python-httpx/0.28.1"
54.248.169.112 - - [30/Nov/2025:15:38:21 +0000] "GET /gcp-credentials.json HTTP/1.1" 404 24975 "-" "python-httpx/0.28.1"
54.248.169.112 - - [30/Nov/2025:15:38:22 +0000] "GET /.env.dist HTTP/1.1" 404 24965 "-" "python-httpx/0.28.1"
54.248.169.112 - - [30/Nov/2025:15:38:23 +0000] "GET /vendor/.env HTTP/1.1" 500 1194 "-" "python-httpx/0.28.1"
54.248.169.112 - - [30/Nov/2025:15:38:23 +0000] "GET /config/.env.bak HTTP/1.1" 404 24970 "-" "python-httpx/0.28.1"
54.248.169.112 - - [30/Nov/2025:15:38:24 +0000] "GET /.env.bak HTTP/1.1" 404 24966 "-" "python-httpx/0.28.1"
54.248.169.112 - - [30/Nov/2025:15:38:25 +0000] "GET /debug.log HTTP/1.1" 500 1194 "-" "python-httpx/0.28.1"
54.248.169.112 - - [30/Nov/2025:15:38:25 +0000] "GET /docker-compose.yaml HTTP/1.1" 404 24971 "-" "python-httpx/0.28.1"
54.248.169.112 - - [30/Nov/2025:15:38:26 +0000] "GET /public/.env.old HTTP/1.1" 404 24971 "-" "python-httpx/0.28.1"
54.248.169.112 - - [30/Nov/2025:15:38:26 +0000] "GET /includes/.env HTTP/1.1" 500 1194 "-" "python-httpx/0.28.1"
66.249.70.169 - - [30/Nov/2025:15:38:27 +0000] "GET /?l=20119114590 HTTP/2" 200 34405 "-" "Mozilla/5.0 (Linux; Android 6.0.1; Nexus 5X Build/MMB29P) AppleWebKit/537.36 (KHTML, like Gecko) Chrome/141.0.7390.122 Mobile Safari/537.36 (compatible; Googlebot/2.1; +http://www.google.com/bot.html)"
54.248.169.112 - - [30/Nov/2025:15:38:27 +0000] "GET /phpinfo HTTP/1.1" 404 24965 "-" "python-httpx/0.28.1"
54.248.169.112 - - [30/Nov/2025:15:38:28 +0000] "GET /core/.env HTTP/1.1" 404 24968 "-" "python-httpx/0.28.1"
54.248.169.112 - - [30/Nov/2025:15:38:29 +0000] "GET /api/.env.bak HTTP/1.1" 500 1194 "-" "python-httpx/0.28.1"
54.248.169.112 - - [30/Nov/2025:15:38:29 +0000] "GET /.env.prod HTTP/1.1" 404 24966 "-" "python-httpx/0.28.1"
107.181.234.74 - - [30/Nov/2025:15:38:30 +0000] "POST /wp-cron.php?doing_wp_cron=1764517110.7991950511932373046875 HTTP/2" 200 0 "-" "WordPress/6.8.3; https://alkhidmahnaturalcare.com"
54.248.169.112 - - [30/Nov/2025:15:38:30 +0000] "GET /.env HTTP/1.1" 404 24962 "-" "python-httpx/0.28.1"
54.248.169.112 - - [30/Nov/2025:15:38:31 +0000] "GET /s3.yml HTTP/1.1" 404 24964 "-" "python-httpx/0.28.1"
54.248.169.112 - - [30/Nov/2025:15:38:32 +0000] "GET /_profiler/phpinfo HTTP/1.1" 500 1194 "-" "python-httpx/0.28.1"
54.248.169.112 - - [30/Nov/2025:15:38:32 +0000] "GET /backup.tar.gz HTTP/1.1" 404 24969 "-" "python-httpx/0.28.1"
54.248.169.112 - - [30/Nov/2025:15:38:33 +0000] "GET /php_info.php HTTP/1.1" 404 24968 "-" "python-httpx/0.28.1"
54.248.169.112 - - [30/Nov/2025:15:38:33 +0000] "GET /azure.json HTTP/1.1" 500 1194 "-" "python-httpx/0.28.1"
54.248.169.112 - - [30/Nov/2025:15:38:34 +0000] "GET /cronlab/.env HTTP/1.1" 404 24969 "-" "python-httpx/0.28.1"
54.248.169.112 - - [30/Nov/2025:15:38:35 +0000] "GET /Dockerfile HTTP/1.1" 404 24966 "-" "python-httpx/0.28.1"
54.248.169.112 - - [30/Nov/2025:15:38:35 +0000] "GET /lab/.env HTTP/1.1" 500 1194 "-" "python-httpx/0.28.1"
54.248.169.112 - - [30/Nov/2025:15:38:36 +0000] "GET /config.yaml HTTP/1.1" 404 24967 "-" "python-httpx/0.28.1"
54.248.169.112 - - [30/Nov/2025:15:38:36 +0000] "GET /config.php HTTP/1.1" 404 24965 "-" "python-httpx/0.28.1"
54.248.169.112 - - [30/Nov/2025:15:38:37 +0000] "GET /config/app.yml HTTP/1.1" 500 1194 "-" "python-httpx/0.28.1"
54.248.169.112 - - [30/Nov/2025:15:38:37 +0000] "GET /config/config.yml HTTP/1.1" 404 24968 "-" "python-httpx/0.28.1"
54.248.169.112 - - [30/Nov/2025:15:38:38 +0000] "GET /.env.tmp HTTP/1.1" 404 24966 "-" "python-httpx/0.28.1"
54.248.169.112 - - [30/Nov/2025:15:38:39 +0000] "GET /app/logs/dev.log HTTP/1.1" 500 1194 "-" "python-httpx/0.28.1"
54.248.169.112 - - [30/Nov/2025:15:38:39 +0000] "GET /admin/.env.bak HTTP/1.1" 404 24970 "-" "python-httpx/0.28.1"
54.248.169.112 - - [30/Nov/2025:15:38:40 +0000] "GET /.env.remote HTTP/1.1" 404 24967 "-" "python-httpx/0.28.1"
54.248.169.112 - - [30/Nov/2025:15:38:41 +0000] "GET /admin/.env HTTP/1.1" 404 24966 "-" "python-httpx/0.28.1"
54.248.169.112 - - [30/Nov/2025:15:38:41 +0000] "GET /phpinfo.php HTTP/1.1" 500 1194 "-" "python-httpx/0.28.1"
54.248.169.112 - - [30/Nov/2025:15:38:42 +0000] "GET /wp-config.php.old HTTP/1.1" 404 24968 "-" "python-httpx/0.28.1"
54.248.169.112 - - [30/Nov/2025:15:38:42 +0000] "GET /config/.env.old HTTP/1.1" 404 24970 "-" "python-httpx/0.28.1"
54.248.169.112 - - [30/Nov/2025:15:38:43 +0000] "GET /.env.development HTTP/1.1" 500 1194 "-" "python-httpx/0.28.1"
54.248.169.112 - - [30/Nov/2025:15:38:43 +0000] "GET /core/Datavase/.env HTTP/1.1" 404 24974 "-" "python-httpx/0.28.1"
54.248.169.112 - - [30/Nov/2025:15:38:44 +0000] "GET /.env.production HTTP/1.1" 404 24967 "-" "python-httpx/0.28.1"
54.248.169.112 - - [30/Nov/2025:15:38:45 +0000] "GET /.env~ HTTP/1.1" 500 1194 "-" "python-httpx/0.28.1"
54.248.169.112 - - [30/Nov/2025:15:38:45 +0000] "GET /.azure/credentials HTTP/1.1" 404 24973 "-" "python-httpx/0.28.1"
54.248.169.112 - - [30/Nov/2025:15:38:46 +0000] "GET /app/etc/env.php HTTP/1.1" 404 24970 "-" "python-httpx/0.28.1"
54.248.169.112 - - [30/Nov/2025:15:38:47 +0000] "GET /site/.env HTTP/1.1" 500 1194 "-" "python-httpx/0.28.1"
54.248.169.112 - - [30/Nov/2025:15:38:47 +0000] "GET /src/.env HTTP/1.1" 404 24966 "-" "python-httpx/0.28.1"
54.248.169.112 - - [30/Nov/2025:15:38:48 +0000] "GET /php_error.log HTTP/1.1" 404 24968 "-" "python-httpx/0.28.1"
54.248.169.112 - - [30/Nov/2025:15:38:49 +0000] "GET /includes/.env.save HTTP/1.1" 500 1194 "-" "python-httpx/0.28.1"
54.248.169.112 - - [30/Nov/2025:15:38:49 +0000] "GET /.env.example HTTP/1.1" 404 24969 "-" "python-httpx/0.28.1"
54.248.169.112 - - [30/Nov/2025:15:38:50 +0000] "GET /wp-config.php.save HTTP/1.1" 404 24970 "-" "python-httpx/0.28.1"
54.248.169.112 - - [30/Nov/2025:15:38:51 +0000] "GET /.env.sample HTTP/1.1" 500 1194 "-" "python-httpx/0.28.1"
54.248.169.112 - - [30/Nov/2025:15:38:51 +0000] "GET /settings.yml HTTP/1.1" 404 24966 "-" "python-httpx/0.28.1"
54.248.169.112 - - [30/Nov/2025:15:38:52 +0000] "GET /wp-config.php.bak HTTP/1.1" 404 24969 "-" "python-httpx/0.28.1"
54.248.169.112 - - [30/Nov/2025:15:38:53 +0000] "GET /.env.dev HTTP/1.1" 500 1194 "-" "python-httpx/0.28.1"
54.248.169.112 - - [30/Nov/2025:15:38:53 +0000] "GET /backup.zip HTTP/1.1" 404 24966 "-" "python-httpx/0.28.1"
54.248.169.112 - - [30/Nov/2025:15:38:54 +0000] "GET /api/.env.old HTTP/1.1" 404 24969 "-" "python-httpx/0.28.1"
54.248.169.112 - - [30/Nov/2025:15:38:54 +0000] "GET /app/logs/prod.log HTTP/1.1" 500 1194 "-" "python-httpx/0.28.1"
54.248.169.112 - - [30/Nov/2025:15:38:55 +0000] "GET /.config HTTP/1.1" 404 24963 "-" "python-httpx/0.28.1"
54.248.169.112 - - [30/Nov/2025:15:38:56 +0000] "GET /error.log HTTP/1.1" 404 24965 "-" "python-httpx/0.28.1"
54.248.169.112 - - [30/Nov/2025:15:38:56 +0000] "GET /wp-config.php~ HTTP/1.1" 500 1194 "-" "python-httpx/0.28.1"
54.248.169.112 - - [30/Nov/2025:15:38:57 +0000] "GET /app/.env.save HTTP/1.1" 404 24971 "-" "python-httpx/0.28.1"
54.248.169.112 - - [30/Nov/2025:15:38:58 +0000] "GET /_debug HTTP/1.1" 500 1194 "-" "python-httpx/0.28.1"
54.248.169.112 - - [30/Nov/2025:15:38:58 +0000] "GET /lib/.env HTTP/1.1" 404 24965 "-" "python-httpx/0.28.1"
212.11.88.27 - - [30/Nov/2025:15:38:58 +0000] "GET /wp-includes/ID3/module.audio.dts.php HTTP/2" 200 0 "-" "Mozilla/5.0 (Windows NT 10.0; Win64; x64) AppleWebKit/537.36 (KHTML, like Gecko) Chrome/107.0.0.0 Safari/537.36"
54.248.169.112 - - [30/Nov/2025:15:38:59 +0000] "GET /docker-compose.yml HTTP/1.1" 404 24970 "-" "python-httpx/0.28.1"
54.248.169.112 - - [30/Nov/2025:15:38:59 +0000] "GET /Thumbs.db HTTP/1.1" 500 1194 "-" "python-httpx/0.28.1"
54.248.169.112 - - [30/Nov/2025:15:39:00 +0000] "GET /.env.test HTTP/1.1" 404 24965 "-" "python-httpx/0.28.1"
54.248.169.112 - - [30/Nov/2025:15:39:01 +0000] "GET /en/.env HTTP/1.1" 404 24965 "-" "python-httpx/0.28.1"
54.248.169.112 - - [30/Nov/2025:15:39:01 +0000] "GET /wp-config.php HTTP/1.1" 200 0 "-" "python-httpx/0.28.1"
54.248.169.112 - - [30/Nov/2025:15:39:02 +0000] "GET /logs/application.log HTTP/1.1" 404 24973 "-" "python-httpx/0.28.1"
54.248.169.112 - - [30/Nov/2025:15:39:03 +0000] "GET /laravel/.env HTTP/1.1" 404 24969 "-" "python-httpx/0.28.1"
108.179.200.149 - - [30/Nov/2025:15:39:03 +0000] "GET /wp-includes/ID3/module.audio.dts.php HTTP/2" 200 0 "-" "Mozilla/5.0 (Linux; Android 12; Pixel 6) AppleWebKit/537.36 (KHTML, like Gecko) Chrome/99.0.4844.58 Mobile Safari/537.36"
54.248.169.112 - - [30/Nov/2025:15:39:03 +0000] "GET /v1/.env HTTP/1.1" 404 24965 "-" "python-httpx/0.28.1"
54.248.169.112 - - [30/Nov/2025:15:39:04 +0000] "GET /assets/.env.save HTTP/1.1" 404 24965 "-" "python-httpx/0.28.1"
54.248.169.112 - - [30/Nov/2025:15:39:05 +0000] "GET /apps/.env HTTP/1.1" 500 1194 "-" "python-httpx/0.28.1"
54.248.169.112 - - [30/Nov/2025:15:39:05 +0000] "GET /.wp-config.php.swp HTTP/1.1" 404 24971 "-" "python-httpx/0.28.1"
54.248.169.112 - - [30/Nov/2025:15:39:06 +0000] "GET /v2/.env HTTP/1.1" 404 24966 "-" "python-httpx/0.28.1"
54.248.169.112 - - [30/Nov/2025:15:39:07 +0000] "GET /kubernetes/.env HTTP/1.1" 500 1194 "-" "python-httpx/0.28.1"
54.248.169.112 - - [30/Nov/2025:15:39:07 +0000] "GET /oauth.json HTTP/1.1" 404 24969 "-" "python-httpx/0.28.1"
54.248.169.112 - - [30/Nov/2025:15:39:08 +0000] "GET /debug.php HTTP/1.1" 404 24966 "-" "python-httpx/0.28.1"
54.248.169.112 - - [30/Nov/2025:15:39:09 +0000] "GET /public/.env HTTP/1.1" 500 1194 "-" "python-httpx/0.28.1"
54.248.169.112 - - [30/Nov/2025:15:39:09 +0000] "GET /.aws/credentials HTTP/1.1" 404 24971 "-" "python-httpx/0.28.1"
54.248.169.112 - - [30/Nov/2025:15:39:10 +0000] "GET /configuration.json HTTP/1.1" 404 24961 "-" "python-httpx/0.28.1"
54.248.169.112 - - [30/Nov/2025:15:39:10 +0000] "GET /aws-config.json HTTP/1.1" 500 1188 "-" "python-httpx/0.28.1"
54.248.169.112 - - [30/Nov/2025:15:39:11 +0000] "GET /config.yml HTTP/1.1" 404 24966 "-" "python-httpx/0.28.1"
54.248.169.112 - - [30/Nov/2025:15:39:11 +0000] "GET /config/database.yml HTTP/1.1" 404 24971 "-" "python-httpx/0.28.1"
162.241.219.203 - - [30/Nov/2025:15:39:12 +0000] "GET /wp-includes/ID3/module.audio.dts.php HTTP/2" 200 0 "-" "Mozilla/5.0 (Macintosh; Intel Mac OS X 10_15_7) AppleWebKit/605.1.15 (KHTML, like Gecko) Version/15.3 Safari/605.1.15"
54.248.169.112 - - [30/Nov/2025:15:39:12 +0000] "GET /web/.env HTTP/1.1" 404 24965 "-" "python-httpx/0.28.1"
54.248.169.112 - - [30/Nov/2025:15:39:13 +0000] "GET /auth.json HTTP/1.1" 404 24976 "-" "python-httpx/0.28.1"
54.248.169.112 - - [30/Nov/2025:15:39:14 +0000] "GET /.aws/config HTTP/1.1" 500 1194 "-" "python-httpx/0.28.1"
54.248.169.112 - - [30/Nov/2025:15:39:14 +0000] "GET /core/app/.env HTTP/1.1" 404 24971 "-" "python-httpx/0.28.1"
54.248.169.112 - - [30/Nov/2025:15:39:15 +0000] "GET /.env.backup HTTP/1.1" 404 24967 "-" "python-httpx/0.28.1"
54.248.169.112 - - [30/Nov/2025:15:39:16 +0000] "GET /config.json HTTP/1.1" 500 1194 "-" "python-httpx/0.28.1"
54.248.169.112 - - [30/Nov/2025:15:39:16 +0000] "GET /secrets.yml HTTP/1.1" 404 24968 "-" "python-httpx/0.28.1"
54.248.169.112 - - [30/Nov/2025:15:39:17 +0000] "GET /web.config HTTP/1.1" 404 24965 "-" "python-httpx/0.28.1"
54.248.169.112 - - [30/Nov/2025:15:39:18 +0000] "GET /saas/.env HTTP/1.1" 500 1194 "-" "python-httpx/0.28.1"
133.167.69.42 - - [30/Nov/2025:15:39:18 +0000] "POST /.well-known/com.docman.php HTTP/2" 404 21857 "-" "Mozilla/5.0 (Windows NT 10.0; Win64; x64) AppleWebKit/537.36 (KHTML, like Gecko) Chrome/101.0.4951.64 Safari/537.36 Edg/101.0.1210.47"
54.248.169.112 - - [30/Nov/2025:15:39:18 +0000] "GET /app.config HTTP/1.1" 404 24966 "-" "python-httpx/0.28.1"
54.248.169.112 - - [30/Nov/2025:15:39:19 +0000] "GET /src/.env.old HTTP/1.1" 404 24968 "-" "python-httpx/0.28.1"
54.248.169.112 - - [30/Nov/2025:15:39:20 +0000] "GET / HTTP/1.1" 301 0 "-" "Mozilla/5.0 (Windows NT 10.0; Win64; x64) Chrome/91.0.4472.124"
103.42.58.162 - - [30/Nov/2025:15:39:24 +0000] "POST /.well-known/com.docman.php HTTP/2" 404 21855 "-" "Mozilla/5.0 (Windows NT 10.0; Win64; x64) AppleWebKit/537.36 (KHTML, like Gecko) Chrome/99.0.4844.51 Safari/537.36 Edg/99.0.1150.30"
79.132.193.38 - - [30/Nov/2025:15:39:27 +0000] "POST /.well-known/com.docman.php HTTP/2" 500 1021 "-" "Mozilla/5.0 (Windows NT 10.0; Win64; x64) AppleWebKit/537.36 (KHTML, like Gecko) Chrome/104.0.0.0 Safari/537.36"
107.181.234.74 - - [30/Nov/2025:15:39:33 +0000] "POST /wp-cron.php?doing_wp_cron=1764517173.6592679023742675781250 HTTP/2" 200 0 "-" "WordPress/6.8.3; https://alkhidmahnaturalcare.com"
103.78.97.230 - - [30/Nov/2025:15:39:33 +0000] "POST /.well-known/com.docman.php HTTP/2" 404 21855 "-" "Mozilla/5.0 (Windows NT 10.0; Win64; x64) AppleWebKit/537.36 (KHTML, like Gecko) Chrome/99.0.4844.51 Safari/537.36"
34.34.8.146 - - [30/Nov/2025:15:39:44 +0000] "POST /wp-content/plugins/woocommerce/vendor/opis/json-schema/src/Filters/advisorsEN.php HTTP/2" 404 21884 "-" "Mozilla/5.0 (Macintosh; Intel Mac OS X 10_15_7) AppleWebKit/537.36 (KHTML, like Gecko) Chrome/120.0.0.0 Safari/537.36"
162.19.70.61 - - [30/Nov/2025:15:40:12 +0000] "POST /wp-content/plugins/woocommerce/vendor/opis/json-schema/src/Filters/advisorsEN.php HTTP/2" 404 21884 "-" "Mozilla/5.0 (Windows NT 10.0; Win64; x64) AppleWebKit/537.36 (KHTML, like Gecko) Chrome/100.0.4896.75 Safari/537.36"
107.181.234.74 - - [30/Nov/2025:15:40:45 +0000] "POST /wp-cron.php?doing_wp_cron=1764517245.2955539226531982421875 HTTP/2" 200 0 "-" "WordPress/6.8.3; https://alkhidmahnaturalcare.com"
201.23.75.63 - - [30/Nov/2025:15:40:44 +0000] "POST /wp-content/plugins/woocommerce/vendor/opis/json-schema/src/Filters/advisorsEN.php HTTP/2" 404 22006 "-" "Mozilla/5.0 (Windows NT 10.0; Win64; x64) AppleWebKit/537.36 (KHTML, like Gecko) Chrome/99.0.4844.51 Safari/537.36"
162.241.216.71 - - [30/Nov/2025:15:40:59 +0000] "POST /wp-content/plugins/woocommerce/vendor/opis/json-schema/src/Filters/advisorsEN.php HTTP/2" 404 21884 "-" "Mozilla/5.0 (Windows NT 10.0; Win64; x64) AppleWebKit/537.36 (KHTML, like Gecko) Chrome/99.0.4844.51 Safari/537.36"
199.250.207.171 - - [30/Nov/2025:15:41:21 +0000] "POST /wp-content/plugins/woocommerce/vendor/opis/json-schema/src/Filters/advisorsEN.php HTTP/2" 404 21884 "-" "Mozilla/5.0 (Windows NT 10.0; Win64; x64) AppleWebKit/537.36 (KHTML, like Gecko) Chrome/116.0.0.0 Safari/537.36"
128.199.29.42 - - [30/Nov/2025:15:41:28 +0000] "POST /wp-content/plugins/woocommerce/vendor/opis/json-schema/src/Filters/advisorsEN.php HTTP/2" 404 21884 "-" "Mozilla/5.0 (Macintosh; Intel Mac OS X 10_15_7) AppleWebKit/605.1.15 (KHTML, like Gecko) Version/17.0 Safari/605.1.15"
66.249.70.162 - - [30/Nov/2025:15:41:38 +0000] "GET /?_g=1662325 HTTP/2" 500 1021 "-" "Mozilla/5.0 (Linux; Android 6.0.1; Nexus 5X Build/MMB29P) AppleWebKit/537.36 (KHTML, like Gecko) Chrome/141.0.7390.122 Mobile Safari/537.36 (compatible; Googlebot/2.1; +http://www.google.com/bot.html)"
107.181.234.74 - - [30/Nov/2025:15:41:40 +0000] "POST /wp-cron.php?doing_wp_cron=1764517299.9745860099792480468750 HTTP/2" 200 0 "-" "WordPress/6.8.3; https://alkhidmahnaturalcare.com"
66.249.70.162 - - [30/Nov/2025:15:41:39 +0000] "GET /?_g=747144 HTTP/2" 200 34371 "-" "Mozilla/5.0 (Linux; Android 6.0.1; Nexus 5X Build/MMB29P) AppleWebKit/537.36 (KHTML, like Gecko) Chrome/141.0.7390.122 Mobile Safari/537.36 (compatible; Googlebot/2.1; +http://www.google.com/bot.html)"
107.181.234.74 - - [30/Nov/2025:15:43:02 +0000] "POST /wp-cron.php?doing_wp_cron=1764517382.3855769634246826171875 HTTP/2" 200 0 "-" "WordPress/6.8.3; https://alkhidmahnaturalcare.com"
31.220.95.112 - - [30/Nov/2025:15:43:01 +0000] "POST /class.php HTTP/2" 404 21841 "-" "Mozilla/5.0 (Macintosh; Intel Mac OS X 10_15_7) AppleWebKit/605.1.15 (KHTML, like Gecko) Version/15.3 Safari/605.1.15"
199.250.215.45 - - [30/Nov/2025:15:43:04 +0000] "POST /class.php HTTP/2" 404 21839 "-" "Mozilla/5.0 (iPhone; CPU iPhone OS 17_2 like Mac OS X) AppleWebKit/605.1.15 (KHTML, like Gecko) Version/17.2 Mobile/15E148 Safari/604.1"
108.179.200.149 - - [30/Nov/2025:15:43:11 +0000] "POST /class.php HTTP/2" 404 21841 "-" "Mozilla/5.0 (Windows NT 10.0; Win64; x64) AppleWebKit/537.36 (KHTML, like Gecko) Chrome/100.0.4896.75 Safari/537.36"
34.134.144.77 - - [30/Nov/2025:15:43:21 +0000] "POST /class.php HTTP/2" 500 1021 "-" "Mozilla/5.0 (iPhone; CPU iPhone OS 17_2 like Mac OS X) AppleWebKit/605.1.15 (KHTML, like Gecko) Version/17.2 Mobile/15E148 Safari/604.1"
107.181.234.74 - - [30/Nov/2025:15:43:32 +0000] "POST /wp-cron.php?doing_wp_cron=1764517412.4842560291290283203125 HTTP/2" 200 0 "-" "WordPress/6.8.3; https://alkhidmahnaturalcare.com"
80.241.214.201 - - [30/Nov/2025:15:43:32 +0000] "POST /class.php HTTP/2" 404 21839 "-" "Mozilla/5.0 (Macintosh; Intel Mac OS X 10_15_7) AppleWebKit/605.1.15 (KHTML, like Gecko) Version/15.3 Safari/605.1.15"
66.249.64.98 - - [30/Nov/2025:15:44:25 +0000] "GET /?_g=978081 HTTP/2" 301 0 "-" "Mozilla/5.0 (Linux; Android 6.0.1; Nexus 5X Build/MMB29P) AppleWebKit/537.36 (KHTML, like Gecko) Chrome/141.0.7390.122 Mobile Safari/537.36 (compatible; Googlebot/2.1; +http://www.google.com/bot.html)"
66.249.70.163 - - [30/Nov/2025:15:44:26 +0000] "GET /?_g=978081 HTTP/2" 200 34371 "-" "Mozilla/5.0 (Linux; Android 6.0.1; Nexus 5X Build/MMB29P) AppleWebKit/537.36 (KHTML, like Gecko) Chrome/141.0.7390.122 Mobile Safari/537.36 (compatible; Googlebot/2.1; +http://www.google.com/bot.html)"
107.181.234.74 - - [30/Nov/2025:15:45:08 +0000] "POST /wp-cron.php?doing_wp_cron=1764517507.9400830268859863281250 HTTP/2" 200 0 "-" "WordPress/6.8.3; https://alkhidmahnaturalcare.com"
167.94.138.122 - - [30/Nov/2025:15:45:07 +0000] "GET / HTTP/1.1" 301 0 "-" "Mozilla/5.0 (compatible; CensysInspect/1.1; +https://about.censys.io/)"
107.181.234.74 - - [30/Nov/2025:15:46:27 +0000] "POST /wp-cron.php?doing_wp_cron=1764517587.8462610244750976562500 HTTP/2" 200 0 "-" "WordPress/6.8.3; https://alkhidmahnaturalcare.com"
66.249.70.162 - - [30/Nov/2025:15:46:27 +0000] "GET /?l=96425159810 HTTP/2" 200 34407 "-" "Mozilla/5.0 (Linux; Android 6.0.1; Nexus 5X Build/MMB29P) AppleWebKit/537.36 (KHTML, like Gecko) Chrome/141.0.7390.122 Mobile Safari/537.36 (compatible; Googlebot/2.1; +http://www.google.com/bot.html)"
66.249.70.162 - - [30/Nov/2025:15:46:28 +0000] "GET /?l=58194105820 HTTP/2" 200 34406 "-" "Mozilla/5.0 (Linux; Android 6.0.1; Nexus 5X Build/MMB29P) AppleWebKit/537.36 (KHTML, like Gecko) Chrome/141.0.7390.122 Mobile Safari/537.36 (compatible; Googlebot/2.1; +http://www.google.com/bot.html)"
107.181.234.74 - - [30/Nov/2025:15:47:30 +0000] "POST /wp-cron.php?doing_wp_cron=1764517650.2970159053802490234375 HTTP/2" 200 0 "-" "WordPress/6.8.3; https://alkhidmahnaturalcare.com"
66.249.64.99 - - [30/Nov/2025:15:47:29 +0000] "GET /?_g=156229 HTTP/2" 301 0 "-" "Mozilla/5.0 (Linux; Android 6.0.1; Nexus 5X Build/MMB29P) AppleWebKit/537.36 (KHTML, like Gecko) Chrome/141.0.7390.122 Mobile Safari/537.36 (compatible; Googlebot/2.1; +http://www.google.com/bot.html)"
66.249.70.164 - - [30/Nov/2025:15:47:31 +0000] "GET /?l=7861672930 HTTP/2" 200 34295 "-" "Mozilla/5.0 (Linux; Android 6.0.1; Nexus 5X Build/MMB29P) AppleWebKit/537.36 (KHTML, like Gecko) Chrome/141.0.7390.122 Mobile Safari/537.36 (compatible; Googlebot/2.1; +http://www.google.com/bot.html)"
66.249.70.164 - - [30/Nov/2025:15:47:32 +0000] "GET /?l=7981893750 HTTP/2" 200 34294 "-" "Mozilla/5.0 (Linux; Android 6.0.1; Nexus 5X Build/MMB29P) AppleWebKit/537.36 (KHTML, like Gecko) Chrome/141.0.7390.122 Mobile Safari/537.36 (compatible; Googlebot/2.1; +http://www.google.com/bot.html)"
66.249.70.162 - - [30/Nov/2025:15:47:33 +0000] "GET /?_g=156229 HTTP/2" 200 34371 "-" "Mozilla/5.0 (Linux; Android 6.0.1; Nexus 5X Build/MMB29P) AppleWebKit/537.36 (KHTML, like Gecko) Chrome/141.0.7390.122 Mobile Safari/537.36 (compatible; Googlebot/2.1; +http://www.google.com/bot.html)"
107.181.234.74 - - [30/Nov/2025:15:49:10 +0000] "POST /wp-cron.php?doing_wp_cron=1764517750.8790690898895263671875 HTTP/2" 200 0 "-" "WordPress/6.8.3; https://alkhidmahnaturalcare.com"
66.249.64.99 - - [30/Nov/2025:15:49:10 +0000] "GET /?_g=1111200 HTTP/2" 301 0 "-" "Mozilla/5.0 (Linux; Android 6.0.1; Nexus 5X Build/MMB29P) AppleWebKit/537.36 (KHTML, like Gecko) Chrome/141.0.7390.122 Mobile Safari/537.36 (compatible; Googlebot/2.1; +http://www.google.com/bot.html)"
66.249.70.163 - - [30/Nov/2025:15:49:11 +0000] "GET /?_g=1111200 HTTP/2" 200 34280 "-" "Mozilla/5.0 (Linux; Android 6.0.1; Nexus 5X Build/MMB29P) AppleWebKit/537.36 (KHTML, like Gecko) Chrome/141.0.7390.122 Mobile Safari/537.36 (compatible; Googlebot/2.1; +http://www.google.com/bot.html)"
107.181.234.74 - - [30/Nov/2025:15:52:13 +0000] "POST /wp-cron.php?doing_wp_cron=1764517932.9540500640869140625000 HTTP/2" 200 0 "-" "WordPress/6.8.3; https://alkhidmahnaturalcare.com"
66.249.64.98 - - [30/Nov/2025:15:52:12 +0000] "GET /?_g=845487 HTTP/2" 301 0 "-" "Mozilla/5.0 (Linux; Android 6.0.1; Nexus 5X Build/MMB29P) AppleWebKit/537.36 (KHTML, like Gecko) Chrome/141.0.7390.122 Mobile Safari/537.36 (compatible; Googlebot/2.1; +http://www.google.com/bot.html)"
66.249.70.163 - - [30/Nov/2025:15:52:13 +0000] "GET /?_g=845487 HTTP/2" 200 34371 "-" "Mozilla/5.0 (Linux; Android 6.0.1; Nexus 5X Build/MMB29P) AppleWebKit/537.36 (KHTML, like Gecko) Chrome/141.0.7390.122 Mobile Safari/537.36 (compatible; Googlebot/2.1; +http://www.google.com/bot.html)"
66.249.70.163 - - [30/Nov/2025:15:52:19 +0000] "POST /?wc-ajax=get_refreshed_fragments HTTP/2" 200 538 "https://alkhidmahnaturalcare.com/?_g=845487" "Mozilla/5.0 (Linux; Android 6.0.1; Nexus 5X Build/MMB29P) AppleWebKit/537.36 (KHTML, like Gecko) Chrome/141.0.7390.122 Mobile Safari/537.36 (compatible; Googlebot/2.1; +http://www.google.com/bot.html)"
51.222.168.151 - - [30/Nov/2025:15:52:24 +0000] "GET /2021/12/27/organic-fed-chickens-cackle/ HTTP/2" 404 21847 "-" "Mozilla/5.0 (compatible; AhrefsBot/7.0; +http://ahrefs.com/robot/)"
107.181.234.74 - - [30/Nov/2025:15:53:11 +0000] "POST /wp-cron.php?doing_wp_cron=1764517991.3895709514617919921875 HTTP/2" 200 0 "-" "WordPress/6.8.3; https://alkhidmahnaturalcare.com"
62.84.185.67 - - [30/Nov/2025:15:53:10 +0000] "GET /robots.txt HTTP/2" 200 126 "-" "Mozilla/5.0 (compatible; MJ12bot/v1.4.8; http://mj12bot.com/)"
62.84.185.67 - - [30/Nov/2025:15:53:13 +0000] "GET /product/%E0%A6%85%E0%A6%B0%E0%A7%8D%E0%A6%B6-%E0%A6%AA%E0%A6%BE%E0%A6%87%E0%A6%B2%E0%A6%B8-%E0%A6%93-%E0%A6%AB%E0%A6%BF%E0%A6%B8%E0%A7%8D%E0%A6%9F%E0%A7%81%E0%A6%B2%E0%A6%BE%E0%A6%B0-%E0%A6%9C%E0%A6%9F/ HTTP/2" 200 31760 "-" "Mozilla/5.0 (compatible; MJ12bot/v1.4.8; http://mj12bot.com/)"
107.181.234.74 - - [30/Nov/2025:15:54:15 +0000] "POST /wp-cron.php?doing_wp_cron=1764518055.1416280269622802734375 HTTP/2" 200 0 "-" "WordPress/6.8.3; https://alkhidmahnaturalcare.com"
66.249.64.98 - - [30/Nov/2025:15:54:14 +0000] "GET /?_g=281301 HTTP/2" 301 0 "-" "Mozilla/5.0 (Linux; Android 6.0.1; Nexus 5X Build/MMB29P) AppleWebKit/537.36 (KHTML, like Gecko) Chrome/141.0.7390.122 Mobile Safari/537.36 (compatible; Googlebot/2.1; +http://www.google.com/bot.html)"
66.249.70.162 - - [30/Nov/2025:15:54:15 +0000] "GET /?_g=281301 HTTP/2" 200 34370 "-" "Mozilla/5.0 (Linux; Android 6.0.1; Nexus 5X Build/MMB29P) AppleWebKit/537.36 (KHTML, like Gecko) Chrome/141.0.7390.122 Mobile Safari/537.36 (compatible; Googlebot/2.1; +http://www.google.com/bot.html)"
66.249.70.163 - - [30/Nov/2025:15:55:06 +0000] "GET /wp-content/uploads/2025/11/images_-Health-care-products-Sexually-produced_1751481339579.png HTTP/2" 200 88698 "-" "Googlebot-Image/1.0"
107.181.234.74 - - [30/Nov/2025:15:55:17 +0000] "POST /wp-cron.php?doing_wp_cron=1764518117.1252660751342773437500 HTTP/2" 200 0 "-" "WordPress/6.8.3; https://alkhidmahnaturalcare.com"
66.249.64.97 - - [30/Nov/2025:15:55:16 +0000] "GET /?l=2092138120 HTTP/2" 301 0 "-" "Mozilla/5.0 (Linux; Android 6.0.1; Nexus 5X Build/MMB29P) AppleWebKit/537.36 (KHTML, like Gecko) Chrome/141.0.7390.122 Mobile Safari/537.36 (compatible; Googlebot/2.1; +http://www.google.com/bot.html)"
66.249.64.98 - - [30/Nov/2025:15:55:17 +0000] "GET /?_g=605966 HTTP/2" 301 0 "-" "Mozilla/5.0 (Linux; Android 6.0.1; Nexus 5X Build/MMB29P) AppleWebKit/537.36 (KHTML, like Gecko) Chrome/141.0.7390.122 Mobile Safari/537.36 (compatible; Googlebot/2.1; +http://www.google.com/bot.html)"
66.249.70.162 - - [30/Nov/2025:15:55:18 +0000] "GET /?l=2092138120 HTTP/2" 200 34294 "-" "Mozilla/5.0 (Linux; Android 6.0.1; Nexus 5X Build/MMB29P) AppleWebKit/537.36 (KHTML, like Gecko) Chrome/141.0.7390.122 Mobile Safari/537.36 (compatible; Googlebot/2.1; +http://www.google.com/bot.html)"
66.249.70.162 - - [30/Nov/2025:15:55:19 +0000] "GET /?_g=605966 HTTP/2" 200 34371 "-" "Mozilla/5.0 (Linux; Android 6.0.1; Nexus 5X Build/MMB29P) AppleWebKit/537.36 (KHTML, like Gecko) Chrome/141.0.7390.122 Mobile Safari/537.36 (compatible; Googlebot/2.1; +http://www.google.com/bot.html)"
107.181.234.74 - - [30/Nov/2025:15:56:01 +0000] "POST /wp-cron.php?doing_wp_cron=1764518161.8507320880889892578125 HTTP/2" 200 0 "-" "WordPress/6.8.3; https://alkhidmahnaturalcare.com"
43.133.14.237 - - [30/Nov/2025:15:56:01 +0000] "GET /?add-to-cart=29041 HTTP/2" 200 33669 "-" "Mozilla/5.0 (iPhone; CPU iPhone OS 13_2_3 like Mac OS X) AppleWebKit/605.1.15 (KHTML, like Gecko) Version/13.0.3 Mobile/15E148 Safari/604.1"
107.181.234.74 - - [30/Nov/2025:15:58:19 +0000] "POST /wp-cron.php?doing_wp_cron=1764518299.3603839874267578125000 HTTP/2" 200 0 "-" "WordPress/6.8.3; https://alkhidmahnaturalcare.com"
31.220.103.147 - - [30/Nov/2025:15:58:18 +0000] "GET / HTTP/2" 200 34355 "-" "Mozilla/5.0 (Macintosh; Intel Mac OS X 10_15_7) AppleWebKit/537.36 (KHTML, like Gecko) Chrome/93.0.4577.0 Safari/537.36"
31.220.103.147 - - [30/Nov/2025:15:58:20 +0000] "GET /wp-content/plugins/revslider/public/css/sr7.css?ver=6.7.38 HTTP/2" 200 1409 "https://alkhidmahnaturalcare.com/" "Mozilla/5.0 (Macintosh; Intel Mac OS X 10_15_7) AppleWebKit/537.36 (KHTML, like Gecko) Chrome/93.0.4577.0 Safari/537.36"
31.220.103.147 - - [30/Nov/2025:15:58:20 +0000] "GET /wp-content/uploads/elementor/css/post-7.css?ver=1764505418 HTTP/2" 200 336 "https://alkhidmahnaturalcare.com/" "Mozilla/5.0 (Macintosh; Intel Mac OS X 10_15_7) AppleWebKit/537.36 (KHTML, like Gecko) Chrome/93.0.4577.0 Safari/537.36"
31.220.103.147 - - [30/Nov/2025:15:58:20 +0000] "GET /wp-content/plugins/elementor/assets/css/widget-image-carousel.min.css?ver=3.33.2 HTTP/2" 200 140 "https://alkhidmahnaturalcare.com/" "Mozilla/5.0 (Macintosh; Intel Mac OS X 10_15_7) AppleWebKit/537.36 (KHTML, like Gecko) Chrome/93.0.4577.0 Safari/537.36"
