103.25.248.226 - - [30/Nov/2025:13:30:43 +0000] "GET /product/%e0%a6%b8%e0%a7%8d%e0%a6%ac%e0%a6%aa%e0%a7%8d%e0%a6%a8%e0%a6%a6%e0%a7%8b%e0%a6%b7-%e0%a6%b0%e0%a7%81%e0%a6%96%e0%a7%87-%e0%a6%a6%e0%a6%bf%e0%a6%a8-%e0%a6%aa%e0%a7%81%e0%a6%b0%e0%a7%81%e0%a6%b7/ HTTP/2" 200 32828 "https://alkhidmahnaturalcare.com/" "Mozilla/5.0 (Linux; Android 10; K) AppleWebKit/537.36 (KHTML, like Gecko) Chrome/142.0.0.0 Mobile Safari/537.36"
217.113.194.120 - - [30/Nov/2025:13:30:45 +0000] "GET /shop/?column=5&filter_cat=115%2C121%2C112%2C116&per_page=12&filter_campaign=50 HTTP/2" 200 31610 "-" "Mozilla/5.0 (compatible; Barkrowler/0.9; +https://babbar.tech/crawler)"
103.25.248.226 - - [30/Nov/2025:13:30:45 +0000] "GET /product/%e0%a6%ae%e0%a7%87%e0%a6%af%e0%a6%bc%e0%a7%87%e0%a6%a6%e0%a7%87%e0%a6%b0-%e0%a6%97%e0%a7%8b%e0%a6%aa%e0%a6%a8-%e0%a6%b8%e0%a6%ae%e0%a6%b8%e0%a7%8d%e0%a6%af%e0%a6%be%e0%a6%b0-%e0%a6%a8%e0%a6%bf/ HTTP/2" 200 30010 "https://alkhidmahnaturalcare.com/" "Mozilla/5.0 (Linux; Android 10; K) AppleWebKit/537.36 (KHTML, like Gecko) Chrome/142.0.0.0 Mobile Safari/537.36"
103.25.248.226 - - [30/Nov/2025:13:30:57 +0000] "GET /product/%e0%a6%86%e0%a6%b0-%e0%a6%a8%e0%a6%af%e0%a6%bc-%e0%a6%b9%e0%a6%a4%e0%a6%be%e0%a6%b6%e0%a6%be-%e0%a6%aa%e0%a7%8d%e0%a6%b0%e0%a6%95%e0%a7%83%e0%a6%a4%e0%a6%bf%e0%a6%b0-%e0%a6%9b%e0%a7%8b%e0%a6%81/ HTTP/2" 200 32038 "https://alkhidmahnaturalcare.com/" "Mozilla/5.0 (Linux; Android 10; K) AppleWebKit/537.36 (KHTML, like Gecko) Chrome/142.0.0.0 Mobile Safari/537.36"
217.113.194.120 - - [30/Nov/2025:13:31:01 +0000] "GET /shop/?column=5&filter_cat=121%2C122%2C114%2C112&per_page=18&filter_campaign=50 HTTP/2" 200 33607 "-" "Mozilla/5.0 (compatible; Barkrowler/0.9; +https://babbar.tech/crawler)"
217.113.194.112 - - [30/Nov/2025:13:31:17 +0000] "GET /shop/?column=5&filter_brand=41%2C42%2C38&filter_cat=122%2C116&filter_campaign=51 HTTP/2" 500 1021 "-" "Mozilla/5.0 (compatible; Barkrowler/0.9; +https://babbar.tech/crawler)"
66.249.70.163 - - [30/Nov/2025:13:31:20 +0000] "GET /wp-login.php?redirect_to=https%3A%2F%2Falkhidmahnaturalcare.com%2F%3F_g%3D1041959 HTTP/2" 200 1911 "-" "Mozilla/5.0 (Linux; Android 6.0.1; Nexus 5X Build/MMB29P) AppleWebKit/537.36 (KHTML, like Gecko) Chrome/141.0.7390.122 Mobile Safari/537.36 (compatible; Googlebot/2.1; +http://www.google.com/bot.html)"
103.25.248.226 - - [30/Nov/2025:13:31:21 +0000] "GET /product/%e0%a6%ac%e0%a6%be%e0%a6%a1%e0%a6%bc%e0%a6%a8%e0%a7%8d%e0%a6%a4-%e0%a6%b6%e0%a6%bf%e0%a6%b6%e0%a7%81%e0%a6%a6%e0%a7%87%e0%a6%b0-%e0%a6%a6%e0%a7%81%e0%a6%b0%e0%a6%a8%e0%a7%8d%e0%a6%a4-%e0%a6%96/ HTTP/2" 200 32108 "https://alkhidmahnaturalcare.com/" "Mozilla/5.0 (Linux; Android 10; K) AppleWebKit/537.36 (KHTML, like Gecko) Chrome/142.0.0.0 Mobile Safari/537.36"
66.249.70.162 - - [30/Nov/2025:13:31:24 +0000] "GET /wp-includes/js/dist/dom-ready.min.js?ver=f77871ff7694fffea381 HTTP/2" 200 275 "https://alkhidmahnaturalcare.com/wp-login.php?redirect_to=https%3A%2F%2Falkhidmahnaturalcare.com%2F%3F_g%3D1041959" "Mozilla/5.0 (Linux; Android 6.0.1; Nexus 5X Build/MMB29P) AppleWebKit/537.36 (KHTML, like Gecko) Chrome/141.0.7390.122 Mobile Safari/537.36 (compatible; Googlebot/2.1; +http://www.google.com/bot.html)"
103.25.248.226 - - [30/Nov/2025:13:31:26 +0000] "GET /product/%e0%a6%af%e0%a7%87%e0%a6%95%e0%a7%8b%e0%a6%a8%e0%a7%8b-%e0%a6%ac%e0%a7%8d%e0%a6%af%e0%a6%a5%e0%a6%be%e0%a6%b0-%e0%a6%b8%e0%a6%a0%e0%a6%bf%e0%a6%95-%e0%a6%b8%e0%a6%ae%e0%a6%be%e0%a6%a7%e0%a6%be/ HTTP/2" 500 1021 "https://alkhidmahnaturalcare.com/" "Mozilla/5.0 (Linux; Android 10; K) AppleWebKit/537.36 (KHTML, like Gecko) Chrome/142.0.0.0 Mobile Safari/537.36"
103.25.248.226 - - [30/Nov/2025:13:31:27 +0000] "GET /product/%e0%a6%97%e0%a7%8d%e0%a6%af%e0%a6%be%e0%a6%b8%e0%a7%8d%e0%a6%9f%e0%a7%8d%e0%a6%b0%e0%a6%bf%e0%a6%95%e0%a7%87%e0%a6%b0-%e0%a6%b8%e0%a7%8d%e0%a6%a5%e0%a6%be%e0%a6%af%e0%a6%bc%e0%a7%80-%e0%a6%b8%e0%a6%ae/ HTTP/2" 200 33320 "https://alkhidmahnaturalcare.com/" "Mozilla/5.0 (Linux; Android 10; K) AppleWebKit/537.36 (KHTML, like Gecko) Chrome/142.0.0.0 Mobile Safari/537.36"
107.181.234.74 - - [30/Nov/2025:13:31:33 +0000] "POST /wp-cron.php?doing_wp_cron=1764509493.0302040576934814453125 HTTP/2" 200 0 "-" "WordPress/6.8.3; https://alkhidmahnaturalcare.com"
103.25.248.226 - - [30/Nov/2025:13:31:32 +0000] "GET /product/%e0%a6%aa%e0%a6%be%e0%a6%a4%e0%a6%b2%e0%a6%be-%e0%a6%ac%e0%a7%80%e0%a6%b0%e0%a7%8d%e0%a6%af-%e0%a6%93-%e0%a6%95%e0%a6%ae-%e0%a6%9f%e0%a6%be%e0%a6%87%e0%a6%ae%e0%a6%bf%e0%a6%82%e0%a6%af%e0%a6%bc/ HTTP/2" 200 33043 "https://alkhidmahnaturalcare.com/" "Mozilla/5.0 (Linux; Android 10; K) AppleWebKit/537.36 (KHTML, like Gecko) Chrome/142.0.0.0 Mobile Safari/537.36"
217.113.194.120 - - [30/Nov/2025:13:31:33 +0000] "GET /shop/?column=2&filter_cat=112%2C113%2C121%2C114&per_page=18&filter_campaign=50 HTTP/2" 200 33450 "-" "Mozilla/5.0 (compatible; Barkrowler/0.9; +https://babbar.tech/crawler)"
103.25.248.226 - - [30/Nov/2025:13:31:34 +0000] "GET /product-category/combo-pack/ HTTP/2" 200 29271 "https://alkhidmahnaturalcare.com/" "Mozilla/5.0 (Linux; Android 10; K) AppleWebKit/537.36 (KHTML, like Gecko) Chrome/142.0.0.0 Mobile Safari/537.36"
103.25.248.226 - - [30/Nov/2025:13:31:37 +0000] "GET /product/%e0%a6%aa%e0%a7%81%e0%a6%b0%e0%a7%81%e0%a6%b7%e0%a7%87%e0%a6%b0-%e0%a6%aa%e0%a7%87%e0%a6%a8%e0%a6%bf%e0%a6%b8%e0%a7%87%e0%a6%b0-%e0%a6%af%e0%a6%be%e0%a6%ac%e0%a6%a4%e0%a7%80%e0%a6%af%e0%a6%bc/ HTTP/2" 500 1021 "https://alkhidmahnaturalcare.com/" "Mozilla/5.0 (Linux; Android 10; K) AppleWebKit/537.36 (KHTML, like Gecko) Chrome/142.0.0.0 Mobile Safari/537.36"
103.25.248.226 - - [30/Nov/2025:13:31:40 +0000] "GET /product/%e0%a6%ac%e0%a6%bf%e0%a6%ac%e0%a6%be%e0%a6%b9%e0%a6%bf%e0%a6%a4-%e0%a6%b0%e0%a7%8b%e0%a6%97%e0%a7%80%e0%a6%a6%e0%a7%87%e0%a6%b0-%e0%a6%9c%e0%a6%a8%e0%a7%8d%e0%a6%af-%e0%a6%8f%e0%a6%95-%e0%a6%b0/ HTTP/2" 200 35138 "https://alkhidmahnaturalcare.com/" "Mozilla/5.0 (Linux; Android 10; K) AppleWebKit/537.36 (KHTML, like Gecko) Chrome/142.0.0.0 Mobile Safari/537.36"
103.25.248.226 - - [30/Nov/2025:13:31:47 +0000] "GET /product/%e0%a6%97%e0%a7%8d%e0%a6%af%e0%a6%be%e0%a6%b8%e0%a7%8d%e0%a6%9f%e0%a7%8d%e0%a6%b0%e0%a6%bf%e0%a6%95%e0%a7%87%e0%a6%b0-%e0%a6%b8%e0%a7%8d%e0%a6%a5%e0%a6%be%e0%a6%af%e0%a6%bc%e0%a7%80-%e0%a6%b8%e0%a6%ae/ HTTP/2" 500 1021 "https://alkhidmahnaturalcare.com/" "Mozilla/5.0 (Linux; Android 10; K) AppleWebKit/537.36 (KHTML, like Gecko) Chrome/142.0.0.0 Mobile Safari/537.36"
217.113.194.114 - - [30/Nov/2025:13:31:49 +0000] "GET /shop/?column=3&filter_cat=122%2C113%2C121%2C116&per_page=9&filter_campaign=50 HTTP/2" 200 30456 "-" "Mozilla/5.0 (compatible; Barkrowler/0.9; +https://babbar.tech/crawler)"
58.145.190.236 - - [30/Nov/2025:13:31:50 +0000] "GET / HTTP/2" 200 34355 "-" "Mozilla/5.0 (Linux; Android 10; K) AppleWebKit/537.36 (KHTML, like Gecko) Chrome/142.0.0.0 Mobile Safari/537.36"
217.113.194.119 - - [30/Nov/2025:13:32:05 +0000] "GET /shop/?column=4&filter_cat=114%2C115%2C121%2C113&per_page=24&filter_campaign=50 HTTP/2" 200 35632 "-" "Mozilla/5.0 (compatible; Barkrowler/0.9; +https://babbar.tech/crawler)"
58.145.190.236 - - [30/Nov/2025:13:32:09 +0000] "POST /?wc-ajax=get_refreshed_fragments HTTP/2" 200 538 "https://alkhidmahnaturalcare.com/" "Mozilla/5.0 (Linux; Android 10; K) AppleWebKit/537.36 (KHTML, like Gecko) Chrome/142.0.0.0 Mobile Safari/537.36"
58.145.190.236 - - [30/Nov/2025:13:32:15 +0000] "GET /wp-content/uploads/2025/11/cropped-cropped-speaker-template-6-1-180x180.png HTTP/2" 200 5658 "https://alkhidmahnaturalcare.com/" "Mozilla/5.0 (Linux; Android 10; K) AppleWebKit/537.36 (KHTML, like Gecko) Chrome/142.0.0.0 Mobile Safari/537.36"
58.145.190.236 - - [30/Nov/2025:13:32:15 +0000] "GET /wp-content/uploads/2025/11/cropped-cropped-speaker-template-6-1-192x192.png HTTP/2" 200 6104 "https://alkhidmahnaturalcare.com/" "Mozilla/5.0 (Linux; Android 10; K) AppleWebKit/537.36 (KHTML, like Gecko) Chrome/142.0.0.0 Mobile Safari/537.36"
58.145.190.236 - - [30/Nov/2025:13:32:17 +0000] "GET /product/%e0%a6%b8%e0%a7%8d%e0%a6%a5%e0%a6%be%e0%a6%af%e0%a6%bc%e0%a7%80%e0%a6%ad%e0%a6%be%e0%a6%ac%e0%a7%87-%e0%a6%b8%e0%a7%8d%e0%a6%ac%e0%a6%be%e0%a6%b8%e0%a7%8d%e0%a6%a5%e0%a7%8d%e0%a6%af%e0%a6%ac%e0%a6%be/ HTTP/2" 200 32155 "https://alkhidmahnaturalcare.com/" "Mozilla/5.0 (Linux; Android 10; K) AppleWebKit/537.36 (KHTML, like Gecko) Chrome/142.0.0.0 Mobile Safari/537.36"
217.113.194.113 - - [30/Nov/2025:13:32:21 +0000] "GET /shop/?column=4&filter_cat=117,113,114,121,115&per_page=9&filter_campaign=51 HTTP/2" 200 30553 "-" "Mozilla/5.0 (compatible; Barkrowler/0.9; +https://babbar.tech/crawler)"
107.181.234.74 - - [30/Nov/2025:13:32:34 +0000] "POST /wp-cron.php?doing_wp_cron=1764509554.4299259185791015625000 HTTP/2" 200 0 "-" "WordPress/6.8.3; https://alkhidmahnaturalcare.com"
66.249.70.170 - - [30/Nov/2025:13:32:33 +0000] "GET /wp-login.php?redirect_to=https%3A%2F%2Falkhidmahnaturalcare.com%2F%3F_g%3D719919 HTTP/2" 200 1909 "-" "Mozilla/5.0 (Linux; Android 6.0.1; Nexus 5X Build/MMB29P) AppleWebKit/537.36 (KHTML, like Gecko) Chrome/141.0.7390.122 Mobile Safari/537.36 (compatible; Googlebot/2.1; +http://www.google.com/bot.html)"
217.113.194.226 - - [30/Nov/2025:13:32:37 +0000] "GET /shop/?column=4&filter_brand=36%2C42%2C35&filter_cat=117%2C112&filter_campaign=50 HTTP/2" 200 31690 "-" "Mozilla/5.0 (compatible; Barkrowler/0.9; +https://babbar.tech/crawler)"
58.145.190.236 - - [30/Nov/2025:13:32:40 +0000] "GET /product-category/health-care-products/ HTTP/2" 200 30783 "https://alkhidmahnaturalcare.com/" "Mozilla/5.0 (Linux; Android 10; K) AppleWebKit/537.36 (KHTML, like Gecko) Chrome/142.0.0.0 Mobile Safari/537.36"
58.145.190.236 - - [30/Nov/2025:13:32:41 +0000] "GET /product/%e0%a6%aa%e0%a7%8d%e0%a6%b0%e0%a6%be%e0%a6%95%e0%a7%83%e0%a6%a4%e0%a6%bf%e0%a6%95-%e0%a6%89%e0%a6%aa%e0%a6%be%e0%a6%af%e0%a6%bc%e0%a7%87-%e0%a6%a1%e0%a6%be%e0%a6%af%e0%a6%bc%e0%a6%be%e0%a6%ac%e0%a7%87/ HTTP/2" 500 1021 "https://alkhidmahnaturalcare.com/" "Mozilla/5.0 (Linux; Android 10; K) AppleWebKit/537.36 (KHTML, like Gecko) Chrome/142.0.0.0 Mobile Safari/537.36"
217.113.194.120 - - [30/Nov/2025:13:32:53 +0000] "GET /shop/?per_page=24&filter_cat=112%2C15%2C121%2C114&column=2&filter_campaign=50 HTTP/2" 200 35568 "-" "Mozilla/5.0 (compatible; Barkrowler/0.9; +https://babbar.tech/crawler)"
15.235.98.80 - - [30/Nov/2025:13:32:56 +0000] "GET /2021/12/27/organic-fed-chickens-cackle/ HTTP/2" 404 21846 "-" "Mozilla/5.0 (compatible; AhrefsBot/7.0; +http://ahrefs.com/robot/)"
217.113.194.120 - - [30/Nov/2025:13:33:09 +0000] "GET /shop/?per_page=24&filter_cat=115%2C122%2C113%2C117&filter_campaign=50&column=5 HTTP/2" 200 35678 "-" "Mozilla/5.0 (compatible; Barkrowler/0.9; +https://babbar.tech/crawler)"
58.145.190.236 - - [30/Nov/2025:13:33:17 +0000] "GET /product/%e0%a6%aa%e0%a6%be%e0%a6%a4%e0%a6%b2%e0%a6%be-%e0%a6%ac%e0%a7%80%e0%a6%b0%e0%a7%8d%e0%a6%af-%e0%a6%93-%e0%a6%95%e0%a6%ae-%e0%a6%9f%e0%a6%be%e0%a6%87%e0%a6%ae%e0%a6%bf%e0%a6%82%e0%a6%af%e0%a6%bc/ HTTP/2" 200 33503 "https://alkhidmahnaturalcare.com/" "Mozilla/5.0 (Linux; Android 10; K) AppleWebKit/537.36 (KHTML, like Gecko) Chrome/142.0.0.0 Mobile Safari/537.36"
58.145.190.236 - - [30/Nov/2025:13:33:19 +0000] "GET /wp-content/themes/woodmart/css/parts/woo-mod-quantity.min.css?ver=8.2.7 HTTP/2" 200 420 "https://alkhidmahnaturalcare.com/product/%e0%a6%aa%e0%a6%be%e0%a6%a4%e0%a6%b2%e0%a6%be-%e0%a6%ac%e0%a7%80%e0%a6%b0%e0%a7%8d%e0%a6%af-%e0%a6%93-%e0%a6%95%e0%a6%ae-%e0%a6%9f%e0%a6%be%e0%a6%87%e0%a6%ae%e0%a6%bf%e0%a6%82%e0%a6%af%e0%a6%bc/" "Mozilla/5.0 (Linux; Android 10; K) AppleWebKit/537.36 (KHTML, like Gecko) Chrome/142.0.0.0 Mobile Safari/537.36"
66.249.70.169 - - [30/Nov/2025:13:33:18 +0000] "GET /shop/?column=3&filter_cat=117%2C114%2C121%2C113%2C115&per_page=9&add-to-cart=10147&filter_brand=42%2C37%2C35%2C39%2C38&filter_campaign=50%2C51 HTTP/2" 200 30556 "-" "Mozilla/5.0 (Linux; Android 6.0.1; Nexus 5X Build/MMB29P) AppleWebKit/537.36 (KHTML, like Gecko) Chrome/141.0.7390.122 Mobile Safari/537.36 (compatible; Googlebot/2.1; +http://www.google.com/bot.html)"
58.145.190.236 - - [30/Nov/2025:13:33:19 +0000] "GET /wp-content/themes/woodmart/css/parts/woo-mod-stock-status.min.css?ver=8.2.7 HTTP/2" 200 355 "https://alkhidmahnaturalcare.com/product/%e0%a6%aa%e0%a6%be%e0%a6%a4%e0%a6%b2%e0%a6%be-%e0%a6%ac%e0%a7%80%e0%a6%b0%e0%a7%8d%e0%a6%af-%e0%a6%93-%e0%a6%95%e0%a6%ae-%e0%a6%9f%e0%a6%be%e0%a6%87%e0%a6%ae%e0%a6%bf%e0%a6%82%e0%a6%af%e0%a6%bc/" "Mozilla/5.0 (Linux; Android 10; K) AppleWebKit/537.36 (KHTML, like Gecko) Chrome/142.0.0.0 Mobile Safari/537.36"
58.145.190.236 - - [30/Nov/2025:13:33:19 +0000] "GET /wp-content/themes/woodmart/css/parts/woo-single-prod-el-base.min.css?ver=8.2.7 HTTP/2" 200 400 "https://alkhidmahnaturalcare.com/product/%e0%a6%aa%e0%a6%be%e0%a6%a4%e0%a6%b2%e0%a6%be-%e0%a6%ac%e0%a7%80%e0%a6%b0%e0%a7%8d%e0%a6%af-%e0%a6%93-%e0%a6%95%e0%a6%ae-%e0%a6%9f%e0%a6%be%e0%a6%87%e0%a6%ae%e0%a6%bf%e0%a6%82%e0%a6%af%e0%a6%bc/" "Mozilla/5.0 (Linux; Android 10; K) AppleWebKit/537.36 (KHTML, like Gecko) Chrome/142.0.0.0 Mobile Safari/537.36"
58.145.190.236 - - [30/Nov/2025:13:33:19 +0000] "GET /wp-content/themes/woodmart/css/parts/woo-mod-shop-attributes.min.css?ver=8.2.7 HTTP/2" 200 365 "https://alkhidmahnaturalcare.com/product/%e0%a6%aa%e0%a6%be%e0%a6%a4%e0%a6%b2%e0%a6%be-%e0%a6%ac%e0%a7%80%e0%a6%b0%e0%a7%8d%e0%a6%af-%e0%a6%93-%e0%a6%95%e0%a6%ae-%e0%a6%9f%e0%a6%be%e0%a6%87%e0%a6%ae%e0%a6%bf%e0%a6%82%e0%a6%af%e0%a6%bc/" "Mozilla/5.0 (Linux; Android 10; K) AppleWebKit/537.36 (KHTML, like Gecko) Chrome/142.0.0.0 Mobile Safari/537.36"
58.145.190.236 - - [30/Nov/2025:13:33:19 +0000] "GET /wp-content/themes/woodmart/css/parts/woo-single-prod-el-tabs-predefined.min.css?ver=8.2.7 HTTP/2" 200 371 "https://alkhidmahnaturalcare.com/product/%e0%a6%aa%e0%a6%be%e0%a6%a4%e0%a6%b2%e0%a6%be-%e0%a6%ac%e0%a7%80%e0%a6%b0%e0%a7%8d%e0%a6%af-%e0%a6%93-%e0%a6%95%e0%a6%ae-%e0%a6%9f%e0%a6%be%e0%a6%87%e0%a6%ae%e0%a6%bf%e0%a6%82%e0%a6%af%e0%a6%bc/" "Mozilla/5.0 (Linux; Android 10; K) AppleWebKit/537.36 (KHTML, like Gecko) Chrome/142.0.0.0 Mobile Safari/537.36"
58.145.190.236 - - [30/Nov/2025:13:33:19 +0000] "GET /wp-content/themes/woodmart/css/parts/page-title.min.css?ver=8.2.7 HTTP/2" 200 236 "https://alkhidmahnaturalcare.com/product/%e0%a6%aa%e0%a6%be%e0%a6%a4%e0%a6%b2%e0%a6%be-%e0%a6%ac%e0%a7%80%e0%a6%b0%e0%a7%8d%e0%a6%af-%e0%a6%93-%e0%a6%95%e0%a6%ae-%e0%a6%9f%e0%a6%be%e0%a6%87%e0%a6%ae%e0%a6%bf%e0%a6%82%e0%a6%af%e0%a6%bc/" "Mozilla/5.0 (Linux; Android 10; K) AppleWebKit/537.36 (KHTML, like Gecko) Chrome/142.0.0.0 Mobile Safari/537.36"
58.145.190.236 - - [30/Nov/2025:13:33:20 +0000] "GET /wp-content/themes/woodmart/css/parts/woo-single-prod-predefined.min.css?ver=8.2.7 HTTP/2" 200 545 "https://alkhidmahnaturalcare.com/product/%e0%a6%aa%e0%a6%be%e0%a6%a4%e0%a6%b2%e0%a6%be-%e0%a6%ac%e0%a7%80%e0%a6%b0%e0%a7%8d%e0%a6%af-%e0%a6%93-%e0%a6%95%e0%a6%ae-%e0%a6%9f%e0%a6%be%e0%a6%87%e0%a6%ae%e0%a6%bf%e0%a6%82%e0%a6%af%e0%a6%bc/" "Mozilla/5.0 (Linux; Android 10; K) AppleWebKit/537.36 (KHTML, like Gecko) Chrome/142.0.0.0 Mobile Safari/537.36"
58.145.190.236 - - [30/Nov/2025:13:33:20 +0000] "GET /wp-content/themes/woodmart/css/parts/woo-single-prod-and-quick-view-predefined.min.css?ver=8.2.7 HTTP/2" 200 429 "https://alkhidmahnaturalcare.com/product/%e0%a6%aa%e0%a6%be%e0%a6%a4%e0%a6%b2%e0%a6%be-%e0%a6%ac%e0%a7%80%e0%a6%b0%e0%a7%8d%e0%a6%af-%e0%a6%93-%e0%a6%95%e0%a6%ae-%e0%a6%9f%e0%a6%be%e0%a6%87%e0%a6%ae%e0%a6%bf%e0%a6%82%e0%a6%af%e0%a6%bc/" "Mozilla/5.0 (Linux; Android 10; K) AppleWebKit/537.36 (KHTML, like Gecko) Chrome/142.0.0.0 Mobile Safari/537.36"
58.145.190.236 - - [30/Nov/2025:13:33:20 +0000] "GET /wp-content/themes/woodmart/css/parts/lib-swiper-arrows.min.css?ver=8.2.7 HTTP/2" 200 733 "https://alkhidmahnaturalcare.com/product/%e0%a6%aa%e0%a6%be%e0%a6%a4%e0%a6%b2%e0%a6%be-%e0%a6%ac%e0%a7%80%e0%a6%b0%e0%a7%8d%e0%a6%af-%e0%a6%93-%e0%a6%95%e0%a6%ae-%e0%a6%9f%e0%a6%be%e0%a6%87%e0%a6%ae%e0%a6%bf%e0%a6%82%e0%a6%af%e0%a6%bc/" "Mozilla/5.0 (Linux; Android 10; K) AppleWebKit/537.36 (KHTML, like Gecko) Chrome/142.0.0.0 Mobile Safari/537.36"
58.145.190.236 - - [30/Nov/2025:13:33:20 +0000] "GET /wp-content/themes/woodmart/css/parts/woo-single-prod-el-tabs-opt-layout-tabs.min.css?ver=8.2.7 HTTP/2" 200 240 "https://alkhidmahnaturalcare.com/product/%e0%a6%aa%e0%a6%be%e0%a6%a4%e0%a6%b2%e0%a6%be-%e0%a6%ac%e0%a7%80%e0%a6%b0%e0%a7%8d%e0%a6%af-%e0%a6%93-%e0%a6%95%e0%a6%ae-%e0%a6%9f%e0%a6%be%e0%a6%87%e0%a6%ae%e0%a6%bf%e0%a6%82%e0%a6%af%e0%a6%bc/" "Mozilla/5.0 (Linux; Android 10; K) AppleWebKit/537.36 (KHTML, like Gecko) Chrome/142.0.0.0 Mobile Safari/537.36"
58.145.190.236 - - [30/Nov/2025:13:33:20 +0000] "GET /wp-content/themes/woodmart/css/parts/woo-single-prod-el-gallery.min.css?ver=8.2.7 HTTP/2" 200 1234 "https://alkhidmahnaturalcare.com/product/%e0%a6%aa%e0%a6%be%e0%a6%a4%e0%a6%b2%e0%a6%be-%e0%a6%ac%e0%a7%80%e0%a6%b0%e0%a7%8d%e0%a6%af-%e0%a6%93-%e0%a6%95%e0%a6%ae-%e0%a6%9f%e0%a6%be%e0%a6%87%e0%a6%ae%e0%a6%bf%e0%a6%82%e0%a6%af%e0%a6%bc/" "Mozilla/5.0 (Linux; Android 10; K) AppleWebKit/537.36 (KHTML, like Gecko) Chrome/142.0.0.0 Mobile Safari/537.36"
58.145.190.236 - - [30/Nov/2025:13:33:20 +0000] "GET /wp-content/themes/woodmart/css/parts/lib-swiper.min.css?ver=8.2.7 HTTP/2" 200 517 "https://alkhidmahnaturalcare.com/product/%e0%a6%aa%e0%a6%be%e0%a6%a4%e0%a6%b2%e0%a6%be-%e0%a6%ac%e0%a7%80%e0%a6%b0%e0%a7%8d%e0%a6%af-%e0%a6%93-%e0%a6%95%e0%a6%ae-%e0%a6%9f%e0%a6%be%e0%a6%87%e0%a6%ae%e0%a6%bf%e0%a6%82%e0%a6%af%e0%a6%bc/" "Mozilla/5.0 (Linux; Android 10; K) AppleWebKit/537.36 (KHTML, like Gecko) Chrome/142.0.0.0 Mobile Safari/537.36"
58.145.190.236 - - [30/Nov/2025:13:33:20 +0000] "GET /wp-content/themes/woodmart/css/parts/lib-photoswipe.min.css?ver=8.2.7 HTTP/2" 200 1704 "https://alkhidmahnaturalcare.com/product/%e0%a6%aa%e0%a6%be%e0%a6%a4%e0%a6%b2%e0%a6%be-%e0%a6%ac%e0%a7%80%e0%a6%b0%e0%a7%8d%e0%a6%af-%e0%a6%93-%e0%a6%95%e0%a6%ae-%e0%a6%9f%e0%a6%be%e0%a6%87%e0%a6%ae%e0%a6%bf%e0%a6%82%e0%a6%af%e0%a6%bc/" "Mozilla/5.0 (Linux; Android 10; K) AppleWebKit/537.36 (KHTML, like Gecko) Chrome/142.0.0.0 Mobile Safari/537.36"
58.145.190.236 - - [30/Nov/2025:13:33:20 +0000] "GET /wp-content/themes/woodmart/css/parts/woo-single-prod-el-navigation.min.css?ver=8.2.7 HTTP/2" 200 388 "https://alkhidmahnaturalcare.com/product/%e0%a6%aa%e0%a6%be%e0%a6%a4%e0%a6%b2%e0%a6%be-%e0%a6%ac%e0%a7%80%e0%a6%b0%e0%a7%8d%e0%a6%af-%e0%a6%93-%e0%a6%95%e0%a6%ae-%e0%a6%9f%e0%a6%be%e0%a6%87%e0%a6%ae%e0%a6%bf%e0%a6%82%e0%a6%af%e0%a6%bc/" "Mozilla/5.0 (Linux; Android 10; K) AppleWebKit/537.36 (KHTML, like Gecko) Chrome/142.0.0.0 Mobile Safari/537.36"
58.145.190.236 - - [30/Nov/2025:13:33:20 +0000] "GET /wp-content/themes/woodmart/css/parts/el-accordion-wpb-elem.min.css?ver=8.2.7 HTTP/2" 200 148 "https://alkhidmahnaturalcare.com/product/%e0%a6%aa%e0%a6%be%e0%a6%a4%e0%a6%b2%e0%a6%be-%e0%a6%ac%e0%a7%80%e0%a6%b0%e0%a7%8d%e0%a6%af-%e0%a6%93-%e0%a6%95%e0%a6%ae-%e0%a6%9f%e0%a6%be%e0%a6%87%e0%a6%ae%e0%a6%bf%e0%a6%82%e0%a6%af%e0%a6%bc/" "Mozilla/5.0 (Linux; Android 10; K) AppleWebKit/537.36 (KHTML, like Gecko) Chrome/142.0.0.0 Mobile Safari/537.36"
58.145.190.236 - - [30/Nov/2025:13:33:20 +0000] "GET /wp-content/themes/woodmart/css/parts/el-tabs.min.css?ver=8.2.7 HTTP/2" 200 1158 "https://alkhidmahnaturalcare.com/product/%e0%a6%aa%e0%a6%be%e0%a6%a4%e0%a6%b2%e0%a6%be-%e0%a6%ac%e0%a7%80%e0%a6%b0%e0%a7%8d%e0%a6%af-%e0%a6%93-%e0%a6%95%e0%a6%ae-%e0%a6%9f%e0%a6%be%e0%a6%87%e0%a6%ae%e0%a6%bf%e0%a6%82%e0%a6%af%e0%a6%bc/" "Mozilla/5.0 (Linux; Android 10; K) AppleWebKit/537.36 (KHTML, like Gecko) Chrome/142.0.0.0 Mobile Safari/537.36"
58.145.190.236 - - [30/Nov/2025:13:33:20 +0000] "GET /wp-content/themes/woodmart/css/parts/mod-more-description.min.css?ver=8.2.7 HTTP/2" 200 382 "https://alkhidmahnaturalcare.com/product/%e0%a6%aa%e0%a6%be%e0%a6%a4%e0%a6%b2%e0%a6%be-%e0%a6%ac%e0%a7%80%e0%a6%b0%e0%a7%8d%e0%a6%af-%e0%a6%93-%e0%a6%95%e0%a6%ae-%e0%a6%9f%e0%a6%be%e0%a6%87%e0%a6%ae%e0%a6%bf%e0%a6%82%e0%a6%af%e0%a6%bc/" "Mozilla/5.0 (Linux; Android 10; K) AppleWebKit/537.36 (KHTML, like Gecko) Chrome/142.0.0.0 Mobile Safari/537.36"
58.145.190.236 - - [30/Nov/2025:13:33:21 +0000] "GET /wp-content/themes/woodmart/css/parts/el-accordion.min.css?ver=8.2.7 HTTP/2" 200 717 "https://alkhidmahnaturalcare.com/product/%e0%a6%aa%e0%a6%be%e0%a6%a4%e0%a6%b2%e0%a6%be-%e0%a6%ac%e0%a7%80%e0%a6%b0%e0%a7%8d%e0%a6%af-%e0%a6%93-%e0%a6%95%e0%a6%ae-%e0%a6%9f%e0%a6%be%e0%a6%87%e0%a6%ae%e0%a6%bf%e0%a6%82%e0%a6%af%e0%a6%bc/" "Mozilla/5.0 (Linux; Android 10; K) AppleWebKit/537.36 (KHTML, like Gecko) Chrome/142.0.0.0 Mobile Safari/537.36"
58.145.190.236 - - [30/Nov/2025:13:33:21 +0000] "GET /wp-content/themes/woodmart/css/parts/woo-opt-sticky-add-to-cart.min.css?ver=8.2.7 HTTP/2" 200 854 "https://alkhidmahnaturalcare.com/product/%e0%a6%aa%e0%a6%be%e0%a6%a4%e0%a6%b2%e0%a6%be-%e0%a6%ac%e0%a7%80%e0%a6%b0%e0%a7%8d%e0%a6%af-%e0%a6%93-%e0%a6%95%e0%a6%ae-%e0%a6%9f%e0%a6%be%e0%a6%87%e0%a6%ae%e0%a6%bf%e0%a6%82%e0%a6%af%e0%a6%bc/" "Mozilla/5.0 (Linux; Android 10; K) AppleWebKit/537.36 (KHTML, like Gecko) Chrome/142.0.0.0 Mobile Safari/537.36"
58.145.190.236 - - [30/Nov/2025:13:33:21 +0000] "GET /wp-includes/css/dist/block-library/style.min.css?ver=6.8.3 HTTP/2" 200 14360 "https://alkhidmahnaturalcare.com/product/%e0%a6%aa%e0%a6%be%e0%a6%a4%e0%a6%b2%e0%a6%be-%e0%a6%ac%e0%a7%80%e0%a6%b0%e0%a7%8d%e0%a6%af-%e0%a6%93-%e0%a6%95%e0%a6%ae-%e0%a6%9f%e0%a6%be%e0%a6%87%e0%a6%ae%e0%a6%bf%e0%a6%82%e0%a6%af%e0%a6%bc/" "Mozilla/5.0 (Linux; Android 10; K) AppleWebKit/537.36 (KHTML, like Gecko) Chrome/142.0.0.0 Mobile Safari/537.36"
58.145.190.236 - - [30/Nov/2025:13:33:21 +0000] "GET /wp-content/themes/woodmart/css/parts/woo-product-loop-base.min.css?ver=8.2.7 HTTP/2" 200 1665 "https://alkhidmahnaturalcare.com/product/%e0%a6%aa%e0%a6%be%e0%a6%a4%e0%a6%b2%e0%a6%be-%e0%a6%ac%e0%a7%80%e0%a6%b0%e0%a7%8d%e0%a6%af-%e0%a6%93-%e0%a6%95%e0%a6%ae-%e0%a6%9f%e0%a6%be%e0%a6%87%e0%a6%ae%e0%a6%bf%e0%a6%82%e0%a6%af%e0%a6%bc/" "Mozilla/5.0 (Linux; Android 10; K) AppleWebKit/537.36 (KHTML, like Gecko) Chrome/142.0.0.0 Mobile Safari/537.36"
58.145.190.236 - - [30/Nov/2025:13:33:21 +0000] "GET /wp-content/themes/woodmart/css/parts/woo-mod-add-btn-replace.min.css?ver=8.2.7 HTTP/2" 200 466 "https://alkhidmahnaturalcare.com/product/%e0%a6%aa%e0%a6%be%e0%a6%a4%e0%a6%b2%e0%a6%be-%e0%a6%ac%e0%a7%80%e0%a6%b0%e0%a7%8d%e0%a6%af-%e0%a6%93-%e0%a6%95%e0%a6%ae-%e0%a6%9f%e0%a6%be%e0%a6%87%e0%a6%ae%e0%a6%bf%e0%a6%82%e0%a6%af%e0%a6%bc/" "Mozilla/5.0 (Linux; Android 10; K) AppleWebKit/537.36 (KHTML, like Gecko) Chrome/142.0.0.0 Mobile Safari/537.36"
58.145.190.236 - - [30/Nov/2025:13:33:21 +0000] "GET /wp-content/themes/woodmart/css/parts/lib-swiper-pagin.min.css?ver=8.2.7 HTTP/2" 200 424 "https://alkhidmahnaturalcare.com/product/%e0%a6%aa%e0%a6%be%e0%a6%a4%e0%a6%b2%e0%a6%be-%e0%a6%ac%e0%a7%80%e0%a6%b0%e0%a7%8d%e0%a6%af-%e0%a6%93-%e0%a6%95%e0%a6%ae-%e0%a6%9f%e0%a6%be%e0%a6%87%e0%a6%ae%e0%a6%bf%e0%a6%82%e0%a6%af%e0%a6%bc/" "Mozilla/5.0 (Linux; Android 10; K) AppleWebKit/537.36 (KHTML, like Gecko) Chrome/142.0.0.0 Mobile Safari/537.36"
58.145.190.236 - - [30/Nov/2025:13:33:21 +0000] "GET /wp-content/themes/woodmart/css/parts/el-brand.min.css?ver=8.2.7 HTTP/2" 200 410 "https://alkhidmahnaturalcare.com/product/%e0%a6%aa%e0%a6%be%e0%a6%a4%e0%a6%b2%e0%a6%be-%e0%a6%ac%e0%a7%80%e0%a6%b0%e0%a7%8d%e0%a6%af-%e0%a6%93-%e0%a6%95%e0%a6%ae-%e0%a6%9f%e0%a6%be%e0%a6%87%e0%a6%ae%e0%a6%bf%e0%a6%82%e0%a6%af%e0%a6%bc/" "Mozilla/5.0 (Linux; Android 10; K) AppleWebKit/537.36 (KHTML, like Gecko) Chrome/142.0.0.0 Mobile Safari/537.36"
58.145.190.236 - - [30/Nov/2025:13:33:22 +0000] "GET /wp-content/uploads/2025/11/selfeb-sexually-products-1753623956487.png HTTP/2" 200 114465 "https://alkhidmahnaturalcare.com/product/%e0%a6%aa%e0%a6%be%e0%a6%a4%e0%a6%b2%e0%a6%be-%e0%a6%ac%e0%a7%80%e0%a6%b0%e0%a7%8d%e0%a6%af-%e0%a6%93-%e0%a6%95%e0%a6%ae-%e0%a6%9f%e0%a6%be%e0%a6%87%e0%a6%ae%e0%a6%bf%e0%a6%82%e0%a6%af%e0%a6%bc/" "Mozilla/5.0 (Linux; Android 10; K) AppleWebKit/537.36 (KHTML, like Gecko) Chrome/142.0.0.0 Mobile Safari/537.36"
58.145.190.236 - - [30/Nov/2025:13:33:22 +0000] "GET /wp-content/uploads/elementor/css/post-728.css?ver=1764505439 HTTP/2" 200 138 "https://alkhidmahnaturalcare.com/product/%e0%a6%aa%e0%a6%be%e0%a6%a4%e0%a6%b2%e0%a6%be-%e0%a6%ac%e0%a7%80%e0%a6%b0%e0%a7%8d%e0%a6%af-%e0%a6%93-%e0%a6%95%e0%a6%ae-%e0%a6%9f%e0%a6%be%e0%a6%87%e0%a6%ae%e0%a6%bf%e0%a6%82%e0%a6%af%e0%a6%bc/" "Mozilla/5.0 (Linux; Android 10; K) AppleWebKit/537.36 (KHTML, like Gecko) Chrome/142.0.0.0 Mobile Safari/537.36"
58.145.190.236 - - [30/Nov/2025:13:33:22 +0000] "GET /wp-content/themes/woodmart/js/scripts/wc/trackProductViewed.min.js?ver=8.2.7 HTTP/2" 200 272 "https://alkhidmahnaturalcare.com/product/%e0%a6%aa%e0%a6%be%e0%a6%a4%e0%a6%b2%e0%a6%be-%e0%a6%ac%e0%a7%80%e0%a6%b0%e0%a7%8d%e0%a6%af-%e0%a6%93-%e0%a6%95%e0%a6%ae-%e0%a6%9f%e0%a6%be%e0%a6%87%e0%a6%ae%e0%a6%bf%e0%a6%82%e0%a6%af%e0%a6%bc/" "Mozilla/5.0 (Linux; Android 10; K) AppleWebKit/537.36 (KHTML, like Gecko) Chrome/142.0.0.0 Mobile Safari/537.36"
58.145.190.236 - - [30/Nov/2025:13:33:23 +0000] "GET /wp-content/themes/woodmart/js/scripts/wc/initZoom.min.js?ver=8.2.7 HTTP/2" 200 488 "https://alkhidmahnaturalcare.com/product/%e0%a6%aa%e0%a6%be%e0%a6%a4%e0%a6%b2%e0%a6%be-%e0%a6%ac%e0%a7%80%e0%a6%b0%e0%a7%8d%e0%a6%af-%e0%a6%93-%e0%a6%95%e0%a6%ae-%e0%a6%9f%e0%a6%be%e0%a6%87%e0%a6%ae%e0%a6%bf%e0%a6%82%e0%a6%af%e0%a6%bc/" "Mozilla/5.0 (Linux; Android 10; K) AppleWebKit/537.36 (KHTML, like Gecko) Chrome/142.0.0.0 Mobile Safari/537.36"
58.145.190.236 - - [30/Nov/2025:13:33:23 +0000] "GET /wp-content/themes/woodmart/js/scripts/wc/productImages.min.js?ver=8.2.7 HTTP/2" 200 549 "https://alkhidmahnaturalcare.com/product/%e0%a6%aa%e0%a6%be%e0%a6%a4%e0%a6%b2%e0%a6%be-%e0%a6%ac%e0%a7%80%e0%a6%b0%e0%a7%8d%e0%a6%af-%e0%a6%93-%e0%a6%95%e0%a6%ae-%e0%a6%9f%e0%a6%be%e0%a6%87%e0%a6%ae%e0%a6%bf%e0%a6%82%e0%a6%af%e0%a6%bc/" "Mozilla/5.0 (Linux; Android 10; K) AppleWebKit/537.36 (KHTML, like Gecko) Chrome/142.0.0.0 Mobile Safari/537.36"
58.145.190.236 - - [30/Nov/2025:13:33:23 +0000] "GET /wp-content/themes/woodmart/js/scripts/global/callPhotoSwipe.min.js?ver=8.2.7 HTTP/2" 200 523 "https://alkhidmahnaturalcare.com/product/%e0%a6%aa%e0%a6%be%e0%a6%a4%e0%a6%b2%e0%a6%be-%e0%a6%ac%e0%a7%80%e0%a6%b0%e0%a7%8d%e0%a6%af-%e0%a6%93-%e0%a6%95%e0%a6%ae-%e0%a6%9f%e0%a6%be%e0%a6%87%e0%a6%ae%e0%a6%bf%e0%a6%82%e0%a6%af%e0%a6%bc/" "Mozilla/5.0 (Linux; Android 10; K) AppleWebKit/537.36 (KHTML, like Gecko) Chrome/142.0.0.0 Mobile Safari/537.36"
58.145.190.236 - - [30/Nov/2025:13:33:23 +0000] "GET /wp-content/themes/woodmart/js/scripts/wc/singleProductTabsAccordion.min.js?ver=8.2.7 HTTP/2" 200 468 "https://alkhidmahnaturalcare.com/product/%e0%a6%aa%e0%a6%be%e0%a6%a4%e0%a6%b2%e0%a6%be-%e0%a6%ac%e0%a7%80%e0%a6%b0%e0%a7%8d%e0%a6%af-%e0%a6%93-%e0%a6%95%e0%a6%ae-%e0%a6%9f%e0%a6%be%e0%a6%87%e0%a6%ae%e0%a6%bf%e0%a6%82%e0%a6%af%e0%a6%bc/" "Mozilla/5.0 (Linux; Android 10; K) AppleWebKit/537.36 (KHTML, like Gecko) Chrome/142.0.0.0 Mobile Safari/537.36"
58.145.190.236 - - [30/Nov/2025:13:33:23 +0000] "GET /wp-content/themes/woodmart/js/libs/photoswipe-bundle.min.js?ver=8.2.7 HTTP/2" 200 13671 "https://alkhidmahnaturalcare.com/product/%e0%a6%aa%e0%a6%be%e0%a6%a4%e0%a6%b2%e0%a6%be-%e0%a6%ac%e0%a7%80%e0%a6%b0%e0%a7%8d%e0%a6%af-%e0%a6%93-%e0%a6%95%e0%a6%ae-%e0%a6%9f%e0%a6%be%e0%a6%87%e0%a6%ae%e0%a6%bf%e0%a6%82%e0%a6%af%e0%a6%bc/" "Mozilla/5.0 (Linux; Android 10; K) AppleWebKit/537.36 (KHTML, like Gecko) Chrome/142.0.0.0 Mobile Safari/537.36"
58.145.190.236 - - [30/Nov/2025:13:33:23 +0000] "GET /wp-content/themes/woodmart/js/scripts/elements/accordion.min.js?ver=8.2.7 HTTP/2" 200 879 "https://alkhidmahnaturalcare.com/product/%e0%a6%aa%e0%a6%be%e0%a6%a4%e0%a6%b2%e0%a6%be-%e0%a6%ac%e0%a7%80%e0%a6%b0%e0%a7%8d%e0%a6%af-%e0%a6%93-%e0%a6%95%e0%a6%ae-%e0%a6%9f%e0%a6%be%e0%a6%87%e0%a6%ae%e0%a6%bf%e0%a6%82%e0%a6%af%e0%a6%bc/" "Mozilla/5.0 (Linux; Android 10; K) AppleWebKit/537.36 (KHTML, like Gecko) Chrome/142.0.0.0 Mobile Safari/537.36"
58.145.190.236 - - [30/Nov/2025:13:33:23 +0000] "GET /wp-content/themes/woodmart/js/scripts/wc/productHover.min.js?ver=8.2.7 HTTP/2" 200 887 "https://alkhidmahnaturalcare.com/product/%e0%a6%aa%e0%a6%be%e0%a6%a4%e0%a6%b2%e0%a6%be-%e0%a6%ac%e0%a7%80%e0%a6%b0%e0%a7%8d%e0%a6%af-%e0%a6%93-%e0%a6%95%e0%a6%ae-%e0%a6%9f%e0%a6%be%e0%a6%87%e0%a6%ae%e0%a6%bf%e0%a6%82%e0%a6%af%e0%a6%bc/" "Mozilla/5.0 (Linux; Android 10; K) AppleWebKit/537.36 (KHTML, like Gecko) Chrome/142.0.0.0 Mobile Safari/537.36"
58.145.190.236 - - [30/Nov/2025:13:33:24 +0000] "GET /wp-content/themes/woodmart/js/scripts/wc/productMoreDescription.min.js?ver=8.2.7 HTTP/2" 200 476 "https://alkhidmahnaturalcare.com/product/%e0%a6%aa%e0%a6%be%e0%a6%a4%e0%a6%b2%e0%a6%be-%e0%a6%ac%e0%a7%80%e0%a6%b0%e0%a7%8d%e0%a6%af-%e0%a6%93-%e0%a6%95%e0%a6%ae-%e0%a6%9f%e0%a6%be%e0%a6%87%e0%a6%ae%e0%a6%bf%e0%a6%82%e0%a6%af%e0%a6%bc/" "Mozilla/5.0 (Linux; Android 10; K) AppleWebKit/537.36 (KHTML, like Gecko) Chrome/142.0.0.0 Mobile Safari/537.36"
58.145.190.236 - - [30/Nov/2025:13:33:24 +0000] "GET /wp-content/themes/woodmart/js/scripts/wc/stickyAddToCart.min.js?ver=8.2.7 HTTP/2" 200 609 "https://alkhidmahnaturalcare.com/product/%e0%a6%aa%e0%a6%be%e0%a6%a4%e0%a6%b2%e0%a6%be-%e0%a6%ac%e0%a7%80%e0%a6%b0%e0%a7%8d%e0%a6%af-%e0%a6%93-%e0%a6%95%e0%a6%ae-%e0%a6%9f%e0%a6%be%e0%a6%87%e0%a6%ae%e0%a6%bf%e0%a6%82%e0%a6%af%e0%a6%bc/" "Mozilla/5.0 (Linux; Android 10; K) AppleWebKit/537.36 (KHTML, like Gecko) Chrome/142.0.0.0 Mobile Safari/537.36"
58.145.190.236 - - [30/Nov/2025:13:33:24 +0000] "GET /wp-content/plugins/woocommerce/assets/js/zoom/jquery.zoom.min.js?ver=1.7.21-wc.10.3.5 HTTP/2" 200 1052 "https://alkhidmahnaturalcare.com/product/%e0%a6%aa%e0%a6%be%e0%a6%a4%e0%a6%b2%e0%a6%be-%e0%a6%ac%e0%a7%80%e0%a6%b0%e0%a7%8d%e0%a6%af-%e0%a6%93-%e0%a6%95%e0%a6%ae-%e0%a6%9f%e0%a6%be%e0%a6%87%e0%a6%ae%e0%a6%bf%e0%a6%82%e0%a6%af%e0%a6%bc/" "Mozilla/5.0 (Linux; Android 10; K) AppleWebKit/537.36 (KHTML, like Gecko) Chrome/142.0.0.0 Mobile Safari/537.36"
58.145.190.236 - - [30/Nov/2025:13:33:24 +0000] "GET /wp-content/plugins/woocommerce/assets/js/frontend/single-product.min.js?ver=10.3.5 HTTP/2" 200 2677 "https://alkhidmahnaturalcare.com/product/%e0%a6%aa%e0%a6%be%e0%a6%a4%e0%a6%b2%e0%a6%be-%e0%a6%ac%e0%a7%80%e0%a6%b0%e0%a7%8d%e0%a6%af-%e0%a6%93-%e0%a6%95%e0%a6%ae-%e0%a6%9f%e0%a6%be%e0%a6%87%e0%a6%ae%e0%a6%bf%e0%a6%82%e0%a6%af%e0%a6%bc/" "Mozilla/5.0 (Linux; Android 10; K) AppleWebKit/537.36 (KHTML, like Gecko) Chrome/142.0.0.0 Mobile Safari/537.36"
58.145.190.236 - - [30/Nov/2025:13:33:24 +0000] "GET /wp-content/uploads/2021/10/brand-witra.png HTTP/2" 200 1141 "https://alkhidmahnaturalcare.com/product/%e0%a6%aa%e0%a6%be%e0%a6%a4%e0%a6%b2%e0%a6%be-%e0%a6%ac%e0%a7%80%e0%a6%b0%e0%a7%8d%e0%a6%af-%e0%a6%93-%e0%a6%95%e0%a6%ae-%e0%a6%9f%e0%a6%be%e0%a6%87%e0%a6%ae%e0%a6%bf%e0%a6%82%e0%a6%af%e0%a6%bc/" "Mozilla/5.0 (Linux; Android 10; K) AppleWebKit/537.36 (KHTML, like Gecko) Chrome/142.0.0.0 Mobile Safari/537.36"
58.145.190.236 - - [30/Nov/2025:13:33:24 +0000] "GET /product/%e0%a6%b6%e0%a6%95%e0%a7%8d%e0%a6%a4%e0%a6%bf-%e0%a6%ac%e0%a7%83%e0%a6%a6%e0%a7%8d%e0%a6%a7%e0%a6%bf-%e0%a6%93-%e0%a6%a6%e0%a7%8d%e0%a6%b0%e0%a7%81%e0%a6%a4-%e0%a6%ac%e0%a7%80%e0%a6%b0%e0%a7%8d/ HTTP/2" 500 1021 "https://alkhidmahnaturalcare.com/product/%e0%a6%aa%e0%a6%be%e0%a6%a4%e0%a6%b2%e0%a6%be-%e0%a6%ac%e0%a7%80%e0%a6%b0%e0%a7%8d%e0%a6%af-%e0%a6%93-%e0%a6%95%e0%a6%ae-%e0%a6%9f%e0%a6%be%e0%a6%87%e0%a6%ae%e0%a6%bf%e0%a6%82%e0%a6%af%e0%a6%bc/" "Mozilla/5.0 (Linux; Android 10; K) AppleWebKit/537.36 (KHTML, like Gecko) Chrome/142.0.0.0 Mobile Safari/537.36"
58.145.190.236 - - [30/Nov/2025:13:33:24 +0000] "GET /wp-content/uploads/2021/08/brand-klober.png HTTP/2" 200 8340 "https://alkhidmahnaturalcare.com/product/%e0%a6%aa%e0%a6%be%e0%a6%a4%e0%a6%b2%e0%a6%be-%e0%a6%ac%e0%a7%80%e0%a6%b0%e0%a7%8d%e0%a6%af-%e0%a6%93-%e0%a6%95%e0%a6%ae-%e0%a6%9f%e0%a6%be%e0%a6%87%e0%a6%ae%e0%a6%bf%e0%a6%82%e0%a6%af%e0%a6%bc/" "Mozilla/5.0 (Linux; Android 10; K) AppleWebKit/537.36 (KHTML, like Gecko) Chrome/142.0.0.0 Mobile Safari/537.36"
58.145.190.236 - - [30/Nov/2025:13:33:25 +0000] "GET /wp-content/uploads/2021/08/brand-Joseph-Joseph.png HTTP/2" 200 24733 "https://alkhidmahnaturalcare.com/product/%e0%a6%aa%e0%a6%be%e0%a6%a4%e0%a6%b2%e0%a6%be-%e0%a6%ac%e0%a7%80%e0%a6%b0%e0%a7%8d%e0%a6%af-%e0%a6%93-%e0%a6%95%e0%a6%ae-%e0%a6%9f%e0%a6%be%e0%a6%87%e0%a6%ae%e0%a6%bf%e0%a6%82%e0%a6%af%e0%a6%bc/" "Mozilla/5.0 (Linux; Android 10; K) AppleWebKit/537.36 (KHTML, like Gecko) Chrome/142.0.0.0 Mobile Safari/537.36"
58.145.190.236 - - [30/Nov/2025:13:33:25 +0000] "GET /wp-content/uploads/2021/08/brand-hay.png HTTP/2" 200 7834 "https://alkhidmahnaturalcare.com/product/%e0%a6%aa%e0%a6%be%e0%a6%a4%e0%a6%b2%e0%a6%be-%e0%a6%ac%e0%a7%80%e0%a6%b0%e0%a7%8d%e0%a6%af-%e0%a6%93-%e0%a6%95%e0%a6%ae-%e0%a6%9f%e0%a6%be%e0%a6%87%e0%a6%ae%e0%a6%bf%e0%a6%82%e0%a6%af%e0%a6%bc/" "Mozilla/5.0 (Linux; Android 10; K) AppleWebKit/537.36 (KHTML, like Gecko) Chrome/142.0.0.0 Mobile Safari/537.36"
58.145.190.236 - - [30/Nov/2025:13:33:25 +0000] "GET /wp-content/uploads/2021/08/brand-Magisso.png HTTP/2" 200 4892 "https://alkhidmahnaturalcare.com/product/%e0%a6%aa%e0%a6%be%e0%a6%a4%e0%a6%b2%e0%a6%be-%e0%a6%ac%e0%a7%80%e0%a6%b0%e0%a7%8d%e0%a6%af-%e0%a6%93-%e0%a6%95%e0%a6%ae-%e0%a6%9f%e0%a6%be%e0%a6%87%e0%a6%ae%e0%a6%bf%e0%a6%82%e0%a6%af%e0%a6%bc/" "Mozilla/5.0 (Linux; Android 10; K) AppleWebKit/537.36 (KHTML, like Gecko) Chrome/142.0.0.0 Mobile Safari/537.36"
58.145.190.236 - - [30/Nov/2025:13:33:25 +0000] "GET /wp-content/uploads/2021/08/brand-Louis-Poulsen.png HTTP/2" 200 19376 "https://alkhidmahnaturalcare.com/product/%e0%a6%aa%e0%a6%be%e0%a6%a4%e0%a6%b2%e0%a6%be-%e0%a6%ac%e0%a7%80%e0%a6%b0%e0%a7%8d%e0%a6%af-%e0%a6%93-%e0%a6%95%e0%a6%ae-%e0%a6%9f%e0%a6%be%e0%a6%87%e0%a6%ae%e0%a6%bf%e0%a6%82%e0%a6%af%e0%a6%bc/" "Mozilla/5.0 (Linux; Android 10; K) AppleWebKit/537.36 (KHTML, like Gecko) Chrome/142.0.0.0 Mobile Safari/537.36"
58.145.190.236 - - [30/Nov/2025:13:33:25 +0000] "GET /wp-content/uploads/2021/08/brand-Eva-Solo.png HTTP/2" 200 3752 "https://alkhidmahnaturalcare.com/product/%e0%a6%aa%e0%a6%be%e0%a6%a4%e0%a6%b2%e0%a6%be-%e0%a6%ac%e0%a7%80%e0%a6%b0%e0%a7%8d%e0%a6%af-%e0%a6%93-%e0%a6%95%e0%a6%ae-%e0%a6%9f%e0%a6%be%e0%a6%87%e0%a6%ae%e0%a6%bf%e0%a6%82%e0%a6%af%e0%a6%bc/" "Mozilla/5.0 (Linux; Android 10; K) AppleWebKit/537.36 (KHTML, like Gecko) Chrome/142.0.0.0 Mobile Safari/537.36"
58.145.190.236 - - [30/Nov/2025:13:33:25 +0000] "GET /wp-content/uploads/2021/08/brand-alessi.png HTTP/2" 200 3414 "https://alkhidmahnaturalcare.com/product/%e0%a6%aa%e0%a6%be%e0%a6%a4%e0%a6%b2%e0%a6%be-%e0%a6%ac%e0%a7%80%e0%a6%b0%e0%a7%8d%e0%a6%af-%e0%a6%93-%e0%a6%95%e0%a6%ae-%e0%a6%9f%e0%a6%be%e0%a6%87%e0%a6%ae%e0%a6%bf%e0%a6%82%e0%a6%af%e0%a6%bc/" "Mozilla/5.0 (Linux; Android 10; K) AppleWebKit/537.36 (KHTML, like Gecko) Chrome/142.0.0.0 Mobile Safari/537.36"
58.145.190.236 - - [30/Nov/2025:13:33:25 +0000] "GET /wp-content/uploads/2025/11/1.webp HTTP/2" 200 76970 "https://alkhidmahnaturalcare.com/product/%e0%a6%aa%e0%a6%be%e0%a6%a4%e0%a6%b2%e0%a6%be-%e0%a6%ac%e0%a7%80%e0%a6%b0%e0%a7%8d%e0%a6%af-%e0%a6%93-%e0%a6%95%e0%a6%ae-%e0%a6%9f%e0%a6%be%e0%a6%87%e0%a6%ae%e0%a6%bf%e0%a6%82%e0%a6%af%e0%a6%bc/" "Mozilla/5.0 (Linux; Android 10; K) AppleWebKit/537.36 (KHTML, like Gecko) Chrome/142.0.0.0 Mobile Safari/537.36"
58.145.190.236 - - [30/Nov/2025:13:33:25 +0000] "GET /wp-content/uploads/2021/08/brand-flos.png HTTP/2" 200 4817 "https://alkhidmahnaturalcare.com/product/%e0%a6%aa%e0%a6%be%e0%a6%a4%e0%a6%b2%e0%a6%be-%e0%a6%ac%e0%a7%80%e0%a6%b0%e0%a7%8d%e0%a6%af-%e0%a6%93-%e0%a6%95%e0%a6%ae-%e0%a6%9f%e0%a6%be%e0%a6%87%e0%a6%ae%e0%a6%bf%e0%a6%82%e0%a6%af%e0%a6%bc/" "Mozilla/5.0 (Linux; Android 10; K) AppleWebKit/537.36 (KHTML, like Gecko) Chrome/142.0.0.0 Mobile Safari/537.36"
217.113.194.121 - - [30/Nov/2025:13:33:25 +0000] "GET /shop/?per_page=12&filter_brand=37&filter_cat=112%2C121%2C117%2C122&column=2 HTTP/2" 200 31478 "-" "Mozilla/5.0 (compatible; Barkrowler/0.9; +https://babbar.tech/crawler)"
58.145.190.236 - - [30/Nov/2025:13:33:25 +0000] "GET /product-category/combo-pack/ HTTP/2" 200 29496 "https://alkhidmahnaturalcare.com/product/%e0%a6%aa%e0%a6%be%e0%a6%a4%e0%a6%b2%e0%a6%be-%e0%a6%ac%e0%a7%80%e0%a6%b0%e0%a7%8d%e0%a6%af-%e0%a6%93-%e0%a6%95%e0%a6%ae-%e0%a6%9f%e0%a6%be%e0%a6%87%e0%a6%ae%e0%a6%bf%e0%a6%82%e0%a6%af%e0%a6%bc/" "Mozilla/5.0 (Linux; Android 10; K) AppleWebKit/537.36 (KHTML, like Gecko) Chrome/142.0.0.0 Mobile Safari/537.36"
154.54.249.204 - - [30/Nov/2025:13:33:41 +0000] "GET /shop/?per_page=12&filter_cat=117%2C115%2C114%2C122&filter_brand=40&column=1 HTTP/2" 200 31469 "-" "Mozilla/5.0 (compatible; Barkrowler/0.9; +https://babbar.tech/crawler)"
66.249.70.169 - - [30/Nov/2025:13:33:46 +0000] "GET /wp-login.php?redirect_to=https%3A%2F%2Falkhidmahnaturalcare.com%2F%3F_g%3D1520571 HTTP/2" 200 1911 "-" "Mozilla/5.0 (Linux; Android 6.0.1; Nexus 5X Build/MMB29P) AppleWebKit/537.36 (KHTML, like Gecko) Chrome/141.0.7390.122 Mobile Safari/537.36 (compatible; Googlebot/2.1; +http://www.google.com/bot.html)"
217.113.194.225 - - [30/Nov/2025:13:33:57 +0000] "GET /shop/?per_page=12&filter_cat=115%2C113%2C116&filter_brand=38&filter_campaign=50 HTTP/2" 200 31556 "-" "Mozilla/5.0 (compatible; Barkrowler/0.9; +https://babbar.tech/crawler)"
217.113.194.117 - - [30/Nov/2025:13:34:13 +0000] "GET /shop/?per_page=12&filter_cat=112%2C15%2C121%2C114&column=4&filter_campaign=50 HTTP/2" 200 31552 "-" "Mozilla/5.0 (compatible; Barkrowler/0.9; +https://babbar.tech/crawler)"
107.181.234.74 - - [30/Nov/2025:13:34:31 +0000] "POST /wp-cron.php?doing_wp_cron=1764509670.9341709613800048828125 HTTP/2" 200 0 "-" "WordPress/6.8.3; https://alkhidmahnaturalcare.com"
217.113.194.114 - - [30/Nov/2025:13:34:29 +0000] "GET /shop/?per_page=12&filter_cat=112%2C15%2C121%2C117&column=3&filter_campaign=51 HTTP/2" 200 31498 "-" "Mozilla/5.0 (compatible; Barkrowler/0.9; +https://babbar.tech/crawler)"
217.113.194.119 - - [30/Nov/2025:13:34:46 +0000] "GET /shop/?per_page=12&filter_cat=112%2C117%2C15%2C114&column=2&filter_campaign=50 HTTP/2" 200 31760 "-" "Mozilla/5.0 (compatible; Barkrowler/0.9; +https://babbar.tech/crawler)"
107.181.234.74 - - [30/Nov/2025:13:35:03 +0000] "POST /wp-cron.php?doing_wp_cron=1764509703.6680209636688232421875 HTTP/2" 200 0 "-" "WordPress/6.8.3; https://alkhidmahnaturalcare.com"
217.113.194.112 - - [30/Nov/2025:13:35:03 +0000] "GET /shop/?per_page=12&filter_cat=113%2C112%2C114%2C122&filter_brand=40&column=4 HTTP/2" 200 31596 "-" "Mozilla/5.0 (compatible; Barkrowler/0.9; +https://babbar.tech/crawler)"
217.113.194.112 - - [30/Nov/2025:13:35:19 +0000] "GET /shop/?per_page=12&filter_cat=114%2C113%2C116&filter_brand=42&filter_campaign=50 HTTP/2" 200 31456 "-" "Mozilla/5.0 (compatible; Barkrowler/0.9; +https://babbar.tech/crawler)"
107.181.234.74 - - [30/Nov/2025:13:35:37 +0000] "POST /wp-cron.php?doing_wp_cron=1764509737.2566208839416503906250 HTTP/2" 200 0 "-" "WordPress/6.8.3; https://alkhidmahnaturalcare.com"
154.54.249.204 - - [30/Nov/2025:13:35:36 +0000] "GET /shop/?per_page=12&filter_cat=114%2C15%2C121%2C117&column=3&filter_campaign=51 HTTP/2" 200 31557 "-" "Mozilla/5.0 (compatible; Barkrowler/0.9; +https://babbar.tech/crawler)"
66.249.70.169 - - [30/Nov/2025:13:35:38 +0000] "GET /wp-login.php?redirect_to=https%3A%2F%2Falkhidmahnaturalcare.com%2F%3F_g%3D1846929 HTTP/2" 200 1912 "-" "Mozilla/5.0 (Linux; Android 6.0.1; Nexus 5X Build/MMB29P) AppleWebKit/537.36 (KHTML, like Gecko) Chrome/141.0.7390.122 Mobile Safari/537.36 (compatible; Googlebot/2.1; +http://www.google.com/bot.html)"
58.145.190.236 - - [30/Nov/2025:13:35:51 +0000] "POST /?wc-ajax=get_refreshed_fragments HTTP/2" 200 538 "https://alkhidmahnaturalcare.com/" "Mozilla/5.0 (Linux; Android 10; K) AppleWebKit/537.36 (KHTML, like Gecko) Chrome/142.0.0.0 Mobile Safari/537.36"
154.54.249.204 - - [30/Nov/2025:13:35:53 +0000] "GET /shop/?per_page=12&filter_cat=114%2C15%2C121%2C113&column=2&filter_campaign=50 HTTP/2" 200 31457 "-" "Mozilla/5.0 (compatible; Barkrowler/0.9; +https://babbar.tech/crawler)"
58.145.190.236 - - [30/Nov/2025:13:35:54 +0000] "GET /product/%e0%a6%aa%e0%a7%81%e0%a6%b0%e0%a7%81%e0%a6%b7%e0%a7%87%e0%a6%b0-%e0%a6%aa%e0%a7%87%e0%a6%a8%e0%a6%bf%e0%a6%b8%e0%a7%87%e0%a6%b0-%e0%a6%af%e0%a6%be%e0%a6%ac%e0%a6%a4%e0%a7%80%e0%a6%af%e0%a6%bc/ HTTP/2" 200 34548 "https://alkhidmahnaturalcare.com/" "Mozilla/5.0 (Linux; Android 10; K) AppleWebKit/537.36 (KHTML, like Gecko) Chrome/142.0.0.0 Mobile Safari/537.36"
58.145.190.236 - - [30/Nov/2025:13:36:00 +0000] "GET /product/%e0%a6%b0%e0%a6%be%e0%a6%a4%e0%a7%87%e0%a6%b0-%e0%a6%b0%e0%a6%be%e0%a6%9c%e0%a6%be-%e0%a6%aa%e0%a6%be%e0%a6%93%e0%a6%af%e0%a6%bc%e0%a6%be%e0%a6%b0-%e0%a6%97%e0%a7%8b%e0%a6%b2%e0%a7%8d%e0%a6%a1/ HTTP/2" 500 1021 "https://alkhidmahnaturalcare.com/" "Mozilla/5.0 (Linux; Android 10; K) AppleWebKit/537.36 (KHTML, like Gecko) Chrome/142.0.0.0 Mobile Safari/537.36"
58.145.190.236 - - [30/Nov/2025:13:36:03 +0000] "GET /product/%e0%a6%86%e0%a6%b0-%e0%a6%a8%e0%a6%af%e0%a6%bc-%e0%a6%b9%e0%a6%a4%e0%a6%be%e0%a6%b6%e0%a6%be-%e0%a6%aa%e0%a7%8d%e0%a6%b0%e0%a6%95%e0%a7%83%e0%a6%a4%e0%a6%bf%e0%a6%b0-%e0%a6%9b%e0%a7%8b%e0%a6%81/ HTTP/2" 200 32040 "https://alkhidmahnaturalcare.com/" "Mozilla/5.0 (Linux; Android 10; K) AppleWebKit/537.36 (KHTML, like Gecko) Chrome/142.0.0.0 Mobile Safari/537.36"
58.145.190.236 - - [30/Nov/2025:13:36:06 +0000] "GET /product/%e0%a6%b8%e0%a7%8d%e0%a6%a4%e0%a7%8d%e0%a6%b0%e0%a7%80%e0%a6%b0-%e0%a6%95%e0%a6%be%e0%a6%9b%e0%a7%87-%e0%a6%ae%e0%a6%bf%e0%a6%b8%e0%a6%be%e0%a6%87%e0%a6%b2-%e0%a6%8f%e0%a6%b0-%e0%a6%ae%e0%a6%a4/ HTTP/2" 200 33457 "https://alkhidmahnaturalcare.com/" "Mozilla/5.0 (Linux; Android 10; K) AppleWebKit/537.36 (KHTML, like Gecko) Chrome/142.0.0.0 Mobile Safari/537.36"
217.113.194.225 - - [30/Nov/2025:13:36:09 +0000] "GET /shop/?per_page=18&filter_brand=41&filter_cat=15%2C115%2C122%2C112&column=5 HTTP/2" 200 33535 "-" "Mozilla/5.0 (compatible; Barkrowler/0.9; +https://babbar.tech/crawler)"
58.145.190.236 - - [30/Nov/2025:13:36:10 +0000] "GET /product/%e0%a6%b0%e0%a6%bf%e0%a6%af%e0%a6%bc%e0%a7%87%e0%a6%b2-%e0%a6%b0%e0%a6%be%e0%a6%9c%e0%a6%ae%e0%a6%a3%e0%a6%bf-%e0%a6%ac%e0%a6%9f%e0%a6%bf%e0%a6%95%e0%a6%be-%e0%a6%aa%e0%a7%81%e0%a6%b0/ HTTP/2" 500 1021 "https://alkhidmahnaturalcare.com/" "Mozilla/5.0 (Linux; Android 10; K) AppleWebKit/537.36 (KHTML, like Gecko) Chrome/142.0.0.0 Mobile Safari/537.36"
58.145.190.236 - - [30/Nov/2025:13:36:13 +0000] "GET /product/%e0%a6%aa%e0%a7%81%e0%a6%b0%e0%a7%81%e0%a6%b7%e0%a6%a4%e0%a7%8d%e0%a6%ac%e0%a7%87-%e0%a6%86%e0%a6%b8%e0%a7%8d%e0%a6%a5%e0%a6%be-%e0%a6%86%e0%a6%a4%e0%a7%8d%e0%a6%ae%e0%a6%ac%e0%a6%bf%e0%a6%b6/ HTTP/2" 200 34264 "https://alkhidmahnaturalcare.com/" "Mozilla/5.0 (Linux; Android 10; K) AppleWebKit/537.36 (KHTML, like Gecko) Chrome/142.0.0.0 Mobile Safari/537.36"
217.113.194.116 - - [30/Nov/2025:13:36:25 +0000] "GET /shop/?per_page=18&filter_brand=41%2C35&filter_cat=117%2C114%2C121&column=1 HTTP/2" 200 33272 "-" "Mozilla/5.0 (compatible; Barkrowler/0.9; +https://babbar.tech/crawler)"
107.181.234.74 - - [30/Nov/2025:13:36:32 +0000] "POST /wp-cron.php?doing_wp_cron=1764509792.7902820110321044921875 HTTP/2" 200 0 "-" "WordPress/6.8.3; https://alkhidmahnaturalcare.com"
66.249.70.170 - - [30/Nov/2025:13:36:32 +0000] "GET /wp-login.php?redirect_to=https%3A%2F%2Falkhidmahnaturalcare.com%2F%3F_g%3D2504431 HTTP/2" 200 1911 "-" "Mozilla/5.0 (Linux; Android 6.0.1; Nexus 5X Build/MMB29P) AppleWebKit/537.36 (KHTML, like Gecko) Chrome/141.0.7390.122 Mobile Safari/537.36 (compatible; Googlebot/2.1; +http://www.google.com/bot.html)"
43.131.243.61 - - [30/Nov/2025:13:36:40 +0000] "GET /2021/08/27/green-interior-design-inspiration/ HTTP/2" 200 29996 "-" "Mozilla/5.0 (iPhone; CPU iPhone OS 13_2_3 like Mac OS X) AppleWebKit/605.1.15 (KHTML, like Gecko) Version/13.0.3 Mobile/15E148 Safari/604.1"
217.113.194.226 - - [30/Nov/2025:13:36:41 +0000] "GET /shop/?per_page=18&filter_cat=115%2C15%2C121%2C117&column=3&filter_campaign=51 HTTP/2" 200 33390 "-" "Mozilla/5.0 (compatible; Barkrowler/0.9; +https://babbar.tech/crawler)"
20.253.155.235 - - [30/Nov/2025:13:36:55 +0000] "POST /xmlrpc.php HTTP/2" 200 205 "-" "Mozilla/5.0 (Windows NT 6.0; Win64; x64) AppleWebKit/537.36 (KHTML, like Gecko) Chrome/52.0.2743.116 Safari/537.36 Edge/15.15063"
217.113.194.114 - - [30/Nov/2025:13:36:57 +0000] "GET /shop/?per_page=18&filter_cat=114%2C113%2C112%2C121&filter_brand=40&column=5 HTTP/2" 200 33473 "-" "Mozilla/5.0 (compatible; Barkrowler/0.9; +https://babbar.tech/crawler)"
217.113.194.225 - - [30/Nov/2025:13:37:13 +0000] "GET /shop/?per_page=18&filter_cat=114%2C112%2C113%2C117&filter_brand=37&column=3 HTTP/2" 200 33469 "-" "Mozilla/5.0 (compatible; Barkrowler/0.9; +https://babbar.tech/crawler)"
66.249.70.170 - - [30/Nov/2025:13:37:26 +0000] "GET /?_g=1117966 HTTP/2" 200 34281 "-" "Mozilla/5.0 (Linux; Android 6.0.1; Nexus 5X Build/MMB29P) AppleWebKit/537.36 (KHTML, like Gecko) Chrome/141.0.7390.122 Mobile Safari/537.36 (compatible; Googlebot/2.1; +http://www.google.com/bot.html)"
66.249.70.171 - - [30/Nov/2025:13:37:27 +0000] "GET /shop/?column=4&filter_cat=117,115&per_page=18&add-to-cart=10147&filter_brand=40%2C38&filter_campaign=50 HTTP/2" 200 33578 "-" "Mozilla/5.0 (Linux; Android 6.0.1; Nexus 5X Build/MMB29P) AppleWebKit/537.36 (KHTML, like Gecko) Chrome/141.0.7390.122 Mobile Safari/537.36 (compatible; Googlebot/2.1; +http://www.google.com/bot.html)"
66.249.70.170 - - [30/Nov/2025:13:37:27 +0000] "GET /wp-login.php?redirect_to=https%3A%2F%2Falkhidmahnaturalcare.com%2F%3F_g%3D1434623 HTTP/2" 500 0 "-" "Mozilla/5.0 (Linux; Android 6.0.1; Nexus 5X Build/MMB29P) AppleWebKit/537.36 (KHTML, like Gecko) Chrome/141.0.7390.122 Mobile Safari/537.36 (compatible; Googlebot/2.1; +http://www.google.com/bot.html)"
62.60.131.254 - - [30/Nov/2025:13:37:27 +0000] "POST / HTTP/2" 200 34355 "-" "Mozilla/5.0 (Macintosh; Intel Mac OS X 10_15_7) AppleWebKit/537.36 (KHTML, like Gecko) Chrome/119.0.0.0 Safari/537.36"
107.181.234.74 - - [30/Nov/2025:13:37:30 +0000] "POST /wp-cron.php?doing_wp_cron=1764509850.1298339366912841796875 HTTP/2" 200 0 "-" "WordPress/6.8.3; https://alkhidmahnaturalcare.com"
217.113.194.119 - - [30/Nov/2025:13:37:29 +0000] "GET /shop/page/2/?filter_cat=113%2C115%2C114%2C122%2C117%2C121&per_page=12&column=4 HTTP/2" 200 31861 "-" "Mozilla/5.0 (compatible; Barkrowler/0.9; +https://babbar.tech/crawler)"
217.113.194.119 - - [30/Nov/2025:13:37:46 +0000] "GET /shop/page/4/?filter_cat=112%2C115%2C122%2C114%2C117%2C121%2C116&column=3 HTTP/2" 200 29790 "-" "Mozilla/5.0 (compatible; Barkrowler/0.9; +https://babbar.tech/crawler)"
154.53.48.99 - - [30/Nov/2025:13:37:50 +0000] "POST / HTTP/2" 200 34355 "-" "Mozilla/5.0 (Windows NT 10.0; Win64; x64) AppleWebKit/537.36 (KHTML, like Gecko) Chrome/116.0.0.0 Safari/537.36"
185.114.234.103 - - [30/Nov/2025:13:38:01 +0000] "POST /wp-content/plugins/woocommerce/templates/order/order-downloads.php HTTP/2" 200 0 "-" "Mozilla/5.0 (Windows NT 10.0; Win64; x64) AppleWebKit/537.36 (KHTML, like Gecko) Chrome/101.0.4951.64 Safari/537.36 Edg/101.0.1210.47"
217.113.194.121 - - [30/Nov/2025:13:38:02 +0000] "GET /shop/page/4/?per_page=12&filter_cat=122%2C112%2C15%2C121%2C114&column=3 HTTP/2" 200 29888 "-" "Mozilla/5.0 (compatible; Barkrowler/0.9; +https://babbar.tech/crawler)"
205.196.209.198 - - [30/Nov/2025:13:38:07 +0000] "POST /wp-content/plugins/woocommerce/templates/order/order-downloads.php HTTP/2" 200 0 "-" "Mozilla/5.0 (Macintosh; Intel Mac OS X 10_15_7) AppleWebKit/605.1.15 (KHTML, like Gecko) Version/17.0 Safari/605.1.15"
154.54.249.204 - - [30/Nov/2025:13:38:18 +0000] "GET /shop/page/24/?per_page=24&filter_cat=117%2C115%2C113%2C116%2C121&column=2 HTTP/2" 404 21891 "-" "Mozilla/5.0 (compatible; Barkrowler/0.9; +https://babbar.tech/crawler)"
72.167.46.126 - - [30/Nov/2025:13:38:24 +0000] "POST /wp-content/plugins/woocommerce/templates/order/order-downloads.php HTTP/2" 200 0 "-" "Mozilla/5.0 (Windows NT 10.0; Win64; x64) AppleWebKit/537.36 (KHTML, like Gecko) Chrome/104.0.0.0 Safari/537.36"
107.181.234.74 - - [30/Nov/2025:13:38:34 +0000] "POST /wp-cron.php?doing_wp_cron=1764509914.8244218826293945312500 HTTP/2" 200 0 "-" "WordPress/6.8.3; https://alkhidmahnaturalcare.com"
217.113.194.225 - - [30/Nov/2025:13:38:34 +0000] "GET /shop/page/16/?per_page=12&filter_cat=116%2C112%2C15%2C121%2C114&column=3 HTTP/2" 404 21901 "-" "Mozilla/5.0 (compatible; Barkrowler/0.9; +https://babbar.tech/crawler)"
195.20.233.67 - - [30/Nov/2025:13:38:38 +0000] "POST /wp-content/plugins/woocommerce/templates/order/order-downloads.php HTTP/2" 200 0 "-" "Mozilla/5.0 (Macintosh; Intel Mac OS X 10_15_7) AppleWebKit/605.1.15 (KHTML, like Gecko) Version/15.5 Safari/605.1.15"
66.249.70.164 - - [30/Nov/2025:13:38:39 +0000] "GET /wp-login.php?redirect_to=https%3A%2F%2Falkhidmahnaturalcare.com%2F%3F_g%3D664401 HTTP/2" 200 1910 "-" "Mozilla/5.0 (Linux; Android 6.0.1; Nexus 5X Build/MMB29P) AppleWebKit/537.36 (KHTML, like Gecko) Chrome/141.0.7390.122 Mobile Safari/537.36 (compatible; Googlebot/2.1; +http://www.google.com/bot.html)"
69.49.112.72 - - [30/Nov/2025:13:38:45 +0000] "GET /wp-content/plugins/woocommerce/assets/client/admin/product-editor/blocks/product-fields/product-variation-items-field/mantox.php HTTP/2" 404 21866 "-" "Mozilla/5.0 (Windows NT 10.0; Win64; x64) AppleWebKit/537.36 (KHTML, like Gecko) Chrome/101.0.4951.67 Safari/537.36"
217.113.194.120 - - [30/Nov/2025:13:38:50 +0000] "GET /shop/page/17/?per_page=9&filter_cat=122%2C112%2C15%2C121%2C114&column=2 HTTP/2" 500 1021 "-" "Mozilla/5.0 (compatible; Barkrowler/0.9; +https://babbar.tech/crawler)"
217.113.194.116 - - [30/Nov/2025:13:39:06 +0000] "GET /shop/page/33/?per_page=24&filter_cat=117%2C112%2C115%2C116%2C113&column=2 HTTP/2" 404 21890 "-" "Mozilla/5.0 (compatible; Barkrowler/0.9; +https://babbar.tech/crawler)"
217.113.194.116 - - [30/Nov/2025:13:39:23 +0000] "GET /shop/page/32/?per_page=24&filter_cat=117%2C112%2C113%2C116%2C115&column=5 HTTP/2" 404 21886 "-" "Mozilla/5.0 (compatible; Barkrowler/0.9; +https://babbar.tech/crawler)"
