154.54.249.204 - - [30/Nov/2025:12:15:07 +0000] "GET /shop/page/29/?column=4&filter_cat=114%2C113%2C116%2C122%2C117&per_page=12 HTTP/2" 404 12027 "-" "Mozilla/5.0 (compatible; Barkrowler/0.9; +https://babbar.tech/crawler)"
118.179.97.190 - - [30/Nov/2025:12:15:06 +0000] "POST /wp-admin/admin-ajax.php HTTP/2" 200 73 "https://alkhidmahnaturalcare.com/wp-admin/options-general.php?page=updraftplus" "Mozilla/5.0 (Windows NT 10.0; Win64; x64) AppleWebKit/537.36 (KHTML, like Gecko) Chrome/142.0.0.0 Safari/537.36"
118.179.97.190 - - [30/Nov/2025:12:15:10 +0000] "POST /wp-admin/admin-ajax.php HTTP/2" 200 73 "https://alkhidmahnaturalcare.com/wp-admin/options-general.php?page=updraftplus" "Mozilla/5.0 (Windows NT 10.0; Win64; x64) AppleWebKit/537.36 (KHTML, like Gecko) Chrome/142.0.0.0 Safari/537.36"
118.179.97.190 - - [30/Nov/2025:12:15:13 +0000] "POST /wp-admin/admin-ajax.php HTTP/2" 200 73 "https://alkhidmahnaturalcare.com/wp-admin/options-general.php?page=updraftplus" "Mozilla/5.0 (Windows NT 10.0; Win64; x64) AppleWebKit/537.36 (KHTML, like Gecko) Chrome/142.0.0.0 Safari/537.36"
118.179.97.190 - - [30/Nov/2025:12:15:17 +0000] "POST /wp-admin/admin-ajax.php HTTP/2" 200 73 "https://alkhidmahnaturalcare.com/wp-admin/options-general.php?page=updraftplus" "Mozilla/5.0 (Windows NT 10.0; Win64; x64) AppleWebKit/537.36 (KHTML, like Gecko) Chrome/142.0.0.0 Safari/537.36"
66.249.70.171 - - [30/Nov/2025:12:15:21 +0000] "GET /?_g=2181314 HTTP/2" 200 10744 "-" "Mozilla/5.0 (Linux; Android 6.0.1; Nexus 5X Build/MMB29P) AppleWebKit/537.36 (KHTML, like Gecko) Chrome/141.0.7390.122 Mobile Safari/537.36 (compatible; Googlebot/2.1; +http://www.google.com/bot.html)"
217.113.194.226 - - [30/Nov/2025:12:15:22 +0000] "GET /shop/page/36/?filter_cat=117%2C114%2C113%2C115%2C112%2C122%2C121&column=3 HTTP/2" 404 12027 "-" "Mozilla/5.0 (compatible; Barkrowler/0.9; +https://babbar.tech/crawler)"
118.179.97.190 - - [30/Nov/2025:12:15:20 +0000] "POST /wp-admin/admin-ajax.php HTTP/2" 200 73 "https://alkhidmahnaturalcare.com/wp-admin/options-general.php?page=updraftplus" "Mozilla/5.0 (Windows NT 10.0; Win64; x64) AppleWebKit/537.36 (KHTML, like Gecko) Chrome/142.0.0.0 Safari/537.36"
118.179.97.190 - - [30/Nov/2025:12:15:24 +0000] "POST /wp-admin/admin-ajax.php HTTP/2" 200 73 "https://alkhidmahnaturalcare.com/wp-admin/options-general.php?page=updraftplus" "Mozilla/5.0 (Windows NT 10.0; Win64; x64) AppleWebKit/537.36 (KHTML, like Gecko) Chrome/142.0.0.0 Safari/537.36"
118.179.97.190 - - [30/Nov/2025:12:15:27 +0000] "POST /wp-admin/admin-ajax.php HTTP/2" 200 1383 "https://alkhidmahnaturalcare.com/wp-admin/options-general.php?page=updraftplus" "Mozilla/5.0 (Windows NT 10.0; Win64; x64) AppleWebKit/537.36 (KHTML, like Gecko) Chrome/142.0.0.0 Safari/537.36"
118.179.97.190 - - [30/Nov/2025:12:15:28 +0000] "POST /wp-admin/admin-ajax.php HTTP/2" 200 115 "https://alkhidmahnaturalcare.com/wp-admin/options-general.php?page=updraftplus" "Mozilla/5.0 (Windows NT 10.0; Win64; x64) AppleWebKit/537.36 (KHTML, like Gecko) Chrome/142.0.0.0 Safari/537.36"
118.179.97.190 - - [30/Nov/2025:12:15:30 +0000] "POST /wp-admin/admin-ajax.php HTTP/2" 200 1409 "https://alkhidmahnaturalcare.com/wp-admin/options-general.php?page=updraftplus" "Mozilla/5.0 (Windows NT 10.0; Win64; x64) AppleWebKit/537.36 (KHTML, like Gecko) Chrome/142.0.0.0 Safari/537.36"
118.179.97.190 - - [30/Nov/2025:12:15:30 +0000] "POST /wp-admin/admin-ajax.php HTTP/2" 200 119 "https://alkhidmahnaturalcare.com/wp-admin/options-general.php?page=updraftplus" "Mozilla/5.0 (Windows NT 10.0; Win64; x64) AppleWebKit/537.36 (KHTML, like Gecko) Chrome/142.0.0.0 Safari/537.36"
118.179.97.190 - - [30/Nov/2025:12:15:31 +0000] "POST /wp-admin/admin-ajax.php HTTP/2" 200 1443 "https://alkhidmahnaturalcare.com/wp-admin/options-general.php?page=updraftplus" "Mozilla/5.0 (Windows NT 10.0; Win64; x64) AppleWebKit/537.36 (KHTML, like Gecko) Chrome/142.0.0.0 Safari/537.36"
118.179.97.190 - - [30/Nov/2025:12:15:31 +0000] "POST /wp-admin/admin-ajax.php HTTP/2" 200 73 "https://alkhidmahnaturalcare.com/wp-admin/options-general.php?page=updraftplus" "Mozilla/5.0 (Windows NT 10.0; Win64; x64) AppleWebKit/537.36 (KHTML, like Gecko) Chrome/142.0.0.0 Safari/537.36"
118.179.97.190 - - [30/Nov/2025:12:15:34 +0000] "POST /wp-admin/admin-ajax.php HTTP/2" 200 73 "https://alkhidmahnaturalcare.com/wp-admin/options-general.php?page=updraftplus" "Mozilla/5.0 (Windows NT 10.0; Win64; x64) AppleWebKit/537.36 (KHTML, like Gecko) Chrome/142.0.0.0 Safari/537.36"
217.113.194.119 - - [30/Nov/2025:12:15:38 +0000] "GET /shop/page/38/?filter_cat=115%2C122%2C15%2C117%2C112%2C121%2C116&column=5 HTTP/2" 404 12027 "-" "Mozilla/5.0 (compatible; Barkrowler/0.9; +https://babbar.tech/crawler)"
118.179.97.190 - - [30/Nov/2025:12:15:38 +0000] "POST /wp-admin/admin-ajax.php HTTP/2" 200 73 "https://alkhidmahnaturalcare.com/wp-admin/options-general.php?page=updraftplus" "Mozilla/5.0 (Windows NT 10.0; Win64; x64) AppleWebKit/537.36 (KHTML, like Gecko) Chrome/142.0.0.0 Safari/537.36"
118.179.97.190 - - [30/Nov/2025:12:15:42 +0000] "POST /wp-admin/admin-ajax.php HTTP/2" 200 73 "https://alkhidmahnaturalcare.com/wp-admin/options-general.php?page=updraftplus" "Mozilla/5.0 (Windows NT 10.0; Win64; x64) AppleWebKit/537.36 (KHTML, like Gecko) Chrome/142.0.0.0 Safari/537.36"
118.179.97.190 - - [30/Nov/2025:12:15:46 +0000] "POST /wp-admin/admin-ajax.php HTTP/2" 200 193 "https://alkhidmahnaturalcare.com/wp-admin/options-general.php?page=updraftplus" "Mozilla/5.0 (Windows NT 10.0; Win64; x64) AppleWebKit/537.36 (KHTML, like Gecko) Chrome/142.0.0.0 Safari/537.36"
118.179.97.190 - - [30/Nov/2025:12:15:46 +0000] "GET /wp-admin/admin-ajax.php?action=updraft_ajax&subaction=activejobs_list&nonce=265478ad05&downloaders= HTTP/2" 200 117 "https://alkhidmahnaturalcare.com/wp-admin/options-general.php?page=updraftplus" "Mozilla/5.0 (Windows NT 10.0; Win64; x64) AppleWebKit/537.36 (KHTML, like Gecko) Chrome/142.0.0.0 Safari/537.36"
118.179.97.190 - - [30/Nov/2025:12:15:46 +0000] "POST /wp-admin/admin-ajax.php HTTP/2" 200 73 "https://alkhidmahnaturalcare.com/wp-admin/options-general.php?page=updraftplus" "Mozilla/5.0 (Windows NT 10.0; Win64; x64) AppleWebKit/537.36 (KHTML, like Gecko) Chrome/142.0.0.0 Safari/537.36"
118.179.97.190 - - [30/Nov/2025:12:15:49 +0000] "GET /wp-admin/admin-ajax.php?action=updraft_ajax&subaction=activejobs_list&nonce=265478ad05&downloaders= HTTP/2" 200 117 "https://alkhidmahnaturalcare.com/wp-admin/options-general.php?page=updraftplus" "Mozilla/5.0 (Windows NT 10.0; Win64; x64) AppleWebKit/537.36 (KHTML, like Gecko) Chrome/142.0.0.0 Safari/537.36"
118.179.97.190 - - [30/Nov/2025:12:15:49 +0000] "POST /wp-admin/admin-ajax.php HTTP/2" 200 73 "https://alkhidmahnaturalcare.com/wp-admin/options-general.php?page=updraftplus" "Mozilla/5.0 (Windows NT 10.0; Win64; x64) AppleWebKit/537.36 (KHTML, like Gecko) Chrome/142.0.0.0 Safari/537.36"
217.113.194.116 - - [30/Nov/2025:12:15:53 +0000] "GET /shop/?filter_cat=121%2C15%2C117&per_page=24&filter_brand=40%2C35&filter_campaign=51 HTTP/2" 404 12027 "-" "Mozilla/5.0 (compatible; Barkrowler/0.9; +https://babbar.tech/crawler)"
118.179.97.190 - - [30/Nov/2025:12:15:52 +0000] "POST /wp-admin/admin-ajax.php HTTP/2" 200 73 "https://alkhidmahnaturalcare.com/wp-admin/options-general.php?page=updraftplus" "Mozilla/5.0 (Windows NT 10.0; Win64; x64) AppleWebKit/537.36 (KHTML, like Gecko) Chrome/142.0.0.0 Safari/537.36"
118.179.97.190 - - [30/Nov/2025:12:15:55 +0000] "POST /wp-admin/admin-ajax.php HTTP/2" 200 73 "https://alkhidmahnaturalcare.com/wp-admin/options-general.php?page=updraftplus" "Mozilla/5.0 (Windows NT 10.0; Win64; x64) AppleWebKit/537.36 (KHTML, like Gecko) Chrome/142.0.0.0 Safari/537.36"
118.179.97.190 - - [30/Nov/2025:12:15:58 +0000] "GET /wp-admin/admin-ajax.php?action=updraft_ajax&subaction=activejobs_list&nonce=265478ad05&downloaders= HTTP/2" 200 117 "https://alkhidmahnaturalcare.com/wp-admin/options-general.php?page=updraftplus" "Mozilla/5.0 (Windows NT 10.0; Win64; x64) AppleWebKit/537.36 (KHTML, like Gecko) Chrome/142.0.0.0 Safari/537.36"
118.179.97.190 - - [30/Nov/2025:12:15:58 +0000] "POST /wp-admin/admin-ajax.php HTTP/2" 200 73 "https://alkhidmahnaturalcare.com/wp-admin/options-general.php?page=updraftplus" "Mozilla/5.0 (Windows NT 10.0; Win64; x64) AppleWebKit/537.36 (KHTML, like Gecko) Chrome/142.0.0.0 Safari/537.36"
118.179.97.190 - - [30/Nov/2025:12:16:01 +0000] "POST /wp-admin/admin-ajax.php HTTP/2" 200 73 "https://alkhidmahnaturalcare.com/wp-admin/options-general.php?page=updraftplus" "Mozilla/5.0 (Windows NT 10.0; Win64; x64) AppleWebKit/537.36 (KHTML, like Gecko) Chrome/142.0.0.0 Safari/537.36"
118.179.97.190 - - [30/Nov/2025:12:16:07 +0000] "GET /wp-admin/admin-ajax.php?action=updraft_ajax&subaction=activejobs_list&nonce=265478ad05&downloaders= HTTP/2" 200 117 "https://alkhidmahnaturalcare.com/wp-admin/options-general.php?page=updraftplus" "Mozilla/5.0 (Windows NT 10.0; Win64; x64) AppleWebKit/537.36 (KHTML, like Gecko) Chrome/142.0.0.0 Safari/537.36"
118.179.97.190 - - [30/Nov/2025:12:16:04 +0000] "POST /wp-admin/admin-ajax.php HTTP/2" 200 73 "https://alkhidmahnaturalcare.com/wp-admin/options-general.php?page=updraftplus" "Mozilla/5.0 (Windows NT 10.0; Win64; x64) AppleWebKit/537.36 (KHTML, like Gecko) Chrome/142.0.0.0 Safari/537.36"
217.113.194.114 - - [30/Nov/2025:12:16:09 +0000] "GET /shop/?filter_cat=121%2C117%2C116%2C15&filter_brand=40%2C39%2C36&filter_campaign=50 HTTP/2" 404 12005 "-" "Mozilla/5.0 (compatible; Barkrowler/0.9; +https://babbar.tech/crawler)"
118.179.97.190 - - [30/Nov/2025:12:16:07 +0000] "POST /wp-admin/admin-ajax.php HTTP/2" 200 73 "https://alkhidmahnaturalcare.com/wp-admin/options-general.php?page=updraftplus" "Mozilla/5.0 (Windows NT 10.0; Win64; x64) AppleWebKit/537.36 (KHTML, like Gecko) Chrome/142.0.0.0 Safari/537.36"
118.179.97.190 - - [30/Nov/2025:12:16:10 +0000] "POST /wp-admin/admin-ajax.php HTTP/2" 200 73 "https://alkhidmahnaturalcare.com/wp-admin/options-general.php?page=updraftplus" "Mozilla/5.0 (Windows NT 10.0; Win64; x64) AppleWebKit/537.36 (KHTML, like Gecko) Chrome/142.0.0.0 Safari/537.36"
66.249.70.169 - - [30/Nov/2025:12:16:15 +0000] "GET /?_g=2231404 HTTP/2" 200 10744 "-" "Mozilla/5.0 (Linux; Android 6.0.1; Nexus 5X Build/MMB29P) AppleWebKit/537.36 (KHTML, like Gecko) Chrome/141.0.7390.122 Mobile Safari/537.36 (compatible; Googlebot/2.1; +http://www.google.com/bot.html)"
118.179.97.190 - - [30/Nov/2025:12:16:15 +0000] "GET /wp-admin/admin-ajax.php?action=updraft_ajax&subaction=activejobs_list&nonce=265478ad05&downloaders= HTTP/2" 200 117 "https://alkhidmahnaturalcare.com/wp-admin/options-general.php?page=updraftplus" "Mozilla/5.0 (Windows NT 10.0; Win64; x64) AppleWebKit/537.36 (KHTML, like Gecko) Chrome/142.0.0.0 Safari/537.36"
118.179.97.190 - - [30/Nov/2025:12:16:13 +0000] "POST /wp-admin/admin-ajax.php HTTP/2" 200 73 "https://alkhidmahnaturalcare.com/wp-admin/options-general.php?page=updraftplus" "Mozilla/5.0 (Windows NT 10.0; Win64; x64) AppleWebKit/537.36 (KHTML, like Gecko) Chrome/142.0.0.0 Safari/537.36"
118.179.97.190 - - [30/Nov/2025:12:16:17 +0000] "POST /wp-admin/admin-ajax.php HTTP/2" 200 73 "https://alkhidmahnaturalcare.com/wp-admin/options-general.php?page=updraftplus" "Mozilla/5.0 (Windows NT 10.0; Win64; x64) AppleWebKit/537.36 (KHTML, like Gecko) Chrome/142.0.0.0 Safari/537.36"
118.179.97.190 - - [30/Nov/2025:12:16:20 +0000] "POST /wp-admin/admin-ajax.php HTTP/2" 200 73 "https://alkhidmahnaturalcare.com/wp-admin/options-general.php?page=updraftplus" "Mozilla/5.0 (Windows NT 10.0; Win64; x64) AppleWebKit/537.36 (KHTML, like Gecko) Chrome/142.0.0.0 Safari/537.36"
118.179.97.190 - - [30/Nov/2025:12:16:24 +0000] "GET /wp-admin/admin-ajax.php?action=updraft_ajax&subaction=activejobs_list&nonce=265478ad05&downloaders= HTTP/2" 200 117 "https://alkhidmahnaturalcare.com/wp-admin/options-general.php?page=updraftplus" "Mozilla/5.0 (Windows NT 10.0; Win64; x64) AppleWebKit/537.36 (KHTML, like Gecko) Chrome/142.0.0.0 Safari/537.36"
217.113.194.120 - - [30/Nov/2025:12:16:25 +0000] "GET /shop/?filter_cat=121%2C114%2C112&per_page=18&filter_brand=42%2C40&column=4 HTTP/2" 404 12005 "-" "Mozilla/5.0 (compatible; Barkrowler/0.9; +https://babbar.tech/crawler)"
118.179.97.190 - - [30/Nov/2025:12:16:23 +0000] "POST /wp-admin/admin-ajax.php HTTP/2" 200 73 "https://alkhidmahnaturalcare.com/wp-admin/options-general.php?page=updraftplus" "Mozilla/5.0 (Windows NT 10.0; Win64; x64) AppleWebKit/537.36 (KHTML, like Gecko) Chrome/142.0.0.0 Safari/537.36"
118.179.97.190 - - [30/Nov/2025:12:16:26 +0000] "POST /wp-admin/admin-ajax.php HTTP/2" 200 73 "https://alkhidmahnaturalcare.com/wp-admin/options-general.php?page=updraftplus" "Mozilla/5.0 (Windows NT 10.0; Win64; x64) AppleWebKit/537.36 (KHTML, like Gecko) Chrome/142.0.0.0 Safari/537.36"
118.179.97.190 - - [30/Nov/2025:12:16:29 +0000] "POST /wp-admin/admin-ajax.php HTTP/2" 200 73 "https://alkhidmahnaturalcare.com/wp-admin/options-general.php?page=updraftplus" "Mozilla/5.0 (Windows NT 10.0; Win64; x64) AppleWebKit/537.36 (KHTML, like Gecko) Chrome/142.0.0.0 Safari/537.36"
118.179.97.190 - - [30/Nov/2025:12:16:33 +0000] "GET /wp-admin/admin-ajax.php?action=updraft_ajax&subaction=activejobs_list&nonce=265478ad05&downloaders= HTTP/2" 200 117 "https://alkhidmahnaturalcare.com/wp-admin/options-general.php?page=updraftplus" "Mozilla/5.0 (Windows NT 10.0; Win64; x64) AppleWebKit/537.36 (KHTML, like Gecko) Chrome/142.0.0.0 Safari/537.36"
118.179.97.190 - - [30/Nov/2025:12:16:32 +0000] "POST /wp-admin/admin-ajax.php HTTP/2" 200 73 "https://alkhidmahnaturalcare.com/wp-admin/options-general.php?page=updraftplus" "Mozilla/5.0 (Windows NT 10.0; Win64; x64) AppleWebKit/537.36 (KHTML, like Gecko) Chrome/142.0.0.0 Safari/537.36"
118.179.97.190 - - [30/Nov/2025:12:16:35 +0000] "POST /wp-admin/admin-ajax.php HTTP/2" 200 73 "https://alkhidmahnaturalcare.com/wp-admin/options-general.php?page=updraftplus" "Mozilla/5.0 (Windows NT 10.0; Win64; x64) AppleWebKit/537.36 (KHTML, like Gecko) Chrome/142.0.0.0 Safari/537.36"
154.54.249.204 - - [30/Nov/2025:12:16:40 +0000] "GET /shop/?filter_cat=121%2C112%2C122&per_page=12&filter_brand=39%2C40&filter_campaign=51 HTTP/2" 404 12027 "-" "Mozilla/5.0 (compatible; Barkrowler/0.9; +https://babbar.tech/crawler)"
118.179.97.190 - - [30/Nov/2025:12:16:38 +0000] "POST /wp-admin/admin-ajax.php HTTP/2" 200 73 "https://alkhidmahnaturalcare.com/wp-admin/options-general.php?page=updraftplus" "Mozilla/5.0 (Windows NT 10.0; Win64; x64) AppleWebKit/537.36 (KHTML, like Gecko) Chrome/142.0.0.0 Safari/537.36"
118.179.97.190 - - [30/Nov/2025:12:16:42 +0000] "GET /wp-admin/admin-ajax.php?action=updraft_ajax&subaction=activejobs_list&nonce=265478ad05&downloaders= HTTP/2" 200 117 "https://alkhidmahnaturalcare.com/wp-admin/options-general.php?page=updraftplus" "Mozilla/5.0 (Windows NT 10.0; Win64; x64) AppleWebKit/537.36 (KHTML, like Gecko) Chrome/142.0.0.0 Safari/537.36"
118.179.97.190 - - [30/Nov/2025:12:16:41 +0000] "POST /wp-admin/admin-ajax.php HTTP/2" 200 73 "https://alkhidmahnaturalcare.com/wp-admin/options-general.php?page=updraftplus" "Mozilla/5.0 (Windows NT 10.0; Win64; x64) AppleWebKit/537.36 (KHTML, like Gecko) Chrome/142.0.0.0 Safari/537.36"
66.179.80.51 - - [30/Nov/2025:12:16:45 +0000] "POST /xmlrpc.php HTTP/2" 200 205 "-" "Mozilla/4.0 (compatible; MSIE 7.0; Windows NT 6.1; WOW64; Trident/7.0; SLCC2; .NET CLR 2.0.50727; .NET CLR 3.5.30729; .NET CLR 3.0.30729; Media Center PC 6.0; MASA; .NET4.0C; .NET4.0E; AskTbFWV5/5.15.29.67612)"
118.179.97.190 - - [30/Nov/2025:12:16:46 +0000] "POST /wp-admin/admin-ajax.php HTTP/2" 200 193 "https://alkhidmahnaturalcare.com/wp-admin/options-general.php?page=updraftplus" "Mozilla/5.0 (Windows NT 10.0; Win64; x64) AppleWebKit/537.36 (KHTML, like Gecko) Chrome/142.0.0.0 Safari/537.36"
118.179.97.190 - - [30/Nov/2025:12:16:44 +0000] "POST /wp-admin/admin-ajax.php HTTP/2" 200 73 "https://alkhidmahnaturalcare.com/wp-admin/options-general.php?page=updraftplus" "Mozilla/5.0 (Windows NT 10.0; Win64; x64) AppleWebKit/537.36 (KHTML, like Gecko) Chrome/142.0.0.0 Safari/537.36"
118.179.97.190 - - [30/Nov/2025:12:16:49 +0000] "GET /wp-admin/admin-ajax.php?action=updraft_ajax&subaction=activejobs_list&nonce=265478ad05&downloaders= HTTP/2" 200 117 "https://alkhidmahnaturalcare.com/wp-admin/options-general.php?page=updraftplus" "Mozilla/5.0 (Windows NT 10.0; Win64; x64) AppleWebKit/537.36 (KHTML, like Gecko) Chrome/142.0.0.0 Safari/537.36"
118.179.97.190 - - [30/Nov/2025:12:16:47 +0000] "POST /wp-admin/admin-ajax.php HTTP/2" 200 73 "https://alkhidmahnaturalcare.com/wp-admin/options-general.php?page=updraftplus" "Mozilla/5.0 (Windows NT 10.0; Win64; x64) AppleWebKit/537.36 (KHTML, like Gecko) Chrome/142.0.0.0 Safari/537.36"
118.179.97.190 - - [30/Nov/2025:12:16:52 +0000] "GET /wp-admin/admin-ajax.php?action=updraft_ajax&subaction=activejobs_list&nonce=265478ad05&downloaders= HTTP/2" 200 117 "https://alkhidmahnaturalcare.com/wp-admin/options-general.php?page=updraftplus" "Mozilla/5.0 (Windows NT 10.0; Win64; x64) AppleWebKit/537.36 (KHTML, like Gecko) Chrome/142.0.0.0 Safari/537.36"
118.179.97.190 - - [30/Nov/2025:12:16:50 +0000] "POST /wp-admin/admin-ajax.php HTTP/2" 200 73 "https://alkhidmahnaturalcare.com/wp-admin/options-general.php?page=updraftplus" "Mozilla/5.0 (Windows NT 10.0; Win64; x64) AppleWebKit/537.36 (KHTML, like Gecko) Chrome/142.0.0.0 Safari/537.36"
118.179.97.190 - - [30/Nov/2025:12:16:53 +0000] "POST /wp-admin/admin-ajax.php HTTP/2" 200 73 "https://alkhidmahnaturalcare.com/wp-admin/options-general.php?page=updraftplus" "Mozilla/5.0 (Windows NT 10.0; Win64; x64) AppleWebKit/537.36 (KHTML, like Gecko) Chrome/142.0.0.0 Safari/537.36"
217.113.194.225 - - [30/Nov/2025:12:16:56 +0000] "GET /shop/?filter_cat=121%2C112%2C115&per_page=12&filter_brand=40%2C37&column=5 HTTP/2" 404 12027 "-" "Mozilla/5.0 (compatible; Barkrowler/0.9; +https://babbar.tech/crawler)"
118.179.97.190 - - [30/Nov/2025:12:16:56 +0000] "POST /wp-admin/admin-ajax.php HTTP/2" 200 73 "https://alkhidmahnaturalcare.com/wp-admin/options-general.php?page=updraftplus" "Mozilla/5.0 (Windows NT 10.0; Win64; x64) AppleWebKit/537.36 (KHTML, like Gecko) Chrome/142.0.0.0 Safari/537.36"
118.179.97.190 - - [30/Nov/2025:12:17:00 +0000] "GET /wp-admin/admin-ajax.php?action=updraft_ajax&subaction=activejobs_list&nonce=265478ad05&downloaders= HTTP/2" 200 117 "https://alkhidmahnaturalcare.com/wp-admin/options-general.php?page=updraftplus" "Mozilla/5.0 (Windows NT 10.0; Win64; x64) AppleWebKit/537.36 (KHTML, like Gecko) Chrome/142.0.0.0 Safari/537.36"
118.179.97.190 - - [30/Nov/2025:12:16:59 +0000] "POST /wp-admin/admin-ajax.php HTTP/2" 200 73 "https://alkhidmahnaturalcare.com/wp-admin/options-general.php?page=updraftplus" "Mozilla/5.0 (Windows NT 10.0; Win64; x64) AppleWebKit/537.36 (KHTML, like Gecko) Chrome/142.0.0.0 Safari/537.36"
118.179.97.190 - - [30/Nov/2025:12:17:03 +0000] "POST /wp-admin/admin-ajax.php HTTP/2" 200 1591 "https://alkhidmahnaturalcare.com/wp-admin/options-general.php?page=updraftplus" "Mozilla/5.0 (Windows NT 10.0; Win64; x64) AppleWebKit/537.36 (KHTML, like Gecko) Chrome/142.0.0.0 Safari/537.36"
66.249.70.170 - - [30/Nov/2025:12:17:08 +0000] "GET /?_g=1365947 HTTP/2" 200 10744 "-" "Mozilla/5.0 (Linux; Android 6.0.1; Nexus 5X Build/MMB29P) AppleWebKit/537.36 (KHTML, like Gecko) Chrome/141.0.7390.122 Mobile Safari/537.36 (compatible; Googlebot/2.1; +http://www.google.com/bot.html)"
118.179.97.190 - - [30/Nov/2025:12:17:09 +0000] "GET /wp-admin/admin-ajax.php?action=updraft_ajax&subaction=activejobs_list&nonce=265478ad05&downloaders= HTTP/2" 200 117 "https://alkhidmahnaturalcare.com/wp-admin/options-general.php?page=updraftplus" "Mozilla/5.0 (Windows NT 10.0; Win64; x64) AppleWebKit/537.36 (KHTML, like Gecko) Chrome/142.0.0.0 Safari/537.36"
217.113.194.226 - - [30/Nov/2025:12:17:12 +0000] "GET /shop/?filter_cat=121%2C112%2C116%2C114&filter_brand=37&column=5&filter_campaign=51 HTTP/2" 404 12027 "-" "Mozilla/5.0 (compatible; Barkrowler/0.9; +https://babbar.tech/crawler)"
118.179.97.190 - - [30/Nov/2025:12:17:18 +0000] "GET /wp-admin/admin-ajax.php?action=updraft_ajax&subaction=activejobs_list&nonce=265478ad05&downloaders= HTTP/2" 200 117 "https://alkhidmahnaturalcare.com/wp-admin/options-general.php?page=updraftplus" "Mozilla/5.0 (Windows NT 10.0; Win64; x64) AppleWebKit/537.36 (KHTML, like Gecko) Chrome/142.0.0.0 Safari/537.36"
118.179.97.190 - - [30/Nov/2025:12:17:27 +0000] "GET /wp-admin/admin-ajax.php?action=updraft_ajax&subaction=activejobs_list&nonce=265478ad05&downloaders= HTTP/2" 200 117 "https://alkhidmahnaturalcare.com/wp-admin/options-general.php?page=updraftplus" "Mozilla/5.0 (Windows NT 10.0; Win64; x64) AppleWebKit/537.36 (KHTML, like Gecko) Chrome/142.0.0.0 Safari/537.36"
217.113.194.120 - - [30/Nov/2025:12:17:27 +0000] "GET /shop/?filter_cat=121%2C113%2C15&column=2&filter_brand=39%2C38&filter_campaign=51 HTTP/2" 404 12027 "-" "Mozilla/5.0 (compatible; Barkrowler/0.9; +https://babbar.tech/crawler)"
118.179.97.190 - - [30/Nov/2025:12:17:35 +0000] "GET /wp-admin/admin-ajax.php?action=updraft_ajax&subaction=activejobs_list&nonce=265478ad05&downloaders= HTTP/2" 200 117 "https://alkhidmahnaturalcare.com/wp-admin/options-general.php?page=updraftplus" "Mozilla/5.0 (Windows NT 10.0; Win64; x64) AppleWebKit/537.36 (KHTML, like Gecko) Chrome/142.0.0.0 Safari/537.36"
217.113.194.120 - - [30/Nov/2025:12:17:43 +0000] "GET /shop/?filter_cat=121%2C113%2C116&per_page=12&filter_brand=42%2C41&column=2 HTTP/2" 404 12027 "-" "Mozilla/5.0 (compatible; Barkrowler/0.9; +https://babbar.tech/crawler)"
118.179.97.190 - - [30/Nov/2025:12:17:44 +0000] "GET /wp-admin/admin-ajax.php?action=updraft_ajax&subaction=activejobs_list&nonce=265478ad05&downloaders= HTTP/2" 200 117 "https://alkhidmahnaturalcare.com/wp-admin/options-general.php?page=updraftplus" "Mozilla/5.0 (Windows NT 10.0; Win64; x64) AppleWebKit/537.36 (KHTML, like Gecko) Chrome/142.0.0.0 Safari/537.36"
118.179.97.190 - - [30/Nov/2025:12:17:46 +0000] "POST /wp-admin/admin-ajax.php HTTP/2" 200 193 "https://alkhidmahnaturalcare.com/wp-admin/options-general.php?page=updraftplus" "Mozilla/5.0 (Windows NT 10.0; Win64; x64) AppleWebKit/537.36 (KHTML, like Gecko) Chrome/142.0.0.0 Safari/537.36"
118.179.97.190 - - [30/Nov/2025:12:17:49 +0000] "GET /wp-admin/admin-ajax.php?action=updraft_ajax&subaction=activejobs_list&nonce=265478ad05&downloaders= HTTP/2" 200 117 "https://alkhidmahnaturalcare.com/wp-admin/options-general.php?page=updraftplus" "Mozilla/5.0 (Windows NT 10.0; Win64; x64) AppleWebKit/537.36 (KHTML, like Gecko) Chrome/142.0.0.0 Safari/537.36"
118.179.97.190 - - [30/Nov/2025:12:17:51 +0000] "GET /wp-admin/admin-ajax.php?action=updraft_ajax&subaction=activejobs_list&nonce=265478ad05&downloaders= HTTP/2" 200 117 "https://alkhidmahnaturalcare.com/wp-admin/options-general.php?page=updraftplus" "Mozilla/5.0 (Windows NT 10.0; Win64; x64) AppleWebKit/537.36 (KHTML, like Gecko) Chrome/142.0.0.0 Safari/537.36"
118.179.97.190 - - [30/Nov/2025:12:17:55 +0000] "GET /wp-admin/admin-ajax.php?action=updraft_ajax&subaction=activejobs_list&nonce=265478ad05&downloaders= HTTP/2" 200 117 "https://alkhidmahnaturalcare.com/wp-admin/options-general.php?page=updraftplus" "Mozilla/5.0 (Windows NT 10.0; Win64; x64) AppleWebKit/537.36 (KHTML, like Gecko) Chrome/142.0.0.0 Safari/537.36"
217.113.194.120 - - [30/Nov/2025:12:17:58 +0000] "GET /shop/?filter_cat=121%2C113%2C114&per_page=12&filter_brand=35%2C42&column=2 HTTP/2" 404 12027 "-" "Mozilla/5.0 (compatible; Barkrowler/0.9; +https://babbar.tech/crawler)"
118.179.97.190 - - [30/Nov/2025:12:18:00 +0000] "POST /wp-admin/admin-ajax.php HTTP/2" 200 20 "https://alkhidmahnaturalcare.com/wp-admin/options-general.php?page=updraftplus" "Mozilla/5.0 (Windows NT 10.0; Win64; x64) AppleWebKit/537.36 (KHTML, like Gecko) Chrome/142.0.0.0 Safari/537.36"
118.179.97.190 - - [30/Nov/2025:12:18:01 +0000] "POST /wp-admin/admin-ajax.php HTTP/2" 200 4702 "https://alkhidmahnaturalcare.com/wp-admin/options-general.php?page=updraftplus" "Mozilla/5.0 (Windows NT 10.0; Win64; x64) AppleWebKit/537.36 (KHTML, like Gecko) Chrome/142.0.0.0 Safari/537.36"
118.179.97.190 - - [30/Nov/2025:12:18:03 +0000] "GET /wp-admin/admin-ajax.php?action=updraft_ajax&subaction=activejobs_list&nonce=265478ad05&downloaders= HTTP/2" 200 107 "https://alkhidmahnaturalcare.com/wp-admin/options-general.php?page=updraftplus" "Mozilla/5.0 (Windows NT 10.0; Win64; x64) AppleWebKit/537.36 (KHTML, like Gecko) Chrome/142.0.0.0 Safari/537.36"
118.179.97.190 - - [30/Nov/2025:12:18:05 +0000] "GET /wp-admin/admin-ajax.php?action=updraft_ajax&subaction=activejobs_list&nonce=265478ad05&downloaders= HTTP/2" 200 107 "https://alkhidmahnaturalcare.com/wp-admin/options-general.php?page=updraftplus" "Mozilla/5.0 (Windows NT 10.0; Win64; x64) AppleWebKit/537.36 (KHTML, like Gecko) Chrome/142.0.0.0 Safari/537.36"
118.179.97.190 - - [30/Nov/2025:12:18:09 +0000] "POST /wp-admin/options-general.php?page=updraftplus HTTP/2" 200 27726 "https://alkhidmahnaturalcare.com/wp-admin/options-general.php?page=updraftplus" "Mozilla/5.0 (Windows NT 10.0; Win64; x64) AppleWebKit/537.36 (KHTML, like Gecko) Chrome/142.0.0.0 Safari/537.36"
118.179.97.190 - - [30/Nov/2025:12:18:11 +0000] "GET /wp-content/plugins/updraftplus/js/updraft-admin-restore-1-25-9.min.js?ver=1.25.9 HTTP/2" 200 1990 "https://alkhidmahnaturalcare.com/wp-admin/options-general.php?page=updraftplus" "Mozilla/5.0 (Windows NT 10.0; Win64; x64) AppleWebKit/537.36 (KHTML, like Gecko) Chrome/142.0.0.0 Safari/537.36"
118.179.97.190 - - [30/Nov/2025:12:18:11 +0000] "GET /wp-admin/admin-ajax.php?action=updraft_ajax&subaction=ping&nonce=616bb0c6ba HTTP/2" 200 8 "https://alkhidmahnaturalcare.com/wp-admin/options-general.php?page=updraftplus" "Mozilla/5.0 (Windows NT 10.0; Win64; x64) AppleWebKit/537.36 (KHTML, like Gecko) Chrome/142.0.0.0 Safari/537.36"
107.181.234.74 - - [30/Nov/2025:12:18:14 +0000] "POST /wp-cron.php?doing_wp_cron=1764505094.5886690616607666015625 HTTP/2" 200 0 "-" "WordPress/6.8.3; https://alkhidmahnaturalcare.com"
217.113.194.112 - - [30/Nov/2025:12:18:14 +0000] "GET /shop/?filter_cat=121%2C113%2C112&per_page=24&filter_brand=37%2C35&filter_campaign=51 HTTP/2" 301 0 "-" "Mozilla/5.0 (compatible; Barkrowler/0.9; +https://babbar.tech/crawler)"
217.113.194.119 - - [30/Nov/2025:12:18:30 +0000] "GET /shop/?filter_cat=121%2C15&filter_brand=38%2C41%2C36&filter_campaign=50&per_page=24 HTTP/2" 200 14578 "-" "Mozilla/5.0 (compatible; Barkrowler/0.9; +https://babbar.tech/crawler)"
118.179.97.190 - - [30/Nov/2025:12:18:11 +0000] "POST /wp-admin/admin-ajax.php HTTP/2" 200 15234 "https://alkhidmahnaturalcare.com/wp-admin/options-general.php?page=updraftplus" "Mozilla/5.0 (Windows NT 10.0; Win64; x64) AppleWebKit/537.36 (KHTML, like Gecko) Chrome/142.0.0.0 Safari/537.36"
66.249.70.170 - - [30/Nov/2025:12:18:40 +0000] "GET /shop/?column=4&filter_brand=35%2C39&filter_campaign=51&filter_cat=113%2C117%2C112%2C115&per_page=12&add-to-cart=10157 HTTP/2" 200 20799 "-" "Mozilla/5.0 (Linux; Android 6.0.1; Nexus 5X Build/MMB29P) AppleWebKit/537.36 (KHTML, like Gecko) Chrome/141.0.7390.122 Mobile Safari/537.36 (compatible; Googlebot/2.1; +http://www.google.com/bot.html)"
118.179.97.190 - - [30/Nov/2025:12:18:35 +0000] "GET /blog/ HTTP/2" 200 19895 "https://alkhidmahnaturalcare.com/wp-admin/options-general.php?page=updraftplus" "Mozilla/5.0 (Windows NT 10.0; Win64; x64) AppleWebKit/537.36 (KHTML, like Gecko) Chrome/142.0.0.0 Safari/537.36"
217.113.194.225 - - [30/Nov/2025:12:18:46 +0000] "GET /shop/?filter_cat=121%2C122%2C15&column=3&filter_brand=36%2C37&per_page=18 HTTP/2" 200 20803 "-" "Mozilla/5.0 (compatible; Barkrowler/0.9; +https://babbar.tech/crawler)"
118.179.97.190 - - [30/Nov/2025:12:18:35 +0000] "GET / HTTP/2" 200 20379 "https://alkhidmahnaturalcare.com/wp-admin/options-general.php?page=updraftplus" "Mozilla/5.0 (Windows NT 10.0; Win64; x64) AppleWebKit/537.36 (KHTML, like Gecko) Chrome/142.0.0.0 Safari/537.36"
118.179.97.190 - - [30/Nov/2025:12:18:35 +0000] "GET /about-us-3/ HTTP/2" 200 20154 "https://alkhidmahnaturalcare.com/wp-admin/options-general.php?page=updraftplus" "Mozilla/5.0 (Windows NT 10.0; Win64; x64) AppleWebKit/537.36 (KHTML, like Gecko) Chrome/142.0.0.0 Safari/537.36"
107.181.234.74 - - [30/Nov/2025:12:19:13 +0000] "POST /wp-admin/admin-ajax.php?action=as_async_request_queue_runner&nonce=27d40be937 HTTP/2" 200 0 "-" "WordPress/6.8.3; https://alkhidmahnaturalcare.com"
118.179.97.190 - - [30/Nov/2025:12:19:11 +0000] "POST /wp-admin/admin-ajax.php HTTP/2" 200 50 "https://alkhidmahnaturalcare.com/wp-admin/options-general.php?page=updraftplus" "Mozilla/5.0 (Windows NT 10.0; Win64; x64) AppleWebKit/537.36 (KHTML, like Gecko) Chrome/142.0.0.0 Safari/537.36"
118.179.97.190 - - [30/Nov/2025:12:19:15 +0000] "GET /wp-includes/images/spinner.gif HTTP/2" 200 3656 "https://alkhidmahnaturalcare.com/wp-admin/load-styles.php?c=1&dir=ltr&load%5Bchunk_0%5D=dashicons,admin-bar,common,forms,admin-menu,dashboard,list-tables,edit,revisions,media,themes,about,nav-menus,wp-pointer,widgets&load%5Bchunk_1%5D=,site-icon,l10n,buttons,wp-auth-check&ver=6.8.3" "Mozilla/5.0 (Windows NT 10.0; Win64; x64) AppleWebKit/537.36 (KHTML, like Gecko) Chrome/142.0.0.0 Safari/537.36"
107.181.234.74 - - [30/Nov/2025:12:19:15 +0000] "POST /wp-cron.php?doing_wp_cron=1764505155.7807459831237792968750 HTTP/2" 200 0 "-" "WordPress/6.8.3; https://alkhidmahnaturalcare.com"
118.179.97.190 - - [30/Nov/2025:12:19:15 +0000] "GET /wp-login.php?interim-login=1&wp_lang=en_US HTTP/2" 200 2008 "https://alkhidmahnaturalcare.com/wp-admin/options-general.php?page=updraftplus" "Mozilla/5.0 (Windows NT 10.0; Win64; x64) AppleWebKit/537.36 (KHTML, like Gecko) Chrome/142.0.0.0 Safari/537.36"
118.179.97.190 - - [30/Nov/2025:12:19:16 +0000] "GET /wp-includes/js/jquery/jquery-migrate.min.js?ver=3.4.1 HTTP/2" 200 4678 "https://alkhidmahnaturalcare.com/wp-login.php?interim-login=1&wp_lang=en_US" "Mozilla/5.0 (Windows NT 10.0; Win64; x64) AppleWebKit/537.36 (KHTML, like Gecko) Chrome/142.0.0.0 Safari/537.36"
118.179.97.190 - - [30/Nov/2025:12:19:16 +0000] "GET /wp-admin/js/password-strength-meter.min.js?ver=6.8.3 HTTP/2" 200 558 "https://alkhidmahnaturalcare.com/wp-login.php?interim-login=1&wp_lang=en_US" "Mozilla/5.0 (Windows NT 10.0; Win64; x64) AppleWebKit/537.36 (KHTML, like Gecko) Chrome/142.0.0.0 Safari/537.36"
118.179.97.190 - - [30/Nov/2025:12:19:16 +0000] "GET /wp-includes/js/zxcvbn-async.min.js?ver=1.0 HTTP/2" 200 187 "https://alkhidmahnaturalcare.com/wp-login.php?interim-login=1&wp_lang=en_US" "Mozilla/5.0 (Windows NT 10.0; Win64; x64) AppleWebKit/537.36 (KHTML, like Gecko) Chrome/142.0.0.0 Safari/537.36"
118.179.97.190 - - [30/Nov/2025:12:19:16 +0000] "GET /wp-includes/js/jquery/jquery.min.js?ver=3.7.1 HTTP/2" 200 29744 "https://alkhidmahnaturalcare.com/wp-login.php?interim-login=1&wp_lang=en_US" "Mozilla/5.0 (Windows NT 10.0; Win64; x64) AppleWebKit/537.36 (KHTML, like Gecko) Chrome/142.0.0.0 Safari/537.36"
118.179.97.190 - - [30/Nov/2025:12:19:16 +0000] "GET /wp-admin/css/forms.min.css?ver=6.8.3 HTTP/2" 200 6387 "https://alkhidmahnaturalcare.com/wp-login.php?interim-login=1&wp_lang=en_US" "Mozilla/5.0 (Windows NT 10.0; Win64; x64) AppleWebKit/537.36 (KHTML, like Gecko) Chrome/142.0.0.0 Safari/537.36"
118.179.97.190 - - [30/Nov/2025:12:19:16 +0000] "GET /wp-admin/css/l10n.min.css?ver=6.8.3 HTTP/2" 200 675 "https://alkhidmahnaturalcare.com/wp-login.php?interim-login=1&wp_lang=en_US" "Mozilla/5.0 (Windows NT 10.0; Win64; x64) AppleWebKit/537.36 (KHTML, like Gecko) Chrome/142.0.0.0 Safari/537.36"
118.179.97.190 - - [30/Nov/2025:12:19:16 +0000] "GET /wp-includes/js/dist/dom-ready.min.js?ver=f77871ff7694fffea381 HTTP/2" 200 275 "https://alkhidmahnaturalcare.com/wp-login.php?interim-login=1&wp_lang=en_US" "Mozilla/5.0 (Windows NT 10.0; Win64; x64) AppleWebKit/537.36 (KHTML, like Gecko) Chrome/142.0.0.0 Safari/537.36"
118.179.97.190 - - [30/Nov/2025:12:19:16 +0000] "GET /wp-admin/css/login.min.css?ver=6.8.3 HTTP/2" 200 1965 "https://alkhidmahnaturalcare.com/wp-login.php?interim-login=1&wp_lang=en_US" "Mozilla/5.0 (Windows NT 10.0; Win64; x64) AppleWebKit/537.36 (KHTML, like Gecko) Chrome/142.0.0.0 Safari/537.36"
118.179.97.190 - - [30/Nov/2025:12:19:16 +0000] "GET /wp-admin/js/user-profile.min.js?ver=6.8.3 HTTP/2" 200 2388 "https://alkhidmahnaturalcare.com/wp-login.php?interim-login=1&wp_lang=en_US" "Mozilla/5.0 (Windows NT 10.0; Win64; x64) AppleWebKit/537.36 (KHTML, like Gecko) Chrome/142.0.0.0 Safari/537.36"
118.179.97.190 - - [30/Nov/2025:12:19:16 +0000] "GET /wp-includes/css/buttons.min.css?ver=6.8.3 HTTP/2" 200 1275 "https://alkhidmahnaturalcare.com/wp-login.php?interim-login=1&wp_lang=en_US" "Mozilla/5.0 (Windows NT 10.0; Win64; x64) AppleWebKit/537.36 (KHTML, like Gecko) Chrome/142.0.0.0 Safari/537.36"
118.179.97.190 - - [30/Nov/2025:12:19:16 +0000] "GET /wp-includes/js/dist/hooks.min.js?ver=4d63a3d491d11ffd8ac6 HTTP/2" 200 1571 "https://alkhidmahnaturalcare.com/wp-login.php?interim-login=1&wp_lang=en_US" "Mozilla/5.0 (Windows NT 10.0; Win64; x64) AppleWebKit/537.36 (KHTML, like Gecko) Chrome/142.0.0.0 Safari/537.36"
118.179.97.190 - - [30/Nov/2025:12:19:17 +0000] "GET /wp-admin/images/wordpress-logo.svg?ver=20131107 HTTP/2" 200 759 "https://alkhidmahnaturalcare.com/wp-admin/css/login.min.css?ver=6.8.3" "Mozilla/5.0 (Windows NT 10.0; Win64; x64) AppleWebKit/537.36 (KHTML, like Gecko) Chrome/142.0.0.0 Safari/537.36"
217.113.194.117 - - [30/Nov/2025:12:19:16 +0000] "GET /shop/?filter_cat=121%2C122%2C117%2C15&column=4&filter_brand=38&filter_campaign=51 HTTP/2" 200 20676 "-" "Mozilla/5.0 (compatible; Barkrowler/0.9; +https://babbar.tech/crawler)"
118.179.97.190 - - [30/Nov/2025:12:19:18 +0000] "GET /wp-includes/js/zxcvbn.min.js HTTP/2" 200 389493 "https://alkhidmahnaturalcare.com/wp-login.php?interim-login=1&wp_lang=en_US" "Mozilla/5.0 (Windows NT 10.0; Win64; x64) AppleWebKit/537.36 (KHTML, like Gecko) Chrome/142.0.0.0 Safari/537.36"
107.181.234.74 - - [30/Nov/2025:12:19:20 +0000] "POST /wp-cron.php HTTP/2" 200 0 "-" "WordPress/6.8.3; https://alkhidmahnaturalcare.com"
107.181.234.74 - - [30/Nov/2025:12:19:20 +0000] "GET / HTTP/2" 200 20368 "-" "WordPress/6.8.3; https://alkhidmahnaturalcare.com"
107.181.234.74 - - [30/Nov/2025:12:19:21 +0000] "GET / HTTP/2" 200 20368 "-" "WordPress/6.8.3; https://alkhidmahnaturalcare.com"
107.181.234.74 - - [30/Nov/2025:12:19:21 +0000] "GET / HTTP/2" 200 20368 "-" "WordPress/6.8.3; https://alkhidmahnaturalcare.com"
107.181.234.74 - - [30/Nov/2025:12:19:22 +0000] "GET / HTTP/2" 200 20368 "-" "WordPress/6.8.3; https://alkhidmahnaturalcare.com"
118.179.97.190 - - [30/Nov/2025:12:19:29 +0000] "POST /wp-login.php HTTP/2" 200 720 "https://alkhidmahnaturalcare.com/wp-login.php?interim-login=1&wp_lang=en_US" "Mozilla/5.0 (Windows NT 10.0; Win64; x64) AppleWebKit/537.36 (KHTML, like Gecko) Chrome/142.0.0.0 Safari/537.36"
107.181.234.74 - - [30/Nov/2025:12:19:33 +0000] "POST /wp-cron.php?doing_wp_cron=1764505173.2165889739990234375000 HTTP/2" 200 0 "-" "WordPress/6.8.3; https://alkhidmahnaturalcare.com"
118.179.97.190 - - [30/Nov/2025:12:19:32 +0000] "GET /wp-admin/options-general.php?page=updraftplus&updraft_restore_success=1&pval=0 HTTP/2" 200 70746 "https://alkhidmahnaturalcare.com/wp-admin/options-general.php?page=updraftplus" "Mozilla/5.0 (Windows NT 10.0; Win64; x64) AppleWebKit/537.36 (KHTML, like Gecko) Chrome/142.0.0.0 Safari/537.36"
217.113.194.118 - - [30/Nov/2025:12:19:34 +0000] "GET /shop/?filter_cat=121%2C122%2C114%2C112&per_page=24&filter_brand=36&filter_campaign=51 HTTP/2" 500 1021 "-" "Mozilla/5.0 (compatible; Barkrowler/0.9; +https://babbar.tech/crawler)"
118.179.97.190 - - [30/Nov/2025:12:19:34 +0000] "GET /wp-content/plugins/elementor/assets/css/admin.min.css?ver=3.33.1 HTTP/2" 200 12393 "https://alkhidmahnaturalcare.com/wp-admin/options-general.php?page=updraftplus&updraft_restore_success=1&pval=0" "Mozilla/5.0 (Windows NT 10.0; Win64; x64) AppleWebKit/537.36 (KHTML, like Gecko) Chrome/142.0.0.0 Safari/537.36"
118.179.97.190 - - [30/Nov/2025:12:19:34 +0000] "GET /wp-admin/load-scripts.php?c=1&load%5Bchunk_0%5D=wp-hooks,jquery-core,jquery-migrate,utils,jquery-ui-core,jquery-ui-mouse,jquery-ui-draggable,jquery-ui-resizable,jquery-ui-contr&load%5Bchunk_1%5D=olgroup,jquery-ui-checkboxradio,jquery-ui-button,jquery-ui-dialog,jquery-ui-accordion,moxiejs,plupload&ver=6.8.3 HTTP/2" 200 97033 "https://alkhidmahnaturalcare.com/wp-admin/options-general.php?page=updraftplus&updraft_restore_success=1&pval=0" "Mozilla/5.0 (Windows NT 10.0; Win64; x64) AppleWebKit/537.36 (KHTML, like Gecko) Chrome/142.0.0.0 Safari/537.36"
118.179.97.190 - - [30/Nov/2025:12:19:34 +0000] "GET /wp-content/themes/woodmart/inc/admin/assets/js/htmlBlockEditLink.js?ver=8.2.7 HTTP/2" 200 604 "https://alkhidmahnaturalcare.com/wp-admin/options-general.php?page=updraftplus&updraft_restore_success=1&pval=0" "Mozilla/5.0 (Windows NT 10.0; Win64; x64) AppleWebKit/537.36 (KHTML, like Gecko) Chrome/142.0.0.0 Safari/537.36"
118.179.97.190 - - [30/Nov/2025:12:19:34 +0000] "GET /wp-admin/load-scripts.php?c=1&load%5Bchunk_0%5D=hoverIntent,wp-dom-ready&ver=6.8.3 HTTP/2" 200 913 "https://alkhidmahnaturalcare.com/wp-admin/options-general.php?page=updraftplus&updraft_restore_success=1&pval=0" "Mozilla/5.0 (Windows NT 10.0; Win64; x64) AppleWebKit/537.36 (KHTML, like Gecko) Chrome/142.0.0.0 Safari/537.36"
118.179.97.190 - - [30/Nov/2025:12:19:35 +0000] "GET /wp-content/themes/woodmart/inc/admin/assets/js/admin.js?ver=8.2.7 HTTP/2" 200 2779 "https://alkhidmahnaturalcare.com/wp-admin/options-general.php?page=updraftplus&updraft_restore_success=1&pval=0" "Mozilla/5.0 (Windows NT 10.0; Win64; x64) AppleWebKit/537.36 (KHTML, like Gecko) Chrome/142.0.0.0 Safari/537.36"
118.179.97.190 - - [30/Nov/2025:12:19:35 +0000] "GET /wp-includes/js/backbone.min.js?ver=1.6.0 HTTP/2" 200 7832 "https://alkhidmahnaturalcare.com/wp-admin/options-general.php?page=updraftplus&updraft_restore_success=1&pval=0" "Mozilla/5.0 (Windows NT 10.0; Win64; x64) AppleWebKit/537.36 (KHTML, like Gecko) Chrome/142.0.0.0 Safari/537.36"
118.179.97.190 - - [30/Nov/2025:12:19:35 +0000] "GET /wp-content/plugins/elementor/assets/js/import-export-admin.min.js?ver=3.33.1 HTTP/2" 200 1972 "https://alkhidmahnaturalcare.com/wp-admin/options-general.php?page=updraftplus&updraft_restore_success=1&pval=0" "Mozilla/5.0 (Windows NT 10.0; Win64; x64) AppleWebKit/537.36 (KHTML, like Gecko) Chrome/142.0.0.0 Safari/537.36"
118.179.97.190 - - [30/Nov/2025:12:19:35 +0000] "GET /wp-content/plugins/woocommerce/assets/js/jquery-blockui/jquery.blockUI.min.js?ver=2.70 HTTP/2" 200 3277 "https://alkhidmahnaturalcare.com/wp-admin/options-general.php?page=updraftplus&updraft_restore_success=1&pval=0" "Mozilla/5.0 (Windows NT 10.0; Win64; x64) AppleWebKit/537.36 (KHTML, like Gecko) Chrome/142.0.0.0 Safari/537.36"
118.179.97.190 - - [30/Nov/2025:12:19:35 +0000] "GET /wp-content/plugins/elementor/assets/js/media-hints.min.js?ver=3.33.1 HTTP/2" 200 2181 "https://alkhidmahnaturalcare.com/wp-admin/options-general.php?page=updraftplus&updraft_restore_success=1&pval=0" "Mozilla/5.0 (Windows NT 10.0; Win64; x64) AppleWebKit/537.36 (KHTML, like Gecko) Chrome/142.0.0.0 Safari/537.36"
118.179.97.190 - - [30/Nov/2025:12:19:35 +0000] "GET /wp-includes/js/dist/api-fetch.min.js?ver=3623a576c78df404ff20 HTTP/2" 200 2294 "https://alkhidmahnaturalcare.com/wp-admin/options-general.php?page=updraftplus&updraft_restore_success=1&pval=0" "Mozilla/5.0 (Windows NT 10.0; Win64; x64) AppleWebKit/537.36 (KHTML, like Gecko) Chrome/142.0.0.0 Safari/537.36"
118.179.97.190 - - [30/Nov/2025:12:19:35 +0000] "GET /wp-content/plugins/elementor-pro/assets/js/admin.min.js?ver=3.30.1 HTTP/2" 200 7861 "https://alkhidmahnaturalcare.com/wp-admin/options-general.php?page=updraftplus&updraft_restore_success=1&pval=0" "Mozilla/5.0 (Windows NT 10.0; Win64; x64) AppleWebKit/537.36 (KHTML, like Gecko) Chrome/142.0.0.0 Safari/537.36"
118.179.97.190 - - [30/Nov/2025:12:19:35 +0000] "GET /wp-content/plugins/elementor/assets/js/admin.min.js?ver=3.33.1 HTTP/2" 200 13272 "https://alkhidmahnaturalcare.com/wp-admin/options-general.php?page=updraftplus&updraft_restore_success=1&pval=0" "Mozilla/5.0 (Windows NT 10.0; Win64; x64) AppleWebKit/537.36 (KHTML, like Gecko) Chrome/142.0.0.0 Safari/537.36"
118.179.97.190 - - [30/Nov/2025:12:19:35 +0000] "GET /wp-content/plugins/elementor/assets/js/import-export-customization-admin.min.js?ver=3.33.1 HTTP/2" 200 9484 "https://alkhidmahnaturalcare.com/wp-admin/options-general.php?page=updraftplus&updraft_restore_success=1&pval=0" "Mozilla/5.0 (Windows NT 10.0; Win64; x64) AppleWebKit/537.36 (KHTML, like Gecko) Chrome/142.0.0.0 Safari/537.36"
118.179.97.190 - - [30/Nov/2025:12:19:35 +0000] "GET /wp-content/plugins/elementor/assets/lib/backbone/backbone.marionette.min.js?ver=2.4.5.e1 HTTP/2" 200 11272 "https://alkhidmahnaturalcare.com/wp-admin/options-general.php?page=updraftplus&updraft_restore_success=1&pval=0" "Mozilla/5.0 (Windows NT 10.0; Win64; x64) AppleWebKit/537.36 (KHTML, like Gecko) Chrome/142.0.0.0 Safari/537.36"
118.179.97.190 - - [30/Nov/2025:12:19:35 +0000] "GET /wp-content/plugins/elementor/assets/js/common-modules.min.js?ver=3.33.1 HTTP/2" 200 34386 "https://alkhidmahnaturalcare.com/wp-admin/options-general.php?page=updraftplus&updraft_restore_success=1&pval=0" "Mozilla/5.0 (Windows NT 10.0; Win64; x64) AppleWebKit/537.36 (KHTML, like Gecko) Chrome/142.0.0.0 Safari/537.36"
118.179.97.190 - - [30/Nov/2025:12:19:35 +0000] "GET /wp-content/plugins/elementor/assets/lib/backbone/backbone.radio.min.js?ver=1.0.4 HTTP/2" 200 1494 "https://alkhidmahnaturalcare.com/wp-admin/options-general.php?page=updraftplus&updraft_restore_success=1&pval=0" "Mozilla/5.0 (Windows NT 10.0; Win64; x64) AppleWebKit/537.36 (KHTML, like Gecko) Chrome/142.0.0.0 Safari/537.36"
118.179.97.190 - - [30/Nov/2025:12:19:35 +0000] "GET /wp-content/plugins/elementor/assets/js/app-loader.min.js?ver=3.33.1 HTTP/2" 200 23494 "https://alkhidmahnaturalcare.com/wp-admin/options-general.php?page=updraftplus&updraft_restore_success=1&pval=0" "Mozilla/5.0 (Windows NT 10.0; Win64; x64) AppleWebKit/537.36 (KHTML, like Gecko) Chrome/142.0.0.0 Safari/537.36"
118.179.97.190 - - [30/Nov/2025:12:19:35 +0000] "GET /wp-content/plugins/elementor/assets/js/web-cli.min.js?ver=3.33.1 HTTP/2" 200 38945 "https://alkhidmahnaturalcare.com/wp-admin/options-general.php?page=updraftplus&updraft_restore_success=1&pval=0" "Mozilla/5.0 (Windows NT 10.0; Win64; x64) AppleWebKit/537.36 (KHTML, like Gecko) Chrome/142.0.0.0 Safari/537.36"
118.179.97.190 - - [30/Nov/2025:12:19:35 +0000] "GET /wp-content/plugins/elementor/assets/lib/dialog/dialog.min.js?ver=4.9.0 HTTP/2" 200 3593 "https://alkhidmahnaturalcare.com/wp-admin/options-general.php?page=updraftplus&updraft_restore_success=1&pval=0" "Mozilla/5.0 (Windows NT 10.0; Win64; x64) AppleWebKit/537.36 (KHTML, like Gecko) Chrome/142.0.0.0 Safari/537.36"
118.179.97.190 - - [30/Nov/2025:12:19:35 +0000] "GET /wp-content/plugins/woocommerce/vendor/automattic/jetpack-assets/build/jetpack-script-data.js?minify=false&ver=d93b770c3a1796c5e279 HTTP/2" 200 813 "https://alkhidmahnaturalcare.com/wp-admin/options-general.php?page=updraftplus&updraft_restore_success=1&pval=0" "Mozilla/5.0 (Windows NT 10.0; Win64; x64) AppleWebKit/537.36 (KHTML, like Gecko) Chrome/142.0.0.0 Safari/537.36"
118.179.97.190 - - [30/Nov/2025:12:19:35 +0000] "GET /wp-content/plugins/elementor/assets/js/admin-modules.min.js?ver=3.33.1 HTTP/2" 200 4663 "https://alkhidmahnaturalcare.com/wp-admin/options-general.php?page=updraftplus&updraft_restore_success=1&pval=0" "Mozilla/5.0 (Windows NT 10.0; Win64; x64) AppleWebKit/537.36 (KHTML, like Gecko) Chrome/142.0.0.0 Safari/537.36"
118.179.97.190 - - [30/Nov/2025:12:19:35 +0000] "GET /wp-content/plugins/elementor/assets/js/dev-tools.min.js?ver=3.33.1 HTTP/2" 200 2346 "https://alkhidmahnaturalcare.com/wp-admin/options-general.php?page=updraftplus&updraft_restore_success=1&pval=0" "Mozilla/5.0 (Windows NT 10.0; Win64; x64) AppleWebKit/537.36 (KHTML, like Gecko) Chrome/142.0.0.0 Safari/537.36"
118.179.97.190 - - [30/Nov/2025:12:19:35 +0000] "GET /wp-content/plugins/elementor/assets/js/common.min.js?ver=3.33.1 HTTP/2" 200 115606 "https://alkhidmahnaturalcare.com/wp-admin/options-general.php?page=updraftplus&updraft_restore_success=1&pval=0" "Mozilla/5.0 (Windows NT 10.0; Win64; x64) AppleWebKit/537.36 (KHTML, like Gecko) Chrome/142.0.0.0 Safari/537.36"
118.179.97.190 - - [30/Nov/2025:12:19:37 +0000] "GET /wp-content/uploads/2025/11/cropped-cropped-speaker-template-6-1-192x192.png HTTP/2" 200 6104 "https://alkhidmahnaturalcare.com/wp-admin/options-general.php?page=updraftplus&updraft_restore_success=1&pval=0" "Mozilla/5.0 (Windows NT 10.0; Win64; x64) AppleWebKit/537.36 (KHTML, like Gecko) Chrome/142.0.0.0 Safari/537.36"
118.179.97.190 - - [30/Nov/2025:12:19:36 +0000] "GET /wp-admin/admin-ajax.php?action=updraft_ajax&subaction=ping&nonce=d02025d275 HTTP/2" 200 8 "https://alkhidmahnaturalcare.com/wp-admin/options-general.php?page=updraftplus&updraft_restore_success=1&pval=0" "Mozilla/5.0 (Windows NT 10.0; Win64; x64) AppleWebKit/537.36 (KHTML, like Gecko) Chrome/142.0.0.0 Safari/537.36"
118.179.97.190 - - [30/Nov/2025:12:19:37 +0000] "POST /wp-admin/options-general.php?page=updraftplus HTTP/2" 200 47331 "https://alkhidmahnaturalcare.com/wp-admin/options-general.php?page=updraftplus&updraft_restore_success=1&pval=0" "Mozilla/5.0 (Windows NT 10.0; Win64; x64) AppleWebKit/537.36 (KHTML, like Gecko) Chrome/142.0.0.0 Safari/537.36"
118.179.97.190 - - [30/Nov/2025:12:19:38 +0000] "GET /wp-admin/admin-ajax.php?action=updraft_ajax&subaction=activejobs_list&nonce=d02025d275&downloaders= HTTP/2" 200 118 "https://alkhidmahnaturalcare.com/wp-admin/options-general.php?page=updraftplus&updraft_restore_success=1&pval=0" "Mozilla/5.0 (Windows NT 10.0; Win64; x64) AppleWebKit/537.36 (KHTML, like Gecko) Chrome/142.0.0.0 Safari/537.36"
118.179.97.190 - - [30/Nov/2025:12:19:39 +0000] "GET /wp-admin/admin-ajax.php?action=updraft_ajax&subaction=ping&nonce=d02025d275 HTTP/2" 200 8 "https://alkhidmahnaturalcare.com/wp-admin/options-general.php?page=updraftplus" "Mozilla/5.0 (Windows NT 10.0; Win64; x64) AppleWebKit/537.36 (KHTML, like Gecko) Chrome/142.0.0.0 Safari/537.36"
118.179.97.190 - - [30/Nov/2025:12:19:41 +0000] "GET /wp-admin/options-general.php?page=updraftplus HTTP/2" 500 0 "https://alkhidmahnaturalcare.com/wp-admin/options-general.php?page=updraftplus" "Mozilla/5.0 (Windows NT 10.0; Win64; x64) AppleWebKit/537.36 (KHTML, like Gecko) Chrome/142.0.0.0 Safari/537.36"
118.179.97.190 - - [30/Nov/2025:12:19:42 +0000] "GET /wp-admin/options-general.php?page=updraftplus HTTP/2" 200 70777 "https://alkhidmahnaturalcare.com/wp-admin/options-general.php?page=updraftplus" "Mozilla/5.0 (Windows NT 10.0; Win64; x64) AppleWebKit/537.36 (KHTML, like Gecko) Chrome/142.0.0.0 Safari/537.36"
118.179.97.190 - - [30/Nov/2025:12:19:44 +0000] "GET /wp-content/plugins/updraftplus/images/notices/sale_20_25.png HTTP/2" 200 2500 "https://alkhidmahnaturalcare.com/wp-admin/options-general.php?page=updraftplus" "Mozilla/5.0 (Windows NT 10.0; Win64; x64) AppleWebKit/537.36 (KHTML, like Gecko) Chrome/142.0.0.0 Safari/537.36"
118.179.97.190 - - [30/Nov/2025:12:19:44 +0000] "GET /wp-admin/admin-ajax.php?action=updraft_ajax&subaction=ping&nonce=d02025d275 HTTP/2" 200 8 "https://alkhidmahnaturalcare.com/wp-admin/options-general.php?page=updraftplus" "Mozilla/5.0 (Windows NT 10.0; Win64; x64) AppleWebKit/537.36 (KHTML, like Gecko) Chrome/142.0.0.0 Safari/537.36"
118.179.97.190 - - [30/Nov/2025:12:19:45 +0000] "GET /wp-admin/admin-ajax.php?action=updraft_ajax&subaction=activejobs_list&nonce=d02025d275&downloaders= HTTP/2" 200 117 "https://alkhidmahnaturalcare.com/wp-admin/options-general.php?page=updraftplus" "Mozilla/5.0 (Windows NT 10.0; Win64; x64) AppleWebKit/537.36 (KHTML, like Gecko) Chrome/142.0.0.0 Safari/537.36"
118.179.97.190 - - [30/Nov/2025:12:19:45 +0000] "GET /wp-admin/ HTTP/2" 200 37646 "-" "Mozilla/5.0 (Windows NT 10.0; Win64; x64) AppleWebKit/537.36 (KHTML, like Gecko) Chrome/142.0.0.0 Safari/537.36"
118.179.97.190 - - [30/Nov/2025:12:19:48 +0000] "GET /wp-content/plugins/woocommerce/assets/css/activation.css?ver=10.3.5 HTTP/2" 200 296 "https://alkhidmahnaturalcare.com/wp-admin/" "Mozilla/5.0 (Windows NT 10.0; Win64; x64) AppleWebKit/537.36 (KHTML, like Gecko) Chrome/142.0.0.0 Safari/537.36"
118.179.97.190 - - [30/Nov/2025:12:19:48 +0000] "GET /wp-content/plugins/woocommerce/assets/css/dashboard.css?ver=10.3.5 HTTP/2" 200 1175 "https://alkhidmahnaturalcare.com/wp-admin/" "Mozilla/5.0 (Windows NT 10.0; Win64; x64) AppleWebKit/537.36 (KHTML, like Gecko) Chrome/142.0.0.0 Safari/537.36"
118.179.97.190 - - [30/Nov/2025:12:19:48 +0000] "GET /wp-content/plugins/woocommerce/assets/images/dashboard-widget-setup.png HTTP/2" 200 5430 "https://alkhidmahnaturalcare.com/wp-admin/" "Mozilla/5.0 (Windows NT 10.0; Win64; x64) AppleWebKit/537.36 (KHTML, like Gecko) Chrome/142.0.0.0 Safari/537.36"
118.179.97.190 - - [30/Nov/2025:12:19:48 +0000] "GET /wp-content/plugins/woocommerce/assets/css/dashboard-setup.css?ver=10.3.5 HTTP/2" 200 224 "https://alkhidmahnaturalcare.com/wp-admin/" "Mozilla/5.0 (Windows NT 10.0; Win64; x64) AppleWebKit/537.36 (KHTML, like Gecko) Chrome/142.0.0.0 Safari/537.36"
118.179.97.190 - - [30/Nov/2025:12:19:48 +0000] "GET /wp-admin/load-styles.php?c=1&dir=ltr&load%5Bchunk_0%5D=dashicons,admin-bar,site-health,common,forms,admin-menu,dashboard,list-tables,edit,revisions,media,themes,about,nav-menus,wp-poi&load%5Bchunk_1%5D=nter,widgets,site-icon,l10n,buttons,wp-auth-check&ver=6.8.3 HTTP/2" 200 105520 "https://alkhidmahnaturalcare.com/wp-admin/" "Mozilla/5.0 (Windows NT 10.0; Win64; x64) AppleWebKit/537.36 (KHTML, like Gecko) Chrome/142.0.0.0 Safari/537.36"
