/home/khidmana/access-logs/alkhidmahnaturalcare.com.khidmanaturalcare.com-ssl_log
118.179.97.190 - - [30/Nov/2025:12:04:37 +0000] "GET /wp-admin/admin-ajax.php?action=updraft_ajax&subaction=activejobs_list&nonce=265478ad05&downloaders= HTTP/2" 200 117 "https://alkhidmahnaturalcare.com/wp-admin/options-general.php?page=updraftplus" "Mozilla/5.0 (Windows NT 10.0; Win64; x64) AppleWebKit/537.36 (KHTML, like Gecko) Chrome/142.0.0.0 Safari/537.36"
217.113.194.119 - - [30/Nov/2025:12:04:43 +0000] "GET /shop/?filter_cat=113%2C114%2C112%2C116%2C122%2C117&column=2&per_page=24 HTTP/2" 404 12001 "-" "Mozilla/5.0 (compatible; Barkrowler/0.9; +https://babbar.tech/crawler)"
118.179.97.190 - - [30/Nov/2025:12:04:45 +0000] "GET /wp-admin/admin-ajax.php?action=updraft_ajax&subaction=activejobs_list&nonce=265478ad05&downloaders= HTTP/2" 200 117 "https://alkhidmahnaturalcare.com/wp-admin/options-general.php?page=updraftplus" "Mozilla/5.0 (Windows NT 10.0; Win64; x64) AppleWebKit/537.36 (KHTML, like Gecko) Chrome/142.0.0.0 Safari/537.36"
118.179.97.190 - - [30/Nov/2025:12:04:46 +0000] "POST /wp-admin/admin-ajax.php HTTP/2" 200 193 "https://alkhidmahnaturalcare.com/wp-admin/options-general.php?page=updraftplus" "Mozilla/5.0 (Windows NT 10.0; Win64; x64) AppleWebKit/537.36 (KHTML, like Gecko) Chrome/142.0.0.0 Safari/537.36"
118.179.97.190 - - [30/Nov/2025:12:04:49 +0000] "GET /wp-admin/admin-ajax.php?action=updraft_ajax&subaction=activejobs_list&nonce=265478ad05&downloaders= HTTP/2" 200 117 "https://alkhidmahnaturalcare.com/wp-admin/options-general.php?page=updraftplus" "Mozilla/5.0 (Windows NT 10.0; Win64; x64) AppleWebKit/537.36 (KHTML, like Gecko) Chrome/142.0.0.0 Safari/537.36"
118.179.97.190 - - [30/Nov/2025:12:04:52 +0000] "GET /wp-admin/admin-ajax.php?action=updraft_ajax&subaction=activejobs_list&nonce=265478ad05&downloaders= HTTP/2" 200 117 "https://alkhidmahnaturalcare.com/wp-admin/options-general.php?page=updraftplus" "Mozilla/5.0 (Windows NT 10.0; Win64; x64) AppleWebKit/537.36 (KHTML, like Gecko) Chrome/142.0.0.0 Safari/537.36"
217.113.194.121 - - [30/Nov/2025:12:04:59 +0000] "GET /shop/?filter_cat=113%2C112%2C15&column=3&filter_campaign=51%2C50&per_page=18 HTTP/2" 404 12070 "-" "Mozilla/5.0 (compatible; Barkrowler/0.9; +https://babbar.tech/crawler)"
66.249.70.169 - - [30/Nov/2025:12:04:59 +0000] "GET /?_g=2390382 HTTP/2" 200 10744 "-" "Mozilla/5.0 (Linux; Android 6.0.1; Nexus 5X Build/MMB29P) AppleWebKit/537.36 (KHTML, like Gecko) Chrome/141.0.7390.122 Mobile Safari/537.36 (compatible; Googlebot/2.1; +http://www.google.com/bot.html)"
118.179.97.190 - - [30/Nov/2025:12:05:00 +0000] "GET /wp-admin/admin-ajax.php?action=updraft_ajax&subaction=activejobs_list&nonce=265478ad05&downloaders= HTTP/2" 200 117 "https://alkhidmahnaturalcare.com/wp-admin/options-general.php?page=updraftplus" "Mozilla/5.0 (Windows NT 10.0; Win64; x64) AppleWebKit/537.36 (KHTML, like Gecko) Chrome/142.0.0.0 Safari/537.36"
118.179.97.190 - - [30/Nov/2025:12:05:09 +0000] "GET /wp-admin/admin-ajax.php?action=updraft_ajax&subaction=activejobs_list&nonce=265478ad05&downloaders= HTTP/2" 200 117 "https://alkhidmahnaturalcare.com/wp-admin/options-general.php?page=updraftplus" "Mozilla/5.0 (Windows NT 10.0; Win64; x64) AppleWebKit/537.36 (KHTML, like Gecko) Chrome/142.0.0.0 Safari/537.36"
217.113.194.118 - - [30/Nov/2025:12:05:14 +0000] "GET /shop/?filter_cat=113%2C115%2C114%2C121%2C112%2C116&per_page=9&column=3 HTTP/2" 404 12027 "-" "Mozilla/5.0 (compatible; Barkrowler/0.9; +https://babbar.tech/crawler)"
118.179.97.190 - - [30/Nov/2025:12:05:18 +0000] "GET /wp-admin/admin-ajax.php?action=updraft_ajax&subaction=activejobs_list&nonce=265478ad05&downloaders= HTTP/2" 200 117 "https://alkhidmahnaturalcare.com/wp-admin/options-general.php?page=updraftplus" "Mozilla/5.0 (Windows NT 10.0; Win64; x64) AppleWebKit/537.36 (KHTML, like Gecko) Chrome/142.0.0.0 Safari/537.36"
118.179.97.190 - - [30/Nov/2025:12:05:27 +0000] "GET /wp-admin/admin-ajax.php?action=updraft_ajax&subaction=activejobs_list&nonce=265478ad05&downloaders= HTTP/2" 200 117 "https://alkhidmahnaturalcare.com/wp-admin/options-general.php?page=updraftplus" "Mozilla/5.0 (Windows NT 10.0; Win64; x64) AppleWebKit/537.36 (KHTML, like Gecko) Chrome/142.0.0.0 Safari/537.36"
217.113.194.115 - - [30/Nov/2025:12:05:31 +0000] "GET /shop/?filter_cat=113%2C115%2C112%2C116%2C122%2C121&per_page=18&column=2 HTTP/2" 404 12027 "-" "Mozilla/5.0 (compatible; Barkrowler/0.9; +https://babbar.tech/crawler)"
118.179.97.190 - - [30/Nov/2025:12:05:35 +0000] "GET /wp-admin/admin-ajax.php?action=updraft_ajax&subaction=activejobs_list&nonce=265478ad05&downloaders= HTTP/2" 200 117 "https://alkhidmahnaturalcare.com/wp-admin/options-general.php?page=updraftplus" "Mozilla/5.0 (Windows NT 10.0; Win64; x64) AppleWebKit/537.36 (KHTML, like Gecko) Chrome/142.0.0.0 Safari/537.36"
118.179.97.190 - - [30/Nov/2025:12:05:44 +0000] "GET /wp-admin/admin-ajax.php?action=updraft_ajax&subaction=activejobs_list&nonce=265478ad05&downloaders= HTTP/2" 200 117 "https://alkhidmahnaturalcare.com/wp-admin/options-general.php?page=updraftplus" "Mozilla/5.0 (Windows NT 10.0; Win64; x64) AppleWebKit/537.36 (KHTML, like Gecko) Chrome/142.0.0.0 Safari/537.36"
217.113.194.113 - - [30/Nov/2025:12:05:46 +0000] "GET /shop/?filter_cat=113%2C115%2C15%2C121%2C117%2C122&per_page=24&column=2 HTTP/2" 404 12027 "-" "Mozilla/5.0 (compatible; Barkrowler/0.9; +https://babbar.tech/crawler)"
66.249.70.170 - - [30/Nov/2025:12:05:53 +0000] "GET /shop/?column=3&filter_cat=15,113,121&per_page=12&filter_brand=42%2C37%2C38&filter_campaign=51 HTTP/2" 404 12070 "-" "Mozilla/5.0 (Linux; Android 6.0.1; Nexus 5X Build/MMB29P) AppleWebKit/537.36 (KHTML, like Gecko) Chrome/141.0.7390.122 Mobile Safari/537.36 (compatible; Googlebot/2.1; +http://www.google.com/bot.html)"
118.179.97.190 - - [30/Nov/2025:12:05:53 +0000] "GET /wp-admin/admin-ajax.php?action=updraft_ajax&subaction=activejobs_list&nonce=265478ad05&downloaders= HTTP/2" 200 117 "https://alkhidmahnaturalcare.com/wp-admin/options-general.php?page=updraftplus" "Mozilla/5.0 (Windows NT 10.0; Win64; x64) AppleWebKit/537.36 (KHTML, like Gecko) Chrome/142.0.0.0 Safari/537.36"
118.179.97.190 - - [30/Nov/2025:12:06:02 +0000] "GET /wp-admin/admin-ajax.php?action=updraft_ajax&subaction=activejobs_list&nonce=265478ad05&downloaders= HTTP/2" 200 117 "https://alkhidmahnaturalcare.com/wp-admin/options-general.php?page=updraftplus" "Mozilla/5.0 (Windows NT 10.0; Win64; x64) AppleWebKit/537.36 (KHTML, like Gecko) Chrome/142.0.0.0 Safari/537.36"
217.113.194.120 - - [30/Nov/2025:12:06:02 +0000] "GET /shop/?filter_cat=113%2C115%2C15%2C112%2C121%2C122&column=4&per_page=24 HTTP/2" 404 12050 "-" "Mozilla/5.0 (compatible; Barkrowler/0.9; +https://babbar.tech/crawler)"
118.179.97.190 - - [30/Nov/2025:12:06:10 +0000] "GET /wp-admin/admin-ajax.php?action=updraft_ajax&subaction=activejobs_list&nonce=265478ad05&downloaders= HTTP/2" 200 117 "https://alkhidmahnaturalcare.com/wp-admin/options-general.php?page=updraftplus" "Mozilla/5.0 (Windows NT 10.0; Win64; x64) AppleWebKit/537.36 (KHTML, like Gecko) Chrome/142.0.0.0 Safari/537.36"
217.113.194.113 - - [30/Nov/2025:12:06:17 +0000] "GET /shop/?filter_cat=113%2C122%2C115%2C112&column=2&per_page=18&filter_campaign=51 HTTP/2" 404 12001 "-" "Mozilla/5.0 (compatible; Barkrowler/0.9; +https://babbar.tech/crawler)"
118.179.97.190 - - [30/Nov/2025:12:06:19 +0000] "GET /wp-admin/admin-ajax.php?action=updraft_ajax&subaction=activejobs_list&nonce=265478ad05&downloaders= HTTP/2" 200 117 "https://alkhidmahnaturalcare.com/wp-admin/options-general.php?page=updraftplus" "Mozilla/5.0 (Windows NT 10.0; Win64; x64) AppleWebKit/537.36 (KHTML, like Gecko) Chrome/142.0.0.0 Safari/537.36"
118.179.97.190 - - [30/Nov/2025:12:06:28 +0000] "GET /wp-admin/admin-ajax.php?action=updraft_ajax&subaction=activejobs_list&nonce=265478ad05&downloaders= HTTP/2" 200 117 "https://alkhidmahnaturalcare.com/wp-admin/options-general.php?page=updraftplus" "Mozilla/5.0 (Windows NT 10.0; Win64; x64) AppleWebKit/537.36 (KHTML, like Gecko) Chrome/142.0.0.0 Safari/537.36"
217.113.194.117 - - [30/Nov/2025:12:06:33 +0000] "GET /shop/?filter_cat=114%2C112%2C116%2C115%2C122%2C117&column=3&per_page=18 HTTP/2" 404 12027 "-" "Mozilla/5.0 (compatible; Barkrowler/0.9; +https://babbar.tech/crawler)"
118.179.97.190 - - [30/Nov/2025:12:06:37 +0000] "GET /wp-admin/admin-ajax.php?action=updraft_ajax&subaction=activejobs_list&nonce=265478ad05&downloaders= HTTP/2" 200 117 "https://alkhidmahnaturalcare.com/wp-admin/options-general.php?page=updraftplus" "Mozilla/5.0 (Windows NT 10.0; Win64; x64) AppleWebKit/537.36 (KHTML, like Gecko) Chrome/142.0.0.0 Safari/537.36"
118.179.97.190 - - [30/Nov/2025:12:06:45 +0000] "GET /wp-admin/admin-ajax.php?action=updraft_ajax&subaction=activejobs_list&nonce=265478ad05&downloaders= HTTP/2" 200 117 "https://alkhidmahnaturalcare.com/wp-admin/options-general.php?page=updraftplus" "Mozilla/5.0 (Windows NT 10.0; Win64; x64) AppleWebKit/537.36 (KHTML, like Gecko) Chrome/142.0.0.0 Safari/537.36"
66.249.70.170 - - [30/Nov/2025:12:06:46 +0000] "GET /?_g=2476847 HTTP/2" 200 10717 "-" "Mozilla/5.0 (Linux; Android 6.0.1; Nexus 5X Build/MMB29P) AppleWebKit/537.36 (KHTML, like Gecko) Chrome/141.0.7390.122 Mobile Safari/537.36 (compatible; Googlebot/2.1; +http://www.google.com/bot.html)"
118.179.97.190 - - [30/Nov/2025:12:06:46 +0000] "POST /wp-admin/admin-ajax.php HTTP/2" 200 193 "https://alkhidmahnaturalcare.com/wp-admin/options-general.php?page=updraftplus" "Mozilla/5.0 (Windows NT 10.0; Win64; x64) AppleWebKit/537.36 (KHTML, like Gecko) Chrome/142.0.0.0 Safari/537.36"
217.113.194.117 - - [30/Nov/2025:12:06:48 +0000] "GET /shop/?filter_cat=114%2C112%2C115%2C121%2C122%2C117%2C15&column=4 HTTP/2" 404 12027 "-" "Mozilla/5.0 (compatible; Barkrowler/0.9; +https://babbar.tech/crawler)"
118.179.97.190 - - [30/Nov/2025:12:06:49 +0000] "GET /wp-admin/admin-ajax.php?action=updraft_ajax&subaction=activejobs_list&nonce=265478ad05&downloaders= HTTP/2" 200 117 "https://alkhidmahnaturalcare.com/wp-admin/options-general.php?page=updraftplus" "Mozilla/5.0 (Windows NT 10.0; Win64; x64) AppleWebKit/537.36 (KHTML, like Gecko) Chrome/142.0.0.0 Safari/537.36"
118.179.97.190 - - [30/Nov/2025:12:06:51 +0000] "GET /wp-admin/admin-ajax.php?action=updraft_ajax&subaction=activejobs_list&nonce=265478ad05&downloaders= HTTP/2" 200 117 "https://alkhidmahnaturalcare.com/wp-admin/options-general.php?page=updraftplus" "Mozilla/5.0 (Windows NT 10.0; Win64; x64) AppleWebKit/537.36 (KHTML, like Gecko) Chrome/142.0.0.0 Safari/537.36"
118.179.97.190 - - [30/Nov/2025:12:07:00 +0000] "GET /wp-admin/admin-ajax.php?action=updraft_ajax&subaction=activejobs_list&nonce=265478ad05&downloaders= HTTP/2" 200 117 "https://alkhidmahnaturalcare.com/wp-admin/options-general.php?page=updraftplus" "Mozilla/5.0 (Windows NT 10.0; Win64; x64) AppleWebKit/537.36 (KHTML, like Gecko) Chrome/142.0.0.0 Safari/537.36"
217.113.194.118 - - [30/Nov/2025:12:07:04 +0000] "GET /shop/?filter_cat=114%2C117%2C15%2C122&column=1&filter_brand=42&per_page=9 HTTP/2" 404 12027 "-" "Mozilla/5.0 (compatible; Barkrowler/0.9; +https://babbar.tech/crawler)"
118.179.97.190 - - [30/Nov/2025:12:07:09 +0000] "GET /wp-admin/admin-ajax.php?action=updraft_ajax&subaction=activejobs_list&nonce=265478ad05&downloaders= HTTP/2" 200 117 "https://alkhidmahnaturalcare.com/wp-admin/options-general.php?page=updraftplus" "Mozilla/5.0 (Windows NT 10.0; Win64; x64) AppleWebKit/537.36 (KHTML, like Gecko) Chrome/142.0.0.0 Safari/537.36"
118.179.97.190 - - [30/Nov/2025:12:07:18 +0000] "GET /wp-admin/admin-ajax.php?action=updraft_ajax&subaction=activejobs_list&nonce=265478ad05&downloaders= HTTP/2" 200 117 "https://alkhidmahnaturalcare.com/wp-admin/options-general.php?page=updraftplus" "Mozilla/5.0 (Windows NT 10.0; Win64; x64) AppleWebKit/537.36 (KHTML, like Gecko) Chrome/142.0.0.0 Safari/537.36"
217.113.194.116 - - [30/Nov/2025:12:07:19 +0000] "GET /shop/?filter_cat=114%2C115%2C116%2C112&per_page=12&filter_brand=40&column=5 HTTP/2" 404 12027 "-" "Mozilla/5.0 (compatible; Barkrowler/0.9; +https://babbar.tech/crawler)"
118.179.97.190 - - [30/Nov/2025:12:07:27 +0000] "GET /wp-admin/admin-ajax.php?action=updraft_ajax&subaction=activejobs_list&nonce=265478ad05&downloaders= HTTP/2" 200 117 "https://alkhidmahnaturalcare.com/wp-admin/options-general.php?page=updraftplus" "Mozilla/5.0 (Windows NT 10.0; Win64; x64) AppleWebKit/537.36 (KHTML, like Gecko) Chrome/142.0.0.0 Safari/537.36"
217.113.194.119 - - [30/Nov/2025:12:07:35 +0000] "GET /shop/?filter_cat=114%2C115%2C112%2C15&filter_brand=39%2C38%2C37&column=3 HTTP/2" 404 12027 "-" "Mozilla/5.0 (compatible; Barkrowler/0.9; +https://babbar.tech/crawler)"
118.179.97.190 - - [30/Nov/2025:12:07:35 +0000] "GET /wp-admin/admin-ajax.php?action=updraft_ajax&subaction=activejobs_list&nonce=265478ad05&downloaders= HTTP/2" 200 117 "https://alkhidmahnaturalcare.com/wp-admin/options-general.php?page=updraftplus" "Mozilla/5.0 (Windows NT 10.0; Win64; x64) AppleWebKit/537.36 (KHTML, like Gecko) Chrome/142.0.0.0 Safari/537.36"
66.249.70.170 - - [30/Nov/2025:12:07:39 +0000] "GET /?_g=1375234 HTTP/2" 200 10744 "-" "Mozilla/5.0 (Linux; Android 6.0.1; Nexus 5X Build/MMB29P) AppleWebKit/537.36 (KHTML, like Gecko) Chrome/141.0.7390.122 Mobile Safari/537.36 (compatible; Googlebot/2.1; +http://www.google.com/bot.html)"
118.179.97.190 - - [30/Nov/2025:12:07:44 +0000] "GET /wp-admin/admin-ajax.php?action=updraft_ajax&subaction=activejobs_list&nonce=265478ad05&downloaders= HTTP/2" 200 117 "https://alkhidmahnaturalcare.com/wp-admin/options-general.php?page=updraftplus" "Mozilla/5.0 (Windows NT 10.0; Win64; x64) AppleWebKit/537.36 (KHTML, like Gecko) Chrome/142.0.0.0 Safari/537.36"
217.113.194.114 - - [30/Nov/2025:12:07:50 +0000] "GET /shop/?filter_cat=114%2C115%2C112%2C122%2C116%2C15&column=4&per_page=18 HTTP/2" 404 12027 "-" "Mozilla/5.0 (compatible; Barkrowler/0.9; +https://babbar.tech/crawler)"
118.179.97.190 - - [30/Nov/2025:12:07:53 +0000] "GET /wp-admin/admin-ajax.php?action=updraft_ajax&subaction=activejobs_list&nonce=265478ad05&downloaders= HTTP/2" 200 117 "https://alkhidmahnaturalcare.com/wp-admin/options-general.php?page=updraftplus" "Mozilla/5.0 (Windows NT 10.0; Win64; x64) AppleWebKit/537.36 (KHTML, like Gecko) Chrome/142.0.0.0 Safari/537.36"
118.179.97.190 - - [30/Nov/2025:12:08:02 +0000] "GET /wp-admin/admin-ajax.php?action=updraft_ajax&subaction=activejobs_list&nonce=265478ad05&downloaders= HTTP/2" 200 117 "https://alkhidmahnaturalcare.com/wp-admin/options-general.php?page=updraftplus" "Mozilla/5.0 (Windows NT 10.0; Win64; x64) AppleWebKit/537.36 (KHTML, like Gecko) Chrome/142.0.0.0 Safari/537.36"
148.113.130.128 - - [30/Nov/2025:12:08:02 +0000] "GET /shop/?per_page=12&filter_brand=40 HTTP/2" 404 12027 "-" "Mozilla/5.0 (compatible; AhrefsBot/7.0; +http://ahrefs.com/robot/)"
217.113.194.112 - - [30/Nov/2025:12:08:06 +0000] "GET /shop/?filter_cat=114%2C115%2C121%2C117%2C113%2C116&per_page=18&column=3 HTTP/2" 404 12027 "-" "Mozilla/5.0 (compatible; Barkrowler/0.9; +https://babbar.tech/crawler)"
118.179.97.190 - - [30/Nov/2025:12:08:10 +0000] "GET /wp-admin/admin-ajax.php?action=updraft_ajax&subaction=activejobs_list&nonce=265478ad05&downloaders= HTTP/2" 200 117 "https://alkhidmahnaturalcare.com/wp-admin/options-general.php?page=updraftplus" "Mozilla/5.0 (Windows NT 10.0; Win64; x64) AppleWebKit/537.36 (KHTML, like Gecko) Chrome/142.0.0.0 Safari/537.36"
118.179.97.190 - - [30/Nov/2025:12:08:19 +0000] "GET /wp-admin/admin-ajax.php?action=updraft_ajax&subaction=activejobs_list&nonce=265478ad05&downloaders= HTTP/2" 200 117 "https://alkhidmahnaturalcare.com/wp-admin/options-general.php?page=updraftplus" "Mozilla/5.0 (Windows NT 10.0; Win64; x64) AppleWebKit/537.36 (KHTML, like Gecko) Chrome/142.0.0.0 Safari/537.36"
217.113.194.225 - - [30/Nov/2025:12:08:21 +0000] "GET /shop/?filter_cat=114%2C115%2C121%2C117%2C116%2C122&column=2&filter_campaign=51 HTTP/2" 404 12027 "-" "Mozilla/5.0 (compatible; Barkrowler/0.9; +https://babbar.tech/crawler)"
118.179.97.190 - - [30/Nov/2025:12:08:28 +0000] "GET /wp-admin/admin-ajax.php?action=updraft_ajax&subaction=activejobs_list&nonce=265478ad05&downloaders= HTTP/2" 200 117 "https://alkhidmahnaturalcare.com/wp-admin/options-general.php?page=updraftplus" "Mozilla/5.0 (Windows NT 10.0; Win64; x64) AppleWebKit/537.36 (KHTML, like Gecko) Chrome/142.0.0.0 Safari/537.36"
66.249.70.170 - - [30/Nov/2025:12:08:32 +0000] "GET /?_g=1669503 HTTP/2" 200 10715 "-" "Mozilla/5.0 (Linux; Android 6.0.1; Nexus 5X Build/MMB29P) AppleWebKit/537.36 (KHTML, like Gecko) Chrome/141.0.7390.122 Mobile Safari/537.36 (compatible; Googlebot/2.1; +http://www.google.com/bot.html)"
66.249.64.103 - - [30/Nov/2025:12:08:33 +0000] "GET /?l=72245138009200 HTTP/2" 301 0 "-" "Mozilla/5.0 (Linux; Android 6.0.1; Nexus 5X Build/MMB29P) AppleWebKit/537.36 (KHTML, like Gecko) Chrome/141.0.7390.122 Mobile Safari/537.36 (compatible; Googlebot/2.1; +http://www.google.com/bot.html)"
66.249.70.169 - - [30/Nov/2025:12:08:34 +0000] "GET /?l=72245138009200 HTTP/2" 200 10744 "-" "Mozilla/5.0 (Linux; Android 6.0.1; Nexus 5X Build/MMB29P) AppleWebKit/537.36 (KHTML, like Gecko) Chrome/141.0.7390.122 Mobile Safari/537.36 (compatible; Googlebot/2.1; +http://www.google.com/bot.html)"
118.179.97.190 - - [30/Nov/2025:12:08:36 +0000] "GET /wp-admin/admin-ajax.php?action=updraft_ajax&subaction=activejobs_list&nonce=265478ad05&downloaders= HTTP/2" 200 117 "https://alkhidmahnaturalcare.com/wp-admin/options-general.php?page=updraftplus" "Mozilla/5.0 (Windows NT 10.0; Win64; x64) AppleWebKit/537.36 (KHTML, like Gecko) Chrome/142.0.0.0 Safari/537.36"
217.113.194.112 - - [30/Nov/2025:12:08:37 +0000] "GET /shop/?filter_cat=114%2C113%2C116%2C122%2C112%2C117&column=4&per_page=12 HTTP/2" 404 12027 "-" "Mozilla/5.0 (compatible; Barkrowler/0.9; +https://babbar.tech/crawler)"
118.179.97.190 - - [30/Nov/2025:12:08:45 +0000] "GET /wp-admin/admin-ajax.php?action=updraft_ajax&subaction=activejobs_list&nonce=265478ad05&downloaders= HTTP/2" 200 117 "https://alkhidmahnaturalcare.com/wp-admin/options-general.php?page=updraftplus" "Mozilla/5.0 (Windows NT 10.0; Win64; x64) AppleWebKit/537.36 (KHTML, like Gecko) Chrome/142.0.0.0 Safari/537.36"
118.179.97.190 - - [30/Nov/2025:12:08:46 +0000] "POST /wp-admin/admin-ajax.php HTTP/2" 200 193 "https://alkhidmahnaturalcare.com/wp-admin/options-general.php?page=updraftplus" "Mozilla/5.0 (Windows NT 10.0; Win64; x64) AppleWebKit/537.36 (KHTML, like Gecko) Chrome/142.0.0.0 Safari/537.36"
118.179.97.190 - - [30/Nov/2025:12:08:49 +0000] "GET /wp-admin/admin-ajax.php?action=updraft_ajax&subaction=activejobs_list&nonce=265478ad05&downloaders= HTTP/2" 200 117 "https://alkhidmahnaturalcare.com/wp-admin/options-general.php?page=updraftplus" "Mozilla/5.0 (Windows NT 10.0; Win64; x64) AppleWebKit/537.36 (KHTML, like Gecko) Chrome/142.0.0.0 Safari/537.36"
118.179.97.190 - - [30/Nov/2025:12:08:52 +0000] "GET /wp-admin/admin-ajax.php?action=updraft_ajax&subaction=activejobs_list&nonce=265478ad05&downloaders= HTTP/2" 200 117 "https://alkhidmahnaturalcare.com/wp-admin/options-general.php?page=updraftplus" "Mozilla/5.0 (Windows NT 10.0; Win64; x64) AppleWebKit/537.36 (KHTML, like Gecko) Chrome/142.0.0.0 Safari/537.36"
217.113.194.226 - - [30/Nov/2025:12:08:53 +0000] "GET /shop/?filter_cat=114%2C113%2C122&per_page=24&filter_brand=42%2C39&column=5 HTTP/2" 404 12027 "-" "Mozilla/5.0 (compatible; Barkrowler/0.9; +https://babbar.tech/crawler)"
118.179.97.190 - - [30/Nov/2025:12:09:00 +0000] "GET /wp-admin/admin-ajax.php?action=updraft_ajax&subaction=activejobs_list&nonce=265478ad05&downloaders= HTTP/2" 200 117 "https://alkhidmahnaturalcare.com/wp-admin/options-general.php?page=updraftplus" "Mozilla/5.0 (Windows NT 10.0; Win64; x64) AppleWebKit/537.36 (KHTML, like Gecko) Chrome/142.0.0.0 Safari/537.36"
217.113.194.117 - - [30/Nov/2025:12:09:08 +0000] "GET /shop/?column=1&filter_brand=41%2C38&filter_cat=113%2C112%2C116%2C15 HTTP/2" 404 12027 "-" "Mozilla/5.0 (compatible; Barkrowler/0.9; +https://babbar.tech/crawler)"
118.179.97.190 - - [30/Nov/2025:12:09:09 +0000] "GET /wp-admin/admin-ajax.php?action=updraft_ajax&subaction=activejobs_list&nonce=265478ad05&downloaders= HTTP/2" 200 117 "https://alkhidmahnaturalcare.com/wp-admin/options-general.php?page=updraftplus" "Mozilla/5.0 (Windows NT 10.0; Win64; x64) AppleWebKit/537.36 (KHTML, like Gecko) Chrome/142.0.0.0 Safari/537.36"
118.179.97.190 - - [30/Nov/2025:12:09:18 +0000] "GET /wp-admin/admin-ajax.php?action=updraft_ajax&subaction=activejobs_list&nonce=265478ad05&downloaders= HTTP/2" 200 117 "https://alkhidmahnaturalcare.com/wp-admin/options-general.php?page=updraftplus" "Mozilla/5.0 (Windows NT 10.0; Win64; x64) AppleWebKit/537.36 (KHTML, like Gecko) Chrome/142.0.0.0 Safari/537.36"
154.54.249.204 - - [30/Nov/2025:12:09:24 +0000] "GET /shop/?column=1&filter_brand=36%2C35&filter_cat=116%2C15&filter_campaign=51 HTTP/2" 404 12070 "-" "Mozilla/5.0 (compatible; Barkrowler/0.9; +https://babbar.tech/crawler)"
118.179.97.190 - - [30/Nov/2025:12:09:27 +0000] "GET /wp-admin/admin-ajax.php?action=updraft_ajax&subaction=activejobs_list&nonce=265478ad05&downloaders= HTTP/2" 200 117 "https://alkhidmahnaturalcare.com/wp-admin/options-general.php?page=updraftplus" "Mozilla/5.0 (Windows NT 10.0; Win64; x64) AppleWebKit/537.36 (KHTML, like Gecko) Chrome/142.0.0.0 Safari/537.36"
118.179.97.190 - - [30/Nov/2025:12:09:35 +0000] "GET /wp-admin/admin-ajax.php?action=updraft_ajax&subaction=activejobs_list&nonce=265478ad05&downloaders= HTTP/2" 200 117 "https://alkhidmahnaturalcare.com/wp-admin/options-general.php?page=updraftplus" "Mozilla/5.0 (Windows NT 10.0; Win64; x64) AppleWebKit/537.36 (KHTML, like Gecko) Chrome/142.0.0.0 Safari/537.36"
217.113.194.115 - - [30/Nov/2025:12:09:39 +0000] "GET /shop/?column=1&filter_brand=42%2C38%2C37&per_page=18&filter_campaign=51 HTTP/2" 404 12027 "-" "Mozilla/5.0 (compatible; Barkrowler/0.9; +https://babbar.tech/crawler)"
118.179.97.190 - - [30/Nov/2025:12:09:44 +0000] "GET /wp-admin/admin-ajax.php?action=updraft_ajax&subaction=activejobs_list&nonce=265478ad05&downloaders= HTTP/2" 200 117 "https://alkhidmahnaturalcare.com/wp-admin/options-general.php?page=updraftplus" "Mozilla/5.0 (Windows NT 10.0; Win64; x64) AppleWebKit/537.36 (KHTML, like Gecko) Chrome/142.0.0.0 Safari/537.36"
118.179.97.190 - - [30/Nov/2025:12:09:53 +0000] "GET /wp-admin/admin-ajax.php?action=updraft_ajax&subaction=activejobs_list&nonce=265478ad05&downloaders= HTTP/2" 200 117 "https://alkhidmahnaturalcare.com/wp-admin/options-general.php?page=updraftplus" "Mozilla/5.0 (Windows NT 10.0; Win64; x64) AppleWebKit/537.36 (KHTML, like Gecko) Chrome/142.0.0.0 Safari/537.36"
217.113.194.226 - - [30/Nov/2025:12:09:55 +0000] "GET /shop/?column=1&filter_brand=39%2C35&filter_cat=112%2C114&filter_campaign=50 HTTP/2" 404 12027 "-" "Mozilla/5.0 (compatible; Barkrowler/0.9; +https://babbar.tech/crawler)"
118.179.97.190 - - [30/Nov/2025:12:10:02 +0000] "GET /wp-admin/admin-ajax.php?action=updraft_ajax&subaction=activejobs_list&nonce=265478ad05&downloaders= HTTP/2" 200 117 "https://alkhidmahnaturalcare.com/wp-admin/options-general.php?page=updraftplus" "Mozilla/5.0 (Windows NT 10.0; Win64; x64) AppleWebKit/537.36 (KHTML, like Gecko) Chrome/142.0.0.0 Safari/537.36"
118.179.97.190 - - [30/Nov/2025:12:10:10 +0000] "GET /wp-admin/admin-ajax.php?action=updraft_ajax&subaction=activejobs_list&nonce=265478ad05&downloaders= HTTP/2" 200 117 "https://alkhidmahnaturalcare.com/wp-admin/options-general.php?page=updraftplus" "Mozilla/5.0 (Windows NT 10.0; Win64; x64) AppleWebKit/537.36 (KHTML, like Gecko) Chrome/142.0.0.0 Safari/537.36"
217.113.194.225 - - [30/Nov/2025:12:10:11 +0000] "GET /shop/?column=1&filter_cat=112%2C121%2C115&per_page=9&filter_campaign=50 HTTP/2" 404 12027 "-" "Mozilla/5.0 (compatible; Barkrowler/0.9; +https://babbar.tech/crawler)"
118.179.97.190 - - [30/Nov/2025:12:10:19 +0000] "GET /wp-admin/admin-ajax.php?action=updraft_ajax&subaction=activejobs_list&nonce=265478ad05&downloaders= HTTP/2" 200 117 "https://alkhidmahnaturalcare.com/wp-admin/options-general.php?page=updraftplus" "Mozilla/5.0 (Windows NT 10.0; Win64; x64) AppleWebKit/537.36 (KHTML, like Gecko) Chrome/142.0.0.0 Safari/537.36"
66.249.70.164 - - [30/Nov/2025:12:10:20 +0000] "GET /?_g=1371422 HTTP/2" 200 10744 "-" "Mozilla/5.0 (Linux; Android 6.0.1; Nexus 5X Build/MMB29P) AppleWebKit/537.36 (KHTML, like Gecko) Chrome/141.0.7390.122 Mobile Safari/537.36 (compatible; Googlebot/2.1; +http://www.google.com/bot.html)"
66.249.64.102 - - [30/Nov/2025:12:10:21 +0000] "GET /?l=0627299108803 HTTP/2" 301 0 "-" "Mozilla/5.0 (Linux; Android 6.0.1; Nexus 5X Build/MMB29P) AppleWebKit/537.36 (KHTML, like Gecko) Chrome/141.0.7390.122 Mobile Safari/537.36 (compatible; Googlebot/2.1; +http://www.google.com/bot.html)"
66.249.70.163 - - [30/Nov/2025:12:10:21 +0000] "GET /?l=0627299108803 HTTP/2" 200 10744 "-" "Mozilla/5.0 (Linux; Android 6.0.1; Nexus 5X Build/MMB29P) AppleWebKit/537.36 (KHTML, like Gecko) Chrome/141.0.7390.122 Mobile Safari/537.36 (compatible; Googlebot/2.1; +http://www.google.com/bot.html)"
217.113.194.119 - - [30/Nov/2025:12:10:27 +0000] "GET /shop/?column=5&filter_brand=40%2C41%2C35&filter_cat=116%2C114&per_page=18 HTTP/2" 404 12027 "-" "Mozilla/5.0 (compatible; Barkrowler/0.9; +https://babbar.tech/crawler)"
118.179.97.190 - - [30/Nov/2025:12:10:28 +0000] "GET /wp-admin/admin-ajax.php?action=updraft_ajax&subaction=activejobs_list&nonce=265478ad05&downloaders= HTTP/2" 200 117 "https://alkhidmahnaturalcare.com/wp-admin/options-general.php?page=updraftplus" "Mozilla/5.0 (Windows NT 10.0; Win64; x64) AppleWebKit/537.36 (KHTML, like Gecko) Chrome/142.0.0.0 Safari/537.36"
118.179.97.190 - - [30/Nov/2025:12:10:37 +0000] "GET /wp-admin/admin-ajax.php?action=updraft_ajax&subaction=activejobs_list&nonce=265478ad05&downloaders= HTTP/2" 200 117 "https://alkhidmahnaturalcare.com/wp-admin/options-general.php?page=updraftplus" "Mozilla/5.0 (Windows NT 10.0; Win64; x64) AppleWebKit/537.36 (KHTML, like Gecko) Chrome/142.0.0.0 Safari/537.36"
217.113.194.120 - - [30/Nov/2025:12:10:42 +0000] "GET /shop/?column=5&filter_brand=36&filter_cat=117%2C115%2C15%2C116&per_page=24 HTTP/2" 404 12027 "-" "Mozilla/5.0 (compatible; Barkrowler/0.9; +https://babbar.tech/crawler)"
118.179.97.190 - - [30/Nov/2025:12:10:45 +0000] "GET /wp-admin/admin-ajax.php?action=updraft_ajax&subaction=activejobs_list&nonce=265478ad05&downloaders= HTTP/2" 200 117 "https://alkhidmahnaturalcare.com/wp-admin/options-general.php?page=updraftplus" "Mozilla/5.0 (Windows NT 10.0; Win64; x64) AppleWebKit/537.36 (KHTML, like Gecko) Chrome/142.0.0.0 Safari/537.36"
118.179.97.190 - - [30/Nov/2025:12:10:46 +0000] "POST /wp-admin/admin-ajax.php HTTP/2" 200 193 "https://alkhidmahnaturalcare.com/wp-admin/options-general.php?page=updraftplus" "Mozilla/5.0 (Windows NT 10.0; Win64; x64) AppleWebKit/537.36 (KHTML, like Gecko) Chrome/142.0.0.0 Safari/537.36"
118.179.97.190 - - [30/Nov/2025:12:10:49 +0000] "GET /wp-admin/admin-ajax.php?action=updraft_ajax&subaction=activejobs_list&nonce=265478ad05&downloaders= HTTP/2" 200 117 "https://alkhidmahnaturalcare.com/wp-admin/options-general.php?page=updraftplus" "Mozilla/5.0 (Windows NT 10.0; Win64; x64) AppleWebKit/537.36 (KHTML, like Gecko) Chrome/142.0.0.0 Safari/537.36"
118.179.97.190 - - [30/Nov/2025:12:10:53 +0000] "GET /wp-admin/admin-ajax.php?action=updraft_ajax&subaction=activejobs_list&nonce=265478ad05&downloaders= HTTP/2" 200 117 "https://alkhidmahnaturalcare.com/wp-admin/options-general.php?page=updraftplus" "Mozilla/5.0 (Windows NT 10.0; Win64; x64) AppleWebKit/537.36 (KHTML, like Gecko) Chrome/142.0.0.0 Safari/537.36"
217.113.194.225 - - [30/Nov/2025:12:10:57 +0000] "GET /shop/?column=2&filter_cat=113%2C116%2C122%2C112&per_page=9&filter_campaign=51 HTTP/2" 404 12005 "-" "Mozilla/5.0 (compatible; Barkrowler/0.9; +https://babbar.tech/crawler)"
118.179.97.190 - - [30/Nov/2025:12:11:03 +0000] "GET /wp-admin/admin-ajax.php?action=updraft_ajax&subaction=activejobs_list&nonce=265478ad05&downloaders= HTTP/2" 200 117 "https://alkhidmahnaturalcare.com/wp-admin/options-general.php?page=updraftplus" "Mozilla/5.0 (Windows NT 10.0; Win64; x64) AppleWebKit/537.36 (KHTML, like Gecko) Chrome/142.0.0.0 Safari/537.36"
118.179.97.190 - - [30/Nov/2025:12:11:12 +0000] "GET /wp-admin/admin-ajax.php?action=updraft_ajax&subaction=activejobs_list&nonce=265478ad05&downloaders= HTTP/2" 200 117 "https://alkhidmahnaturalcare.com/wp-admin/options-general.php?page=updraftplus" "Mozilla/5.0 (Windows NT 10.0; Win64; x64) AppleWebKit/537.36 (KHTML, like Gecko) Chrome/142.0.0.0 Safari/537.36"
217.113.194.114 - - [30/Nov/2025:12:11:13 +0000] "GET /shop/?column=4&filter_brand=35%2C42%2C38&filter_cat=122%2C116&per_page=12 HTTP/2" 404 12027 "-" "Mozilla/5.0 (compatible; Barkrowler/0.9; +https://babbar.tech/crawler)"
118.179.97.190 - - [30/Nov/2025:12:11:20 +0000] "GET /wp-admin/admin-ajax.php?action=updraft_ajax&subaction=activejobs_list&nonce=265478ad05&downloaders= HTTP/2" 200 117 "https://alkhidmahnaturalcare.com/wp-admin/options-general.php?page=updraftplus" "Mozilla/5.0 (Windows NT 10.0; Win64; x64) AppleWebKit/537.36 (KHTML, like Gecko) Chrome/142.0.0.0 Safari/537.36"
154.54.249.204 - - [30/Nov/2025:12:11:29 +0000] "GET /shop/?per_page=24&filter_cat=122%2C112%2C116%2C121&column=3&filter_campaign=50 HTTP/2" 404 12005 "-" "Mozilla/5.0 (compatible; Barkrowler/0.9; +https://babbar.tech/crawler)"
118.179.97.190 - - [30/Nov/2025:12:11:29 +0000] "GET /wp-admin/admin-ajax.php?action=updraft_ajax&subaction=activejobs_list&nonce=265478ad05&downloaders= HTTP/2" 200 117 "https://alkhidmahnaturalcare.com/wp-admin/options-general.php?page=updraftplus" "Mozilla/5.0 (Windows NT 10.0; Win64; x64) AppleWebKit/537.36 (KHTML, like Gecko) Chrome/142.0.0.0 Safari/537.36"
118.179.97.190 - - [30/Nov/2025:12:11:38 +0000] "GET /wp-admin/admin-ajax.php?action=updraft_ajax&subaction=activejobs_list&nonce=265478ad05&downloaders= HTTP/2" 200 117 "https://alkhidmahnaturalcare.com/wp-admin/options-general.php?page=updraftplus" "Mozilla/5.0 (Windows NT 10.0; Win64; x64) AppleWebKit/537.36 (KHTML, like Gecko) Chrome/142.0.0.0 Safari/537.36"
217.113.194.117 - - [30/Nov/2025:12:11:45 +0000] "GET /shop/?per_page=24&filter_cat=122%2C15%2C116%2C115&column=5&filter_campaign=51 HTTP/2" 404 12027 "-" "Mozilla/5.0 (compatible; Barkrowler/0.9; +https://babbar.tech/crawler)"
118.179.97.190 - - [30/Nov/2025:12:11:47 +0000] "GET /wp-admin/admin-ajax.php?action=updraft_ajax&subaction=activejobs_list&nonce=265478ad05&downloaders= HTTP/2" 200 117 "https://alkhidmahnaturalcare.com/wp-admin/options-general.php?page=updraftplus" "Mozilla/5.0 (Windows NT 10.0; Win64; x64) AppleWebKit/537.36 (KHTML, like Gecko) Chrome/142.0.0.0 Safari/537.36"
66.249.70.163 - - [30/Nov/2025:12:11:48 +0000] "GET /shop/?column=1&filter_cat=116%2C112%2C114&filter_brand=40%2C36%2C37&per_page=24&filter_campaign=51%2C50&add-to-cart=10156 HTTP/2" 404 12027 "-" "Mozilla/5.0 (Linux; Android 6.0.1; Nexus 5X Build/MMB29P) AppleWebKit/537.36 (KHTML, like Gecko) Chrome/141.0.7390.122 Mobile Safari/537.36 (compatible; Googlebot/2.1; +http://www.google.com/bot.html)"
118.179.97.190 - - [30/Nov/2025:12:11:55 +0000] "GET /wp-admin/admin-ajax.php?action=updraft_ajax&subaction=activejobs_list&nonce=265478ad05&downloaders= HTTP/2" 200 117 "https://alkhidmahnaturalcare.com/wp-admin/options-general.php?page=updraftplus" "Mozilla/5.0 (Windows NT 10.0; Win64; x64) AppleWebKit/537.36 (KHTML, like Gecko) Chrome/142.0.0.0 Safari/537.36"
217.113.194.119 - - [30/Nov/2025:12:12:00 +0000] "GET /shop/?per_page=24&filter_cat=117%2C114%2C15%2C121&column=3&filter_campaign=50 HTTP/2" 404 12027 "-" "Mozilla/5.0 (compatible; Barkrowler/0.9; +https://babbar.tech/crawler)"
118.179.97.190 - - [30/Nov/2025:12:12:04 +0000] "GET /wp-admin/admin-ajax.php?action=updraft_ajax&subaction=activejobs_list&nonce=265478ad05&downloaders= HTTP/2" 200 117 "https://alkhidmahnaturalcare.com/wp-admin/options-general.php?page=updraftplus" "Mozilla/5.0 (Windows NT 10.0; Win64; x64) AppleWebKit/537.36 (KHTML, like Gecko) Chrome/142.0.0.0 Safari/537.36"
118.179.97.190 - - [30/Nov/2025:12:12:12 +0000] "GET /wp-admin/admin-ajax.php?action=updraft_ajax&subaction=activejobs_list&nonce=265478ad05&downloaders= HTTP/2" 200 117 "https://alkhidmahnaturalcare.com/wp-admin/options-general.php?page=updraftplus" "Mozilla/5.0 (Windows NT 10.0; Win64; x64) AppleWebKit/537.36 (KHTML, like Gecko) Chrome/142.0.0.0 Safari/537.36"
217.113.194.118 - - [30/Nov/2025:12:12:15 +0000] "GET /shop/?per_page=18&filter_cat=116,15,121,122&filter_brand=37&column=3 HTTP/2" 404 12027 "-" "Mozilla/5.0 (compatible; Barkrowler/0.9; +https://babbar.tech/crawler)"
118.179.97.190 - - [30/Nov/2025:12:12:16 +0000] "POST /wp-admin/admin-ajax.php HTTP/2" 200 193 "https://alkhidmahnaturalcare.com/wp-admin/options-general.php?page=updraftplus" "Mozilla/5.0 (Windows NT 10.0; Win64; x64) AppleWebKit/537.36 (KHTML, like Gecko) Chrome/142.0.0.0 Safari/537.36"
118.179.97.190 - - [30/Nov/2025:12:12:16 +0000] "GET /wp-admin/admin-ajax.php?action=updraft_ajax&subaction=activejobs_list&nonce=265478ad05&downloaders= HTTP/2" 200 117 "https://alkhidmahnaturalcare.com/wp-admin/options-general.php?page=updraftplus" "Mozilla/5.0 (Windows NT 10.0; Win64; x64) AppleWebKit/537.36 (KHTML, like Gecko) Chrome/142.0.0.0 Safari/537.36"
118.179.97.190 - - [30/Nov/2025:12:12:19 +0000] "GET /wp-admin/admin-ajax.php?action=updraft_ajax&subaction=activejobs_list&nonce=265478ad05&downloaders= HTTP/2" 200 117 "https://alkhidmahnaturalcare.com/wp-admin/options-general.php?page=updraftplus" "Mozilla/5.0 (Windows NT 10.0; Win64; x64) AppleWebKit/537.36 (KHTML, like Gecko) Chrome/142.0.0.0 Safari/537.36"
118.179.97.190 - - [30/Nov/2025:12:12:28 +0000] "GET /wp-admin/admin-ajax.php?action=updraft_ajax&subaction=activejobs_list&nonce=265478ad05&downloaders= HTTP/2" 200 117 "https://alkhidmahnaturalcare.com/wp-admin/options-general.php?page=updraftplus" "Mozilla/5.0 (Windows NT 10.0; Win64; x64) AppleWebKit/537.36 (KHTML, like Gecko) Chrome/142.0.0.0 Safari/537.36"
217.113.194.119 - - [30/Nov/2025:12:12:31 +0000] "GET /shop/?per_page=18&filter_cat=113,15,121,122&filter_brand=35&column=5 HTTP/2" 404 12027 "-" "Mozilla/5.0 (compatible; Barkrowler/0.9; +https://babbar.tech/crawler)"
118.179.97.190 - - [30/Nov/2025:12:12:36 +0000] "GET /wp-admin/admin-ajax.php?action=updraft_ajax&subaction=activejobs_list&nonce=265478ad05&downloaders= HTTP/2" 200 117 "https://alkhidmahnaturalcare.com/wp-admin/options-general.php?page=updraftplus" "Mozilla/5.0 (Windows NT 10.0; Win64; x64) AppleWebKit/537.36 (KHTML, like Gecko) Chrome/142.0.0.0 Safari/537.36"
66.249.70.162 - - [30/Nov/2025:12:12:42 +0000] "GET /?_g=1622473 HTTP/2" 200 10713 "-" "Mozilla/5.0 (Linux; Android 6.0.1; Nexus 5X Build/MMB29P) AppleWebKit/537.36 (KHTML, like Gecko) Chrome/141.0.7390.122 Mobile Safari/537.36 (compatible; Googlebot/2.1; +http://www.google.com/bot.html)"
118.179.97.190 - - [30/Nov/2025:12:12:45 +0000] "GET /wp-admin/admin-ajax.php?action=updraft_ajax&subaction=activejobs_list&nonce=265478ad05&downloaders= HTTP/2" 200 117 "https://alkhidmahnaturalcare.com/wp-admin/options-general.php?page=updraftplus" "Mozilla/5.0 (Windows NT 10.0; Win64; x64) AppleWebKit/537.36 (KHTML, like Gecko) Chrome/142.0.0.0 Safari/537.36"
217.113.194.117 - - [30/Nov/2025:12:12:47 +0000] "GET /shop/?per_page=18&filter_cat=117,114,115,15,121,122&filter_campaign=50 HTTP/2" 404 12027 "-" "Mozilla/5.0 (compatible; Barkrowler/0.9; +https://babbar.tech/crawler)"
118.179.97.190 - - [30/Nov/2025:12:12:54 +0000] "GET /wp-admin/admin-ajax.php?action=updraft_ajax&subaction=activejobs_list&nonce=265478ad05&downloaders= HTTP/2" 200 117 "https://alkhidmahnaturalcare.com/wp-admin/options-general.php?page=updraftplus" "Mozilla/5.0 (Windows NT 10.0; Win64; x64) AppleWebKit/537.36 (KHTML, like Gecko) Chrome/142.0.0.0 Safari/537.36"
217.113.194.121 - - [30/Nov/2025:12:13:02 +0000] "GET /shop/?per_page=9&filter_brand=39&filter_cat=114%2C113%2C122%2C117&column=1 HTTP/2" 404 12070 "-" "Mozilla/5.0 (compatible; Barkrowler/0.9; +https://babbar.tech/crawler)"
118.179.97.190 - - [30/Nov/2025:12:13:03 +0000] "GET /wp-admin/admin-ajax.php?action=updraft_ajax&subaction=activejobs_list&nonce=265478ad05&downloaders= HTTP/2" 200 117 "https://alkhidmahnaturalcare.com/wp-admin/options-general.php?page=updraftplus" "Mozilla/5.0 (Windows NT 10.0; Win64; x64) AppleWebKit/537.36 (KHTML, like Gecko) Chrome/142.0.0.0 Safari/537.36"
118.179.97.190 - - [30/Nov/2025:12:13:06 +0000] "POST /wp-admin/admin-ajax.php HTTP/2" 200 73 "https://alkhidmahnaturalcare.com/wp-admin/options-general.php?page=updraftplus" "Mozilla/5.0 (Windows NT 10.0; Win64; x64) AppleWebKit/537.36 (KHTML, like Gecko) Chrome/142.0.0.0 Safari/537.36"
118.179.97.190 - - [30/Nov/2025:12:13:11 +0000] "GET /wp-admin/admin-ajax.php?action=updraft_ajax&subaction=activejobs_list&nonce=265478ad05&downloaders= HTTP/2" 200 117 "https://alkhidmahnaturalcare.com/wp-admin/options-general.php?page=updraftplus" "Mozilla/5.0 (Windows NT 10.0; Win64; x64) AppleWebKit/537.36 (KHTML, like Gecko) Chrome/142.0.0.0 Safari/537.36"
118.179.97.190 - - [30/Nov/2025:12:13:10 +0000] "POST /wp-admin/admin-ajax.php HTTP/2" 200 73 "https://alkhidmahnaturalcare.com/wp-admin/options-general.php?page=updraftplus" "Mozilla/5.0 (Windows NT 10.0; Win64; x64) AppleWebKit/537.36 (KHTML, like Gecko) Chrome/142.0.0.0 Safari/537.36"
118.179.97.190 - - [30/Nov/2025:12:13:14 +0000] "POST /wp-admin/admin-ajax.php HTTP/2" 200 73 "https://alkhidmahnaturalcare.com/wp-admin/options-general.php?page=updraftplus" "Mozilla/5.0 (Windows NT 10.0; Win64; x64) AppleWebKit/537.36 (KHTML, like Gecko) Chrome/142.0.0.0 Safari/537.36"
118.179.97.190 - - [30/Nov/2025:12:13:17 +0000] "POST /wp-admin/admin-ajax.php HTTP/2" 200 193 "https://alkhidmahnaturalcare.com/wp-admin/options-general.php?page=updraftplus" "Mozilla/5.0 (Windows NT 10.0; Win64; x64) AppleWebKit/537.36 (KHTML, like Gecko) Chrome/142.0.0.0 Safari/537.36"
217.113.194.116 - - [30/Nov/2025:12:13:17 +0000] "GET /shop/?per_page=9&filter_cat=121%2C112%2C116%2C122&column=3&filter_campaign=50 HTTP/2" 404 12027 "-" "Mozilla/5.0 (compatible; Barkrowler/0.9; +https://babbar.tech/crawler)"
118.179.97.190 - - [30/Nov/2025:12:13:18 +0000] "POST /wp-admin/admin-ajax.php HTTP/2" 200 73 "https://alkhidmahnaturalcare.com/wp-admin/options-general.php?page=updraftplus" "Mozilla/5.0 (Windows NT 10.0; Win64; x64) AppleWebKit/537.36 (KHTML, like Gecko) Chrome/142.0.0.0 Safari/537.36"
118.179.97.190 - - [30/Nov/2025:12:13:22 +0000] "POST /wp-admin/admin-ajax.php HTTP/2" 200 73 "https://alkhidmahnaturalcare.com/wp-admin/options-general.php?page=updraftplus" "Mozilla/5.0 (Windows NT 10.0; Win64; x64) AppleWebKit/537.36 (KHTML, like Gecko) Chrome/142.0.0.0 Safari/537.36"
118.179.97.190 - - [30/Nov/2025:12:13:26 +0000] "POST /wp-admin/admin-ajax.php HTTP/2" 200 73 "https://alkhidmahnaturalcare.com/wp-admin/options-general.php?page=updraftplus" "Mozilla/5.0 (Windows NT 10.0; Win64; x64) AppleWebKit/537.36 (KHTML, like Gecko) Chrome/142.0.0.0 Safari/537.36"
118.179.97.190 - - [30/Nov/2025:12:13:29 +0000] "POST /wp-admin/admin-ajax.php HTTP/2" 200 73 "https://alkhidmahnaturalcare.com/wp-admin/options-general.php?page=updraftplus" "Mozilla/5.0 (Windows NT 10.0; Win64; x64) AppleWebKit/537.36 (KHTML, like Gecko) Chrome/142.0.0.0 Safari/537.36"
217.113.194.112 - - [30/Nov/2025:12:13:33 +0000] "GET /shop/page/2/?column=5&filter_cat=15%2C117%2C115%2C121%2C113&per_page=9 HTTP/2" 404 12027 "-" "Mozilla/5.0 (compatible; Barkrowler/0.9; +https://babbar.tech/crawler)"
66.249.70.164 - - [30/Nov/2025:12:13:35 +0000] "GET /?_g=2538244 HTTP/2" 200 10744 "-" "Mozilla/5.0 (Linux; Android 6.0.1; Nexus 5X Build/MMB29P) AppleWebKit/537.36 (KHTML, like Gecko) Chrome/141.0.7390.122 Mobile Safari/537.36 (compatible; Googlebot/2.1; +http://www.google.com/bot.html)"
118.179.97.190 - - [30/Nov/2025:12:13:33 +0000] "POST /wp-admin/admin-ajax.php HTTP/2" 200 73 "https://alkhidmahnaturalcare.com/wp-admin/options-general.php?page=updraftplus" "Mozilla/5.0 (Windows NT 10.0; Win64; x64) AppleWebKit/537.36 (KHTML, like Gecko) Chrome/142.0.0.0 Safari/537.36"
118.179.97.190 - - [30/Nov/2025:12:13:36 +0000] "POST /wp-admin/admin-ajax.php HTTP/2" 200 73 "https://alkhidmahnaturalcare.com/wp-admin/options-general.php?page=updraftplus" "Mozilla/5.0 (Windows NT 10.0; Win64; x64) AppleWebKit/537.36 (KHTML, like Gecko) Chrome/142.0.0.0 Safari/537.36"
118.179.97.190 - - [30/Nov/2025:12:13:40 +0000] "POST /wp-admin/admin-ajax.php HTTP/2" 200 73 "https://alkhidmahnaturalcare.com/wp-admin/options-general.php?page=updraftplus" "Mozilla/5.0 (Windows NT 10.0; Win64; x64) AppleWebKit/537.36 (KHTML, like Gecko) Chrome/142.0.0.0 Safari/537.36"
118.179.97.190 - - [30/Nov/2025:12:13:43 +0000] "POST /wp-admin/admin-ajax.php HTTP/2" 200 73 "https://alkhidmahnaturalcare.com/wp-admin/options-general.php?page=updraftplus" "Mozilla/5.0 (Windows NT 10.0; Win64; x64) AppleWebKit/537.36 (KHTML, like Gecko) Chrome/142.0.0.0 Safari/537.36"
217.113.194.112 - - [30/Nov/2025:12:13:49 +0000] "GET /shop/page/2/?column=5&filter_cat=121%2C15%2C122%2C114%2C112&per_page=24 HTTP/2" 404 12027 "-" "Mozilla/5.0 (compatible; Barkrowler/0.9; +https://babbar.tech/crawler)"
118.179.97.190 - - [30/Nov/2025:12:13:47 +0000] "POST /wp-admin/admin-ajax.php HTTP/2" 200 73 "https://alkhidmahnaturalcare.com/wp-admin/options-general.php?page=updraftplus" "Mozilla/5.0 (Windows NT 10.0; Win64; x64) AppleWebKit/537.36 (KHTML, like Gecko) Chrome/142.0.0.0 Safari/537.36"
118.179.97.190 - - [30/Nov/2025:12:13:52 +0000] "GET /wp-admin/admin-ajax.php?action=updraft_ajax&subaction=activejobs_list&nonce=265478ad05&downloaders= HTTP/2" 200 117 "https://alkhidmahnaturalcare.com/wp-admin/options-general.php?page=updraftplus" "Mozilla/5.0 (Windows NT 10.0; Win64; x64) AppleWebKit/537.36 (KHTML, like Gecko) Chrome/142.0.0.0 Safari/537.36"
118.179.97.190 - - [30/Nov/2025:12:13:50 +0000] "POST /wp-admin/admin-ajax.php HTTP/2" 200 73 "https://alkhidmahnaturalcare.com/wp-admin/options-general.php?page=updraftplus" "Mozilla/5.0 (Windows NT 10.0; Win64; x64) AppleWebKit/537.36 (KHTML, like Gecko) Chrome/142.0.0.0 Safari/537.36"
118.179.97.190 - - [30/Nov/2025:12:13:55 +0000] "GET /wp-admin/admin-ajax.php?action=updraft_ajax&subaction=activejobs_list&nonce=265478ad05&downloaders= HTTP/2" 200 117 "https://alkhidmahnaturalcare.com/wp-admin/options-general.php?page=updraftplus" "Mozilla/5.0 (Windows NT 10.0; Win64; x64) AppleWebKit/537.36 (KHTML, like Gecko) Chrome/142.0.0.0 Safari/537.36"
118.179.97.190 - - [30/Nov/2025:12:13:53 +0000] "POST /wp-admin/admin-ajax.php HTTP/2" 200 73 "https://alkhidmahnaturalcare.com/wp-admin/options-general.php?page=updraftplus" "Mozilla/5.0 (Windows NT 10.0; Win64; x64) AppleWebKit/537.36 (KHTML, like Gecko) Chrome/142.0.0.0 Safari/537.36"
118.179.97.190 - - [30/Nov/2025:12:13:57 +0000] "POST /wp-admin/admin-ajax.php HTTP/2" 200 73 "https://alkhidmahnaturalcare.com/wp-admin/options-general.php?page=updraftplus" "Mozilla/5.0 (Windows NT 10.0; Win64; x64) AppleWebKit/537.36 (KHTML, like Gecko) Chrome/142.0.0.0 Safari/537.36"
118.179.97.190 - - [30/Nov/2025:12:14:01 +0000] "POST /wp-admin/admin-ajax.php HTTP/2" 200 73 "https://alkhidmahnaturalcare.com/wp-admin/options-general.php?page=updraftplus" "Mozilla/5.0 (Windows NT 10.0; Win64; x64) AppleWebKit/537.36 (KHTML, like Gecko) Chrome/142.0.0.0 Safari/537.36"
217.113.194.226 - - [30/Nov/2025:12:14:04 +0000] "GET /shop/page/2/?column=4&filter_cat=115%2C117%2C113%2C122%2C114&per_page=18 HTTP/2" 404 12027 "-" "Mozilla/5.0 (compatible; Barkrowler/0.9; +https://babbar.tech/crawler)"
118.179.97.190 - - [30/Nov/2025:12:14:05 +0000] "POST /wp-admin/admin-ajax.php HTTP/2" 200 73 "https://alkhidmahnaturalcare.com/wp-admin/options-general.php?page=updraftplus" "Mozilla/5.0 (Windows NT 10.0; Win64; x64) AppleWebKit/537.36 (KHTML, like Gecko) Chrome/142.0.0.0 Safari/537.36"
118.179.97.190 - - [30/Nov/2025:12:14:09 +0000] "POST /wp-admin/admin-ajax.php HTTP/2" 200 73 "https://alkhidmahnaturalcare.com/wp-admin/options-general.php?page=updraftplus" "Mozilla/5.0 (Windows NT 10.0; Win64; x64) AppleWebKit/537.36 (KHTML, like Gecko) Chrome/142.0.0.0 Safari/537.36"
118.179.97.190 - - [30/Nov/2025:12:14:12 +0000] "POST /wp-admin/admin-ajax.php HTTP/2" 200 73 "https://alkhidmahnaturalcare.com/wp-admin/options-general.php?page=updraftplus" "Mozilla/5.0 (Windows NT 10.0; Win64; x64) AppleWebKit/537.36 (KHTML, like Gecko) Chrome/142.0.0.0 Safari/537.36"
118.179.97.190 - - [30/Nov/2025:12:14:15 +0000] "POST /wp-admin/admin-ajax.php HTTP/2" 200 1357 "https://alkhidmahnaturalcare.com/wp-admin/options-general.php?page=updraftplus" "Mozilla/5.0 (Windows NT 10.0; Win64; x64) AppleWebKit/537.36 (KHTML, like Gecko) Chrome/142.0.0.0 Safari/537.36"
118.179.97.190 - - [30/Nov/2025:12:14:17 +0000] "POST /wp-admin/admin-ajax.php HTTP/2" 200 193 "https://alkhidmahnaturalcare.com/wp-admin/options-general.php?page=updraftplus" "Mozilla/5.0 (Windows NT 10.0; Win64; x64) AppleWebKit/537.36 (KHTML, like Gecko) Chrome/142.0.0.0 Safari/537.36"
118.179.97.190 - - [30/Nov/2025:12:14:16 +0000] "POST /wp-admin/admin-ajax.php HTTP/2" 200 73 "https://alkhidmahnaturalcare.com/wp-admin/options-general.php?page=updraftplus" "Mozilla/5.0 (Windows NT 10.0; Win64; x64) AppleWebKit/537.36 (KHTML, like Gecko) Chrome/142.0.0.0 Safari/537.36"
217.113.194.113 - - [30/Nov/2025:12:14:20 +0000] "GET /shop/page/4/?column=5&filter_cat=117%2C122%2C121%2C112%2C113&per_page=9 HTTP/2" 404 12027 "-" "Mozilla/5.0 (compatible; Barkrowler/0.9; +https://babbar.tech/crawler)"
118.179.97.190 - - [30/Nov/2025:12:14:20 +0000] "POST /wp-admin/admin-ajax.php HTTP/2" 200 73 "https://alkhidmahnaturalcare.com/wp-admin/options-general.php?page=updraftplus" "Mozilla/5.0 (Windows NT 10.0; Win64; x64) AppleWebKit/537.36 (KHTML, like Gecko) Chrome/142.0.0.0 Safari/537.36"
118.179.97.190 - - [30/Nov/2025:12:14:23 +0000] "POST /wp-admin/admin-ajax.php HTTP/2" 200 73 "https://alkhidmahnaturalcare.com/wp-admin/options-general.php?page=updraftplus" "Mozilla/5.0 (Windows NT 10.0; Win64; x64) AppleWebKit/537.36 (KHTML, like Gecko) Chrome/142.0.0.0 Safari/537.36"
118.179.97.190 - - [30/Nov/2025:12:14:27 +0000] "POST /wp-admin/admin-ajax.php HTTP/2" 200 73 "https://alkhidmahnaturalcare.com/wp-admin/options-general.php?page=updraftplus" "Mozilla/5.0 (Windows NT 10.0; Win64; x64) AppleWebKit/537.36 (KHTML, like Gecko) Chrome/142.0.0.0 Safari/537.36"
118.179.97.190 - - [30/Nov/2025:12:14:30 +0000] "POST /wp-admin/admin-ajax.php HTTP/2" 200 73 "https://alkhidmahnaturalcare.com/wp-admin/options-general.php?page=updraftplus" "Mozilla/5.0 (Windows NT 10.0; Win64; x64) AppleWebKit/537.36 (KHTML, like Gecko) Chrome/142.0.0.0 Safari/537.36"
217.113.194.119 - - [30/Nov/2025:12:14:36 +0000] "GET /shop/page/3/?per_page=24&filter_cat=117%2C112%2C114%2C116%2C121&column=2 HTTP/2" 404 12001 "-" "Mozilla/5.0 (compatible; Barkrowler/0.9; +https://babbar.tech/crawler)"
118.179.97.190 - - [30/Nov/2025:12:14:34 +0000] "POST /wp-admin/admin-ajax.php HTTP/2" 200 73 "https://alkhidmahnaturalcare.com/wp-admin/options-general.php?page=updraftplus" "Mozilla/5.0 (Windows NT 10.0; Win64; x64) AppleWebKit/537.36 (KHTML, like Gecko) Chrome/142.0.0.0 Safari/537.36"
118.179.97.190 - - [30/Nov/2025:12:14:38 +0000] "POST /wp-admin/admin-ajax.php HTTP/2" 200 73 "https://alkhidmahnaturalcare.com/wp-admin/options-general.php?page=updraftplus" "Mozilla/5.0 (Windows NT 10.0; Win64; x64) AppleWebKit/537.36 (KHTML, like Gecko) Chrome/142.0.0.0 Safari/537.36"
118.179.97.190 - - [30/Nov/2025:12:14:42 +0000] "POST /wp-admin/admin-ajax.php HTTP/2" 200 73 "https://alkhidmahnaturalcare.com/wp-admin/options-general.php?page=updraftplus" "Mozilla/5.0 (Windows NT 10.0; Win64; x64) AppleWebKit/537.36 (KHTML, like Gecko) Chrome/142.0.0.0 Safari/537.36"
118.179.97.190 - - [30/Nov/2025:12:14:45 +0000] "POST /wp-admin/admin-ajax.php HTTP/2" 200 73 "https://alkhidmahnaturalcare.com/wp-admin/options-general.php?page=updraftplus" "Mozilla/5.0 (Windows NT 10.0; Win64; x64) AppleWebKit/537.36 (KHTML, like Gecko) Chrome/142.0.0.0 Safari/537.36"
154.54.249.204 - - [30/Nov/2025:12:14:51 +0000] "GET /shop/page/18/?column=4&filter_cat=113%2C114%2C121%2C116%2C122&per_page=9 HTTP/2" 404 12033 "-" "Mozilla/5.0 (compatible; Barkrowler/0.9; +https://babbar.tech/crawler)"
118.179.97.190 - - [30/Nov/2025:12:14:49 +0000] "POST /wp-admin/admin-ajax.php HTTP/2" 200 73 "https://alkhidmahnaturalcare.com/wp-admin/options-general.php?page=updraftplus" "Mozilla/5.0 (Windows NT 10.0; Win64; x64) AppleWebKit/537.36 (KHTML, like Gecko) Chrome/142.0.0.0 Safari/537.36"
118.179.97.190 - - [30/Nov/2025:12:14:52 +0000] "POST /wp-admin/admin-ajax.php HTTP/2" 200 73 "https://alkhidmahnaturalcare.com/wp-admin/options-general.php?page=updraftplus" "Mozilla/5.0 (Windows NT 10.0; Win64; x64) AppleWebKit/537.36 (KHTML, like Gecko) Chrome/142.0.0.0 Safari/537.36"
118.179.97.190 - - [30/Nov/2025:12:14:56 +0000] "POST /wp-admin/admin-ajax.php HTTP/2" 200 73 "https://alkhidmahnaturalcare.com/wp-admin/options-general.php?page=updraftplus" "Mozilla/5.0 (Windows NT 10.0; Win64; x64) AppleWebKit/537.36 (KHTML, like Gecko) Chrome/142.0.0.0 Safari/537.36"
118.179.97.190 - - [30/Nov/2025:12:14:59 +0000] "POST /wp-admin/admin-ajax.php HTTP/2" 200 73 "https://alkhidmahnaturalcare.com/wp-admin/options-general.php?page=updraftplus" "Mozilla/5.0 (Windows NT 10.0; Win64; x64) AppleWebKit/537.36 (KHTML, like Gecko) Chrome/142.0.0.0 Safari/537.36"
118.179.97.190 - - [30/Nov/2025:12:15:03 +0000] "POST /wp-admin/admin-ajax.php HTTP/2" 200 73 "https://alkhidmahnaturalcare.com/wp-admin/options-general.php?page=updraftplus" "Mozilla/5.0 (Windows NT 10.0; Win64; x64) AppleWebKit/537.36 (KHTML, like Gecko) Chrome/142.0.0.0 Safari/537.36"
